000
CDUS43 KGRB 242233
CLIGRB


CLIMATE REPORT
NATIONAL WEATHER SERVICE GREEN BAY
431 PM CST THU NOV 24 2016


...................................

...THE GREEN BAY WI CLIMATE SUMMARY FOR NOVEMBER 24 2016...
VALID TODAY AS OF 0400 PM LOCAL TIME.

CLIMATE NORMAL PERIOD 1981 TO 2010
CLIMATE RECORD PERIOD 1886 TO 2016


WEATHER ITEM   OBSERVED TIME   RECORD YEAR NORMAL DEPARTURE LAST
                VALUE   (LST)  VALUE       VALUE  FROM      YEAR
                                                  NORMAL
..................................................................
TEMPERATURE (F)
 TODAY
  MAXIMUM         42    114 PM  65    1931  38      4       42
  MINIMUM         38    812 AM  -7    1950  23     15       30
  AVERAGE         40                        30     10       36

PRECIPITATION (IN)
  TODAY            0.03          0.64 1887   0.06  -0.04     0.00
  MONTH TO DATE    0.56                      1.72  -1.16     1.31
  SINCE SEP 1      7.51                      7.20   0.31     9.80
  SINCE JAN 1     29.13                     27.60   1.53    26.00

SNOWFALL (IN)
  TODAY            0.0           6.4  1887   0.2   -0.2      0.0
  MONTH TO DATE    0.9                       2.5   -1.6       T
  SINCE SEP 1      0.9                       2.7   -1.8       T
  SINCE JUL 1      0.9                       2.7   -1.8       T
  SNOW DEPTH       0

DEGREE DAYS
 HEATING
  TODAY           25                        35    -10       29
  MONTH TO DATE  455                       698   -243      507
  SINCE SEP 1    896                      1461   -565     1032
  SINCE JUL 1    909                      1524   -615     1082

 COOLING
  TODAY            0                         0      0        0
  MONTH TO DATE    0                         0      0        0
  SINCE SEP 1     55                        36     19      115
  SINCE JAN 1    577                       398    179      517
..................................................................


WIND (MPH)
  HIGHEST WIND SPEED    13   HIGHEST WIND DIRECTION     N (340)
  HIGHEST GUST SPEED    17   HIGHEST GUST DIRECTION    NW (330)
  AVERAGE WIND SPEED     6.7


SKY COVER
  POSSIBLE SUNSHINE  MM
  AVERAGE SKY COVER 0.9


WEATHER CONDITIONS
 THE FOLLOWING WEATHER WAS RECORDED TODAY.
  LIGHT RAIN
  FOG


RELATIVE HUMIDITY (PERCENT)
 HIGHEST   100           300 AM
 LOWEST     85           400 PM
 AVERAGE    93

..........................................................


THE GREEN BAY WI CLIMATE NORMALS FOR TOMORROW
                         NORMAL    RECORD    YEAR
 MAXIMUM TEMPERATURE (F)   37        59      1908
 MINIMUM TEMPERATURE (F)   23        -7      1950


SUNRISE AND SUNSET
NOVEMBER 24 2016......SUNRISE   701 AM CST   SUNSET   417 PM CST
NOVEMBER 25 2016......SUNRISE   702 AM CST   SUNSET   417 PM CST


-  INDICATES NEGATIVE NUMBERS.
R  INDICATES RECORD WAS SET OR TIED.
MM INDICATES DATA IS MISSING.
T  INDICATES TRACE AMOUNT.




$$
