369
CDUS43 KGRB 120733
CLIGRB

CLIMATE REPORT
NATIONAL WEATHER SERVICE GREEN BAY
131 AM CST THU JAN 12 2017

...................................

...THE GREEN BAY WI CLIMATE SUMMARY FOR JANUARY 11 2017...

CLIMATE NORMAL PERIOD 1981 TO 2010
CLIMATE RECORD PERIOD 1886 TO 2017

WEATHER ITEM   OBSERVED TIME   RECORD YEAR NORMAL DEPARTURE LAST
                VALUE   (LST)  VALUE       VALUE  FROM      YEAR
                                                  NORMAL
..................................................................
TEMPERATURE (F)
 YESTERDAY
  MAXIMUM         21   1243 PM  51    2012  24     -3        8
  MINIMUM         13    506 AM -25    1979   9      4       -6
  AVERAGE         17                        16      1        1

PRECIPITATION (IN)
  YESTERDAY        0.04          0.52 1890   0.04   0.00     0.03
  MONTH TO DATE    1.03                      0.43   0.60     0.75
  SINCE DEC 1      3.28                      1.94   1.34     6.46
  SINCE JAN 1      1.03                      0.43   0.60     0.75

SNOWFALL (IN)
  YESTERDAY        1.2           5.2  1890   0.4    0.8      0.9
  MONTH TO DATE    6.2                       4.4    1.8      2.2
  SINCE DEC 1     29.3                      17.5   11.8     15.9
  SINCE JUL 1     30.2                      21.7    8.5     16.1
  SNOW DEPTH       5

DEGREE DAYS
 HEATING
  YESTERDAY       48                        49     -1       64
  MONTH TO DATE  541                       529     12      479
  SINCE DEC 1   1792                      1879    -87     1417
  SINCE JUL 1   2854                      3619   -765     2689

COOLING
  YESTERDAY        0                         0      0        0
  MONTH TO DATE    0                         0      0        0
  SINCE DEC 1      0                         0      0        0
  SINCE JAN 1      0                         0      0        0
..................................................................

WIND (MPH)
  HIGHEST WIND SPEED    28   HIGHEST WIND DIRECTION     W (260)
  HIGHEST GUST SPEED    39   HIGHEST GUST DIRECTION     W (260)
  AVERAGE WIND SPEED    10.3

SKY COVER
  POSSIBLE SUNSHINE  MM
  AVERAGE SKY COVER 0.7

WEATHER CONDITIONS
 THE FOLLOWING WEATHER WAS RECORDED YESTERDAY.
  LIGHT SNOW
  FOG

RELATIVE HUMIDITY (PERCENT)
 HIGHEST    76           200 AM
 LOWEST     67           300 PM
 AVERAGE    72
..........................................................

THE GREEN BAY WI CLIMATE NORMALS FOR TODAY
                         NORMAL    RECORD    YEAR
 MAXIMUM TEMPERATURE (F)   24        48      1928
 MINIMUM TEMPERATURE (F)    9       -25      1912

SUNRISE AND SUNSET
JANUARY 12 2017.......SUNRISE   727 AM CST   SUNSET   435 PM CST
JANUARY 13 2017.......SUNRISE   726 AM CST   SUNSET   437 PM CST

-  INDICATES NEGATIVE NUMBERS.
R  INDICATES RECORD WAS SET OR TIED.
MM INDICATES DATA IS MISSING.
T  INDICATES TRACE AMOUNT.

$$
