000
CDUS43 KGRB 200646
CLIGRB

CLIMATE REPORT
NATIONAL WEATHER SERVICE GREEN BAY
1243 AM CST FRI FEB 20 2015

...................................

...THE GREEN BAY WI CLIMATE SUMMARY FOR FEBRUARY 19 2015...

CLIMATE NORMAL PERIOD 1981 TO 2010
CLIMATE RECORD PERIOD 1886 TO 2015


WEATHER ITEM   OBSERVED TIME   RECORD YEAR NORMAL DEPARTURE LAST
                VALUE   (LST)  VALUE       VALUE  FROM      YEAR
                                                  NORMAL
..................................................................
TEMPERATURE (F)
 YESTERDAY
  MAXIMUM          6    335 PM  55    1981  29    -23       41
  MINIMUM        -13    706 AM -17    1936  13    -26       20
  AVERAGE         -3                        21    -24       31

PRECIPITATION (IN)
  YESTERDAY        0.00          0.81 1971   0.04  -0.04      T
  MONTH TO DATE    0.26                      0.68  -0.42     0.77
  SINCE DEC 1      2.50                      3.32  -0.82     3.99
  SINCE JAN 1      0.82                      1.81  -0.99     2.10

SNOWFALL (IN)
  YESTERDAY        0.0           4.0  1890   0.4   -0.4       T
  MONTH TO DATE    4.4                       6.8   -2.4     13.7
  SINCE DEC 1     16.7                      32.9  -16.2     57.1
  SINCE JUL 1     24.9                      37.1  -12.2     58.3
  SNOW DEPTH       5

DEGREE DAYS
 HEATING
  YESTERDAY       68                        44     24       34
  MONTH TO DATE 1024                       874    150     1103
  SINCE DEC 1   3694                      3723    -29     4385
  SINCE JUL 1   5531                      5463     68     5996

COOLING
  YESTERDAY        0                         0      0        0
  MONTH TO DATE    0                         0      0        0
  SINCE DEC 1      0                         0      0        0
  SINCE JAN 1      0                         0      0        0
..................................................................

WIND (MPH)
  HIGHEST WIND SPEED    15   HIGHEST WIND DIRECTION     W (270)
  HIGHEST GUST SPEED    19   HIGHEST GUST DIRECTION    NW (300)
  AVERAGE WIND SPEED     8.8

SKY COVER
  POSSIBLE SUNSHINE  MM
  AVERAGE SKY COVER 0.0

WEATHER CONDITIONS
 THE FOLLOWING WEATHER WAS RECORDED YESTERDAY.
  NO SIGNIFICANT WEATHER WAS OBSERVED.

RELATIVE HUMIDITY (PERCENT)
 HIGHEST    70           700 AM
 LOWEST     49           400 PM
 AVERAGE    60
..........................................................

THE GREEN BAY WI CLIMATE NORMALS FOR TODAY
                         NORMAL    RECORD    YEAR
 MAXIMUM TEMPERATURE (F)   30        54      1930
 MINIMUM TEMPERATURE (F)   14       -24      1929

SUNRISE AND SUNSET
FEBRUARY 20 2015......SUNRISE   645 AM CST   SUNSET   528 PM CST
FEBRUARY 21 2015......SUNRISE   644 AM CST   SUNSET   529 PM CST

-  INDICATES NEGATIVE NUMBERS.
R  INDICATES RECORD WAS SET OR TIED.
MM INDICATES DATA IS MISSING.
T  INDICATES TRACE AMOUNT.

$$
