000
CDUS43 KGRB 090752
CLIGRB


CLIMATE REPORT
NATIONAL WEATHER SERVICE GREEN BAY
243 AM CDT TUE AUG 9 2016


...................................

...THE GREEN BAY WI CLIMATE SUMMARY FOR AUGUST 8 2016...

CLIMATE NORMAL PERIOD 1981 TO 2010
CLIMATE RECORD PERIOD 1886 TO 2016


WEATHER ITEM   OBSERVED TIME   RECORD YEAR NORMAL DEPARTURE LAST
                VALUE   (LST)  VALUE       VALUE  FROM      YEAR
                                                  NORMAL
..................................................................
TEMPERATURE (F)
 YESTERDAY
  MAXIMUM         81    203 PM  98    1891  79      2       74
  MINIMUM         53    518 AM  45    1904  58     -5       63
  AVERAGE         67                        68     -1       69

PRECIPITATION (IN)
  YESTERDAY        0.00          0.98 1950   0.12  -0.12      T
  MONTH TO DATE    T                         0.89  -0.89     1.88
  SINCE JUN 1      7.66                      8.27  -0.61     6.92
  SINCE JAN 1     18.84                     17.92   0.92    13.86

SNOWFALL (IN)
  YESTERDAY        0.0           0.0    MM   0.0    0.0      0.0
  MONTH TO DATE    0.0                       0.0    0.0      0.0
  SINCE JUN 1      0.0                       0.0    0.0      0.0
  SINCE JUL 1      0.0                       0.0    0.0      0.0
  SNOW DEPTH       0

DEGREE DAYS
 HEATING
  YESTERDAY        0                         1     -1        0
  MONTH TO DATE    0                         8     -8        0
  SINCE JUN 1     31                       123    -92       72
  SINCE JUL 1      6                        31    -25       19

 COOLING
  YESTERDAY        2                         4     -2        4
  MONTH TO DATE   51                        33     18       30
  SINCE JUN 1    349                       266     83      273
  SINCE JAN 1    382                       284     98      301
..................................................................


WIND (MPH)
  HIGHEST WIND SPEED    14   HIGHEST WIND DIRECTION    SE (150)
  HIGHEST GUST SPEED    17   HIGHEST GUST DIRECTION    SE (150)
  AVERAGE WIND SPEED     4.5


SKY COVER
  POSSIBLE SUNSHINE  MM
  AVERAGE SKY COVER 0.1


WEATHER CONDITIONS
 THE FOLLOWING WEATHER WAS RECORDED YESTERDAY.
  FOG


RELATIVE HUMIDITY (PERCENT)
 HIGHEST   100          1200 AM
 LOWEST     45           200 PM
 AVERAGE    73

..........................................................


THE GREEN BAY WI CLIMATE NORMALS FOR TODAY
                         NORMAL    RECORD    YEAR
 MAXIMUM TEMPERATURE (F)   79        94      1934
                                             1900
 MINIMUM TEMPERATURE (F)   58        41      1964


SUNRISE AND SUNSET
AUGUST  9 2016........SUNRISE   549 AM CDT   SUNSET   806 PM CDT
AUGUST 10 2016........SUNRISE   550 AM CDT   SUNSET   805 PM CDT


-  INDICATES NEGATIVE NUMBERS.
R  INDICATES RECORD WAS SET OR TIED.
MM INDICATES DATA IS MISSING.
T  INDICATES TRACE AMOUNT.




$$
