000
CDUS43 KGRB 200758
CLIGRB


CLIMATE REPORT
NATIONAL WEATHER SERVICE GREEN BAY
257 AM CDT SAT JUN 20 2015


...................................

...THE GREEN BAY WI CLIMATE SUMMARY FOR JUNE 19 2015...

CLIMATE NORMAL PERIOD 1981 TO 2010
CLIMATE RECORD PERIOD 1886 TO 2015


WEATHER ITEM   OBSERVED TIME   RECORD YEAR NORMAL DEPARTURE LAST
                VALUE   (LST)  VALUE       VALUE  FROM      YEAR
                                                  NORMAL
..................................................................
TEMPERATURE (F)
 YESTERDAY
  MAXIMUM         72    429 PM  95    1995  77     -5       74
  MINIMUM         47    431 AM  43    1970  55     -8       62
                                      1958
  AVERAGE         60                        66     -6       68

PRECIPITATION (IN)
  YESTERDAY        0.00          1.20 1961   0.13  -0.13      T
  MONTH TO DATE    2.10                      2.48  -0.38     3.26
  SINCE JUN 1      2.10                      2.48  -0.38     3.26
  SINCE JAN 1      9.04                     12.13  -3.09    13.92

SNOWFALL (IN)
  YESTERDAY        0.0           0.0    MM   0.0    0.0      0.0
  MONTH TO DATE    0.0                       0.0    0.0      0.0
  SINCE JUN 1      0.0                       0.0    0.0      0.0
  SINCE JUL 1     32.7                      51.4  -18.7     72.1
  SNOW DEPTH       0

DEGREE DAYS
 HEATING
  YESTERDAY        5                         2      3        0
  MONTH TO DATE   46                        74    -28       22
  SINCE JUN 1     46                        74    -28       22
  SINCE JUL 1   7826                      7937   -111     8762

 COOLING
  YESTERDAY        0                         3     -3        3
  MONTH TO DATE   34                        39     -5       54
  SINCE JUN 1     34                        39     -5       54
  SINCE JAN 1     62                        57      5       70
..................................................................


WIND (MPH)
  HIGHEST WIND SPEED    13   HIGHEST WIND DIRECTION    SE (120)
  HIGHEST GUST SPEED    15   HIGHEST GUST DIRECTION    SE (150)
  AVERAGE WIND SPEED     4.6


SKY COVER
  POSSIBLE SUNSHINE  MM
  AVERAGE SKY COVER 0.0


WEATHER CONDITIONS
 THE FOLLOWING WEATHER WAS RECORDED YESTERDAY.
  NO SIGNIFICANT WEATHER WAS OBSERVED.


RELATIVE HUMIDITY (PERCENT)
 HIGHEST    86           300 AM
 LOWEST     35           300 PM
 AVERAGE    61

..........................................................


THE GREEN BAY WI CLIMATE NORMALS FOR TODAY
                         NORMAL    RECORD    YEAR
 MAXIMUM TEMPERATURE (F)   77        98      1988
                                             1933
 MINIMUM TEMPERATURE (F)   56        41      1992
                                             1969


SUNRISE AND SUNSET
JUNE 20 2015..........SUNRISE   508 AM CDT   SUNSET   841 PM CDT
JUNE 21 2015..........SUNRISE   508 AM CDT   SUNSET   841 PM CDT


-  INDICATES NEGATIVE NUMBERS.
R  INDICATES RECORD WAS SET OR TIED.
MM INDICATES DATA IS MISSING.
T  INDICATES TRACE AMOUNT.




$$
