500
CDUS43 KGRB 180707
CLIGRB


CLIMATE REPORT
NATIONAL WEATHER SERVICE GREEN BAY
204 AM CDT SUN JUN 18 2017


...................................

...THE GREEN BAY WI CLIMATE SUMMARY FOR JUNE 17 2017...

CLIMATE NORMAL PERIOD 1981 TO 2010
CLIMATE RECORD PERIOD 1886 TO 2017


WEATHER ITEM   OBSERVED TIME   RECORD YEAR NORMAL DEPARTURE LAST
                VALUE   (LST)  VALUE       VALUE  FROM      YEAR
                                                  NORMAL
..................................................................
TEMPERATURE (F)
 YESTERDAY
  MAXIMUM         85    258 PM  94    1994  76      9       85
  MINIMUM         65    408 AM  37    1958  55     10       55
  AVERAGE         75                        65     10       70

PRECIPITATION (IN)
  YESTERDAY        T             3.43 1894   0.13  -0.13     0.00
  MONTH TO DATE    1.85                      2.23  -0.38     3.28
  SINCE JUN 1      1.85                      2.23  -0.38     3.28
  SINCE JAN 1     14.85                     11.88   2.97    14.46

SNOWFALL (IN)
  YESTERDAY        0.0           0.0    MM   0.0    0.0      0.0
  MONTH TO DATE    0.0                       0.0    0.0      0.0
  SINCE JUN 1      0.0                       0.0    0.0      0.0
  SINCE JUL 1     53.2                      51.4    1.8     50.0
  SNOW DEPTH       0

DEGREE DAYS
 HEATING
  YESTERDAY        0                         3     -3        0
  MONTH TO DATE    7                        70    -63       25
  SINCE JUN 1      7                        70    -63       25
  SINCE JUL 1   6394                      7933  -1539     6622

 COOLING
  YESTERDAY       10                         3      7        5
  MONTH TO DATE   94                        33     61       34
  SINCE JUN 1     94                        33     61       34
  SINCE JAN 1    102                        51     51       67
..................................................................


WIND (MPH)
  HIGHEST WIND SPEED    14   HIGHEST WIND DIRECTION     W (250)
  HIGHEST GUST SPEED    18   HIGHEST GUST DIRECTION     W (260)
  AVERAGE WIND SPEED     4.7


SKY COVER
  POSSIBLE SUNSHINE  MM
  AVERAGE SKY COVER 0.4


WEATHER CONDITIONS
 THE FOLLOWING WEATHER WAS RECORDED YESTERDAY.
  THUNDERSTORM
  LIGHT RAIN


RELATIVE HUMIDITY (PERCENT)
 HIGHEST   100           100 AM
 LOWEST     47           400 PM
 AVERAGE    74

..........................................................


THE GREEN BAY WI CLIMATE NORMALS FOR TODAY
                         NORMAL    RECORD    YEAR
 MAXIMUM TEMPERATURE (F)   76        96      1995
 MINIMUM TEMPERATURE (F)   55        40      1958


SUNRISE AND SUNSET
JUNE 18 2017..........SUNRISE   507 AM CDT   SUNSET   840 PM CDT
JUNE 19 2017..........SUNRISE   508 AM CDT   SUNSET   840 PM CDT


-  INDICATES NEGATIVE NUMBERS.
R  INDICATES RECORD WAS SET OR TIED.
MM INDICATES DATA IS MISSING.
T  INDICATES TRACE AMOUNT.




$$
