000
CDUS43 KGRB 230736
CLIGRB


CLIMATE REPORT
NATIONAL WEATHER SERVICE GREEN BAY
234 AM CDT WED APR 23 2014


...................................

...THE GREEN BAY WI CLIMATE SUMMARY FOR APRIL 22 2014...

CLIMATE NORMAL PERIOD 1981 TO 2010
CLIMATE RECORD PERIOD 1886 TO 2014


WEATHER ITEM   OBSERVED TIME   RECORD YEAR NORMAL DEPARTURE LAST
                VALUE   (LST)  VALUE       VALUE  FROM      YEAR
                                                  NORMAL
..................................................................
TEMPERATURE (F)
 YESTERDAY
  MAXIMUM         50    418 PM  89    1980  57     -7       57
  MINIMUM         33   1159 PM  24    1986  36     -3       41
                                      1956
  AVERAGE         42                        47     -5       49

PRECIPITATION (IN)
  YESTERDAY        0.00          1.20 1921   0.09  -0.09     0.04
  MONTH TO DATE    2.67                      1.91   0.76     3.24
  SINCE MAR 1      3.58                      3.76  -0.18     5.25
  SINCE JAN 1      6.37                      6.00   0.37     9.91

SNOWFALL (IN)
  YESTERDAY        0.0           2.9  1963   0.1   -0.1      0.0
  MONTH TO DATE    3.7                       2.6    1.1      7.8
  SINCE MAR 1      9.8                      10.7   -0.9     16.2
  SINCE JUL 1     72.1                      50.9   21.2     74.2
  SNOW DEPTH       0

DEGREE DAYS
 HEATING
  YESTERDAY       23                        19      4       16
  MONTH TO DATE  522                       503     19      614
  SINCE MAR 1   1816                      1563    253     1802
  SINCE JUL 1   8297                      7403    894     7245

 COOLING
  YESTERDAY        0                         0      0        0
  MONTH TO DATE    0                         0      0        0
  SINCE MAR 1      0                         0      0        0
  SINCE JAN 1      0                         0      0        0
..................................................................


WIND (MPH)
  HIGHEST WIND SPEED    25   HIGHEST WIND DIRECTION     N (10)
  HIGHEST GUST SPEED    32   HIGHEST GUST DIRECTION     N (350)
  AVERAGE WIND SPEED    13.8


SKY COVER
  POSSIBLE SUNSHINE  MM
  AVERAGE SKY COVER 0.2


WEATHER CONDITIONS
 THE FOLLOWING WEATHER WAS RECORDED YESTERDAY.
  NO SIGNIFICANT WEATHER WAS OBSERVED.


RELATIVE HUMIDITY (PERCENT)
 HIGHEST    76           400 AM
 LOWEST     49           600 PM
 AVERAGE    63

..........................................................


THE GREEN BAY WI CLIMATE NORMALS FOR TODAY
                         NORMAL    RECORD    YEAR
 MAXIMUM TEMPERATURE (F)   58        82      1925
 MINIMUM TEMPERATURE (F)   37        18      1956


SUNRISE AND SUNSET
APRIL 23 2014.........SUNRISE   555 AM CDT   SUNSET   747 PM CDT
APRIL 24 2014.........SUNRISE   554 AM CDT   SUNSET   748 PM CDT


-  INDICATES NEGATIVE NUMBERS.
R  INDICATES RECORD WAS SET OR TIED.
MM INDICATES DATA IS MISSING.
T  INDICATES TRACE AMOUNT.

$$
