000
CDUS43 KGRB 030727
CLIGRB

CLIMATE REPORT
NATIONAL WEATHER SERVICE GREEN BAY
222 AM CDT THU SEP 3 2015

...................................

...THE GREEN BAY WI CLIMATE SUMMARY FOR SEPTEMBER 2 2015...

CLIMATE NORMAL PERIOD 1981 TO 2010
CLIMATE RECORD PERIOD 1886 TO 2015

WEATHER ITEM   OBSERVED TIME   RECORD YEAR NORMAL DEPARTURE LAST
                VALUE   (LST)  VALUE       VALUE  FROM      YEAR
                                                  NORMAL
..................................................................
TEMPERATURE (F)
 YESTERDAY
  MAXIMUM         88   1228 PM  94    1953  75     13       77
                                      1937
                                      1913
  MINIMUM         68    515 AM  38    1976  54     14       54
  AVERAGE         78                        64     14       66

PRECIPITATION (IN)
  YESTERDAY        0.05          1.38 1900   0.11  -0.06      T
  MONTH TO DATE    0.05                      0.21  -0.16     0.27
  SINCE SEP 1      0.05                      0.21  -0.16     0.27
  SINCE JAN 1     16.25                     20.61  -4.36    20.99

SNOWFALL (IN)
  YESTERDAY        0.0           0.0    MM   0.0    0.0      0.0
  MONTH TO DATE    0.0                       0.0    0.0      0.0
  SINCE SEP 1      0.0                       0.0    0.0      0.0
  SINCE JUL 1      0.0                       0.0    0.0      0.0
  SNOW DEPTH       0

DEGREE DAYS
 HEATING
  YESTERDAY        0                         3     -3        0
  MONTH TO DATE    0                         6     -6        0
  SINCE SEP 1      0                         6     -6        0
  SINCE JUL 1     50                        69    -19       29

COOLING
  YESTERDAY       13                         2     11        1
  MONTH TO DATE   25                         4     21        4
  SINCE SEP 1     25                         4     21        4
  SINCE JAN 1    427                       366     61      347
..................................................................

WIND (MPH)
  HIGHEST WIND SPEED    14   HIGHEST WIND DIRECTION     N (10)
  HIGHEST GUST SPEED    17   HIGHEST GUST DIRECTION     S (190)
  AVERAGE WIND SPEED     4.5

SKY COVER
  POSSIBLE SUNSHINE  MM
  AVERAGE SKY COVER 0.2

WEATHER CONDITIONS
 THE FOLLOWING WEATHER WAS RECORDED YESTERDAY.
  THUNDERSTORM
  RAIN
  LIGHT RAIN
  FOG
  FOG W/VISIBILITY <= 1/4 MILE
  HAZE

RELATIVE HUMIDITY (PERCENT)
 HIGHEST   100           200 AM
 LOWEST     55           300 PM
 AVERAGE    78
..........................................................

THE GREEN BAY WI CLIMATE NORMALS FOR TODAY
                         NORMAL    RECORD    YEAR
 MAXIMUM TEMPERATURE (F)   75        92      1929
 MINIMUM TEMPERATURE (F)   53        36      1946


SUNRISE AND SUNSET
SEPTEMBER  3 2015.....SUNRISE   617 AM CDT   SUNSET   726 PM CDT
SEPTEMBER  4 2015.....SUNRISE   618 AM CDT   SUNSET   724 PM CDT

-  INDICATES NEGATIVE NUMBERS.
R  INDICATES RECORD WAS SET OR TIED.
MM INDICATES DATA IS MISSING.
T  INDICATES TRACE AMOUNT.

$$
