750
CDUS43 KGRB 262155
CLIGRB


CLIMATE REPORT
NATIONAL WEATHER SERVICE GREEN BAY
454 PM CDT WED APR 26 2017


...................................

...THE GREEN BAY WI CLIMATE SUMMARY FOR APRIL 26 2017...
VALID TODAY AS OF 0400 PM LOCAL TIME.

CLIMATE NORMAL PERIOD 1981 TO 2010
CLIMATE RECORD PERIOD 1886 TO 2017


WEATHER ITEM   OBSERVED TIME   RECORD YEAR NORMAL DEPARTURE LAST
                VALUE   (LST)  VALUE       VALUE  FROM      YEAR
                                                  NORMAL
..................................................................
TEMPERATURE (F)
 TODAY
  MAXIMUM         65    259 PM  87    1962  59      6       50
  MINIMUM         52    526 AM  24    1958  38     14       38
  AVERAGE         59                        48     11       44

PRECIPITATION (IN)
  TODAY            0.15          1.75 2011   0.09   0.06      T
  MONTH TO DATE    3.24                      2.27   0.97     1.28
  SINCE MAR 1      5.54                      4.12   1.42     5.33
  SINCE JAN 1      8.79                      6.36   2.43     7.81

SNOWFALL (IN)
  TODAY            0.0           0.7  1966   0.1   -0.1      0.0
  MONTH TO DATE    0.0                       2.8   -2.8      4.4
  SINCE MAR 1      9.0                      10.9   -1.9     16.2
  SINCE JUL 1     53.2                      51.1    2.1     50.0
  SNOW DEPTH       0

DEGREE DAYS
 HEATING
  TODAY            6                        17    -11       21
  MONTH TO DATE  398                       573   -175      588
  SINCE MAR 1   1422                      1633   -211     1453
  SINCE JUL 1   5995                      7473  -1478     6264

 COOLING
  TODAY            0                         0      0        0
  MONTH TO DATE    0                         0      0        0
  SINCE MAR 1      0                         0      0        0
  SINCE JAN 1      0                         0      0        0
..................................................................


WIND (MPH)
  HIGHEST WIND SPEED    17   HIGHEST WIND DIRECTION     S (200)
  HIGHEST GUST SPEED    22   HIGHEST GUST DIRECTION    SW (220)
  AVERAGE WIND SPEED     9.9


SKY COVER
  POSSIBLE SUNSHINE  MM
  AVERAGE SKY COVER 0.8


WEATHER CONDITIONS
 THE FOLLOWING WEATHER WAS RECORDED TODAY.
  RAIN
  LIGHT RAIN
  FOG


RELATIVE HUMIDITY (PERCENT)
 HIGHEST   100           100 AM
 LOWEST     78           900 AM
 AVERAGE    89

..........................................................


THE GREEN BAY WI CLIMATE NORMALS FOR TOMORROW
                         NORMAL    RECORD    YEAR
 MAXIMUM TEMPERATURE (F)   59        84      1986
                                             1952
 MINIMUM TEMPERATURE (F)   38        26      1996


SUNRISE AND SUNSET
APRIL 26 2017.........SUNRISE   550 AM CDT   SUNSET   751 PM CDT
APRIL 27 2017.........SUNRISE   549 AM CDT   SUNSET   752 PM CDT


-  INDICATES NEGATIVE NUMBERS.
R  INDICATES RECORD WAS SET OR TIED.
MM INDICATES DATA IS MISSING.
T  INDICATES TRACE AMOUNT.




$$
