000
CDUS43 KGRB 070751
CLIGRB


CLIMATE REPORT
NATIONAL WEATHER SERVICE GREEN BAY
250 AM CDT THU JUL 7 2016


...................................

...THE GREEN BAY WI CLIMATE SUMMARY FOR JULY 6 2016...

CLIMATE NORMAL PERIOD 1981 TO 2010
CLIMATE RECORD PERIOD 1886 TO 2016


WEATHER ITEM   OBSERVED TIME   RECORD YEAR NORMAL DEPARTURE LAST
                VALUE   (LST)  VALUE       VALUE  FROM      YEAR
                                                  NORMAL
..................................................................
TEMPERATURE (F)
 YESTERDAY
  MAXIMUM         85    336 PM  98    1988  80      5       80
  MINIMUM         68   1159 PM  40    1965  58     10       61
  AVERAGE         77                        69      8       71

PRECIPITATION (IN)
  YESTERDAY        0.06          1.49 1920   0.12  -0.06     0.04
  MONTH TO DATE    0.07                      0.72  -0.65     0.04
  SINCE JUN 1      4.51                      4.60  -0.09     3.28
  SINCE JAN 1     15.69                     14.25   1.44    10.22

SNOWFALL (IN)
  YESTERDAY        0.0           0.0    MM   0.0    0.0      0.0
  MONTH TO DATE    0.0                       0.0    0.0      0.0
  SINCE JUN 1      0.0                       0.0    0.0      0.0
  SINCE JUL 1      0.0                       0.0    0.0      0.0
  SNOW DEPTH       0

DEGREE DAYS
 HEATING
  YESTERDAY        0                         1     -1        0
  MONTH TO DATE    1                         6     -5       10
  SINCE JUN 1     26                        98    -72       63
  SINCE JUL 1      1                         6     -5       10

 COOLING
  YESTERDAY       12                         5      7        6
  MONTH TO DATE   26                        30     -4       19
  SINCE JUN 1    126                       113     13       86
  SINCE JAN 1    159                       131     28      114
..................................................................


WIND (MPH)
  HIGHEST WIND SPEED    22   HIGHEST WIND DIRECTION    SE (140)
  HIGHEST GUST SPEED    26   HIGHEST GUST DIRECTION    SE (140)
  AVERAGE WIND SPEED     5.9


SKY COVER
  POSSIBLE SUNSHINE  MM
  AVERAGE SKY COVER 0.4


WEATHER CONDITIONS
 THE FOLLOWING WEATHER WAS RECORDED YESTERDAY.
  THUNDERSTORM
  RAIN
  LIGHT RAIN


RELATIVE HUMIDITY (PERCENT)
 HIGHEST    97           400 AM
 LOWEST     55           200 PM
 AVERAGE    76

..........................................................


THE GREEN BAY WI CLIMATE NORMALS FOR TODAY
                         NORMAL    RECORD    YEAR
 MAXIMUM TEMPERATURE (F)   80       103      1936
 MINIMUM TEMPERATURE (F)   58        44      1997


SUNRISE AND SUNSET
JULY  7 2016..........SUNRISE   516 AM CDT   SUNSET   839 PM CDT
JULY  8 2016..........SUNRISE   517 AM CDT   SUNSET   838 PM CDT


-  INDICATES NEGATIVE NUMBERS.
R  INDICATES RECORD WAS SET OR TIED.
MM INDICATES DATA IS MISSING.
T  INDICATES TRACE AMOUNT.




$$
