634
CDUS43 KGRB 040815
CLIGRB


CLIMATE REPORT
NATIONAL WEATHER SERVICE GREEN BAY
213 AM CST THU FEB 4 2016


...................................

...THE GREEN BAY WI CLIMATE SUMMARY FOR FEBRUARY 3 2016...

CLIMATE NORMAL PERIOD 1981 TO 2010
CLIMATE RECORD PERIOD 1886 TO 2016


WEATHER ITEM   OBSERVED TIME   RECORD YEAR NORMAL DEPARTURE LAST
                VALUE   (LST)  VALUE       VALUE  FROM      YEAR
                                                  NORMAL
..................................................................
TEMPERATURE (F)
 YESTERDAY
  MAXIMUM         33    157 PM  44    1931  25      8       18
  MINIMUM         22   1159 PM -28    1996  10     12        5
  AVERAGE         28                        18     10       12

PRECIPITATION (IN)
  YESTERDAY        0.22          0.47 1936   0.03   0.19     0.03
                                      1924
  MONTH TO DATE    0.87                      0.09   0.78     0.03
  SINCE DEC 1      7.91                      2.73   5.18     2.27
  SINCE JAN 1      2.20                      1.22   0.98     0.59

SNOWFALL (IN)
  YESTERDAY        3.1           6.7  1974   0.4    2.7      0.6
  MONTH TO DATE    8.4                       1.2    7.2      0.7
  SINCE DEC 1     29.8                      27.3    2.5     13.0
  SINCE JUL 1     30.0                      31.5   -1.5     21.2
  SNOW DEPTH      12

DEGREE DAYS
 HEATING
  YESTERDAY       37                        47    -10       53
  MONTH TO DATE  112                       143    -31      161
  SINCE DEC 1   2460                      2992   -532     2831
  SINCE JUL 1   3732                      4732  -1000     4668

 COOLING
  YESTERDAY        0                         0      0        0
  MONTH TO DATE    0                         0      0        0
  SINCE DEC 1      0                         0      0        0
  SINCE JAN 1      0                         0      0        0
..................................................................


WIND (MPH)
  HIGHEST WIND SPEED    23   HIGHEST WIND DIRECTION    NW (300)
  HIGHEST GUST SPEED    29   HIGHEST GUST DIRECTION    NW (310)
  AVERAGE WIND SPEED    11.6


SKY COVER
  POSSIBLE SUNSHINE  MM
  AVERAGE SKY COVER 1.0


WEATHER CONDITIONS
 THE FOLLOWING WEATHER WAS RECORDED YESTERDAY.
  HEAVY SNOW
  SNOW
  LIGHT SNOW
  FOG
  FOG W/VISIBILITY <= 1/4 MILE


RELATIVE HUMIDITY (PERCENT)
 HIGHEST   100          1200 AM
 LOWEST     69           700 PM
 AVERAGE    85

..........................................................


THE GREEN BAY WI CLIMATE NORMALS FOR TODAY
                         NORMAL    RECORD    YEAR
 MAXIMUM TEMPERATURE (F)   26        44      2012
                                             1909
                                             1890
 MINIMUM TEMPERATURE (F)   10       -24      1996


SUNRISE AND SUNSET
FEBRUARY  4 2016......SUNRISE   708 AM CST   SUNSET   505 PM CST
FEBRUARY  5 2016......SUNRISE   707 AM CST   SUNSET   507 PM CST


-  INDICATES NEGATIVE NUMBERS.
R  INDICATES RECORD WAS SET OR TIED.
MM INDICATES DATA IS MISSING.
T  INDICATES TRACE AMOUNT.

$$
