000
CDUS43 KGRB 052223
CLIGRB


CLIMATE REPORT
NATIONAL WEATHER SERVICE GREEN BAY
423 PM CST FRI JAN 5 2018


...................................

...THE GREEN BAY WI CLIMATE SUMMARY FOR JANUARY 5 2018...
VALID TODAY AS OF 0400 PM LOCAL TIME.

CLIMATE NORMAL PERIOD 1981 TO 2010
CLIMATE RECORD PERIOD 1886 TO 2018


WEATHER ITEM   OBSERVED TIME   RECORD YEAR NORMAL DEPARTURE LAST
                VALUE   (LST)  VALUE       VALUE  FROM      YEAR
                                                  NORMAL
..................................................................
TEMPERATURE (F)
 TODAY
  MAXIMUM          8    324 PM  47    2007  24    -16        3
  MINIMUM         -6    427 AM -22    1979  10    -16       -5
                                      1924
                                      1912
  AVERAGE          1                        17    -16       -1

PRECIPITATION (IN)
  TODAY            0.00          1.05 1946   0.04  -0.04     0.00
                                      1939
  MONTH TO DATE    0.01                      0.20  -0.19     0.04
  SINCE DEC 1      1.30                      1.71  -0.41     2.29
  SINCE JAN 1      0.01                      0.20  -0.19     0.04

SNOWFALL (IN)
  TODAY            0.0           9.9  1929   0.4   -0.4      0.0
  MONTH TO DATE    0.4                       2.0   -1.6       T
  SINCE DEC 1     12.4                      15.1   -2.7     23.1
  SINCE JUL 1     13.0                      19.3   -6.3     24.0
  SNOW DEPTH       4

DEGREE DAYS
 HEATING
  TODAY           64                        48     16       66
  MONTH TO DATE  313                       240     73      234
  SINCE DEC 1   1740                      1590    150     1485
  SINCE JUL 1   3156                      3330   -174     2547

 COOLING
  TODAY            0                         0      0        0
  MONTH TO DATE    0                         0      0        0
  SINCE DEC 1      0                         0      0        0
  SINCE JAN 1      0                         0      0        0
..................................................................


WIND (MPH)
  HIGHEST WIND SPEED    20   HIGHEST WIND DIRECTION    NW (330)
  HIGHEST GUST SPEED    25   HIGHEST GUST DIRECTION    NW (320)
  AVERAGE WIND SPEED    10.8


SKY COVER
  POSSIBLE SUNSHINE  MM
  AVERAGE SKY COVER 0.0


WEATHER CONDITIONS
 THE FOLLOWING WEATHER WAS RECORDED TODAY.
  NO SIGNIFICANT WEATHER WAS OBSERVED.


RELATIVE HUMIDITY (PERCENT)
 HIGHEST    72           100 AM
 LOWEST     49          1200 PM
 AVERAGE    61

..........................................................


THE GREEN BAY WI CLIMATE NORMALS FOR TOMORROW
                         NORMAL    RECORD    YEAR
 MAXIMUM TEMPERATURE (F)   24        51      1933
 MINIMUM TEMPERATURE (F)    9       -26      1912


SUNRISE AND SUNSET
JANUARY  5 2018.......SUNRISE   729 AM CST   SUNSET   427 PM CST
JANUARY  6 2018.......SUNRISE   729 AM CST   SUNSET   428 PM CST


-  INDICATES NEGATIVE NUMBERS.
R  INDICATES RECORD WAS SET OR TIED.
MM INDICATES DATA IS MISSING.
T  INDICATES TRACE AMOUNT.




$$
