000
CDUS43 KGRB 060719
CLIGRB

CLIMATE REPORT
NATIONAL WEATHER SERVICE GREEN BAY
217 AM CDT SAT SEP 6 2014

...................................

...THE GREEN BAY WI CLIMATE SUMMARY FOR SEPTEMBER 5 2014...

CLIMATE NORMAL PERIOD 1981 TO 2010
CLIMATE RECORD PERIOD 1886 TO 2014


WEATHER ITEM   OBSERVED TIME   RECORD YEAR NORMAL DEPARTURE LAST
                VALUE   (LST)  VALUE       VALUE  FROM      YEAR
                                                  NORMAL
..................................................................
TEMPERATURE (F)
 YESTERDAY
  MAXIMUM         75    450 AM  92    2007  74      1       72
  MINIMUM         56   1159 PM  37    1957  53      3       47
  AVERAGE         66                        63      3       60

PRECIPITATION (IN)
  YESTERDAY        0.19          1.01 1925   0.10   0.09     0.00
  MONTH TO DATE    2.88                      0.51   2.37      T
  SINCE SEP 1      2.88                      0.51   2.37      T
  SINCE JAN 1     23.60                     20.91   2.69    23.99

SNOWFALL (IN)
  YESTERDAY        0.0           0.0    MM   0.0    0.0      0.0
  MONTH TO DATE    0.0                       0.0    0.0      0.0
  SINCE SEP 1      0.0                       0.0    0.0      0.0
  SINCE JUL 1      0.0                       0.0    0.0      0.0
  SNOW DEPTH       0

DEGREE DAYS
 HEATING
  YESTERDAY        0                         4     -4        5
  MONTH TO DATE    0                        16    -16       18
  SINCE SEP 1      0                        16    -16       18
  SINCE JUL 1     29                        79    -50       58

COOLING
  YESTERDAY        1                         2     -1        0
  MONTH TO DATE   12                        10      2        6
  SINCE SEP 1     12                        10      2        6
  SINCE JAN 1    355                       372    -17      484
..................................................................

WIND (MPH)
  HIGHEST WIND SPEED    21   HIGHEST WIND DIRECTION     W (290)
  HIGHEST GUST SPEED    27   HIGHEST GUST DIRECTION     W (290)
  AVERAGE WIND SPEED     9.6

SKY COVER
  POSSIBLE SUNSHINE  MM
  AVERAGE SKY COVER 0.3

WEATHER CONDITIONS
 THE FOLLOWING WEATHER WAS RECORDED YESTERDAY.
  THUNDERSTORM
  HEAVY RAIN
  LIGHT RAIN
  FOG

RELATIVE HUMIDITY (PERCENT)
 HIGHEST    93          1200 AM
 LOWEST     66           100 PM
 AVERAGE    80
..........................................................

THE GREEN BAY WI CLIMATE NORMALS FOR TODAY
                         NORMAL    RECORD    YEAR
 MAXIMUM TEMPERATURE (F)   74        91      1954
                                             1901
 MINIMUM TEMPERATURE (F)   52        38      1988


SUNRISE AND SUNSET
SEPTEMBER  6 2014.....SUNRISE   621 AM CDT   SUNSET   720 PM CDT
SEPTEMBER  7 2014.....SUNRISE   622 AM CDT   SUNSET   718 PM CDT

-  INDICATES NEGATIVE NUMBERS.
R  INDICATES RECORD WAS SET OR TIED.
MM INDICATES DATA IS MISSING.
T  INDICATES TRACE AMOUNT.

$$
