000
CDUS43 KGRB 010657
CLIGRB


CLIMATE REPORT
NATIONAL WEATHER SERVICE GREEN BAY
1255 AM CST FRI DEC 1 2017


...................................

...THE GREEN BAY WI CLIMATE SUMMARY FOR NOVEMBER 30 2017...

CLIMATE NORMAL PERIOD 1981 TO 2010
CLIMATE RECORD PERIOD 1886 TO 2017


WEATHER ITEM   OBSERVED TIME   RECORD YEAR NORMAL DEPARTURE LAST
                VALUE   (LST)  VALUE       VALUE  FROM      YEAR
                                                  NORMAL
..................................................................
TEMPERATURE (F)
 YESTERDAY
  MAXIMUM         49    236 PM  63    1998  35     14       41
  MINIMUM         28   1159 PM  -8    1976  20      8       31
  AVERAGE         39                        27     12       36

PRECIPITATION (IN)
  YESTERDAY        0.00          0.52 1934   0.07  -0.07     0.06
  MONTH TO DATE    1.14                      2.13  -0.99     2.29
  SINCE SEP 1      5.27                      7.61  -2.34     9.24
  SINCE JAN 1     30.66                     28.01   2.65    30.86

SNOWFALL (IN)
  YESTERDAY        0.0           3.0  1940   0.3   -0.3      0.0
  MONTH TO DATE    0.6                       4.0   -3.4      0.9
  SINCE SEP 1      0.6                       4.2   -3.6      0.9
  SINCE JUL 1      0.6                       4.2   -3.6      0.9
  SNOW DEPTH       0

DEGREE DAYS
 HEATING
  YESTERDAY       26                        38    -12       29
  MONTH TO DATE  879                       917    -38      608
  SINCE SEP 1   1375                      1677   -302     1049
  SINCE JUL 1   1416                      1740   -324     1062

 COOLING
  YESTERDAY        0                         0      0        0
  MONTH TO DATE    0                         0      0        0
  SINCE SEP 1    100                        36     64       55
  SINCE JAN 1    477                       398     79      577
..................................................................


WIND (MPH)
  HIGHEST WIND SPEED    30   HIGHEST WIND DIRECTION     W (290)
  HIGHEST GUST SPEED    41   HIGHEST GUST DIRECTION     W (280)
  AVERAGE WIND SPEED    13.0


SKY COVER
  POSSIBLE SUNSHINE  MM
  AVERAGE SKY COVER 0.2


WEATHER CONDITIONS
 THE FOLLOWING WEATHER WAS RECORDED YESTERDAY.
  NO SIGNIFICANT WEATHER WAS OBSERVED.


RELATIVE HUMIDITY (PERCENT)
 HIGHEST    92          1200 AM
 LOWEST     39           200 PM
 AVERAGE    66

..........................................................


THE GREEN BAY WI CLIMATE NORMALS FOR TODAY
                         NORMAL    RECORD    YEAR
 MAXIMUM TEMPERATURE (F)   34        62      1970
 MINIMUM TEMPERATURE (F)   20       -11      1893


SUNRISE AND SUNSET
DECEMBER  1 2017......SUNRISE   709 AM CST   SUNSET   414 PM CST
DECEMBER  2 2017......SUNRISE   710 AM CST   SUNSET   414 PM CST


-  INDICATES NEGATIVE NUMBERS.
R  INDICATES RECORD WAS SET OR TIED.
MM INDICATES DATA IS MISSING.
T  INDICATES TRACE AMOUNT.




$$
