000
CDUS43 KGRB 270642
CLIGRB


CLIMATE REPORT
NATIONAL WEATHER SERVICE GREEN BAY
1240 AM CST WED JAN 27 2016


...................................

...THE GREEN BAY WI CLIMATE SUMMARY FOR JANUARY 26 2016...

CLIMATE NORMAL PERIOD 1981 TO 2010
CLIMATE RECORD PERIOD 1886 TO 2016


WEATHER ITEM   OBSERVED TIME   RECORD YEAR NORMAL DEPARTURE LAST
                VALUE   (LST)  VALUE       VALUE  FROM      YEAR
                                                  NORMAL
..................................................................
TEMPERATURE (F)
 YESTERDAY
  MAXIMUM         34    102 PM  56    1944  24     10       26
  MINIMUM         25   1159 PM -19    1927   9     16       11
  AVERAGE         30                        17     13       19

PRECIPITATION (IN)
  YESTERDAY        0.12          0.47 1895   0.03   0.09     0.13
  MONTH TO DATE    1.25                      0.96   0.29     0.56
  SINCE DEC 1      6.96                      2.47   4.49     2.24
  SINCE JAN 1      1.25                      0.96   0.29     0.56

SNOWFALL (IN)
  YESTERDAY        1.4          11.3  1996   0.4    1.0      1.3
  MONTH TO DATE    7.7                      10.9   -3.2      8.7
  SINCE DEC 1     21.4                      24.0   -2.6     12.2
  SINCE JUL 1     21.6                      28.2   -6.6     20.4
  SNOW DEPTH       8

DEGREE DAYS
 HEATING
  YESTERDAY       35                        48    -13       46
  MONTH TO DATE 1222                      1262    -40     1248
  SINCE DEC 1   2160                      2612   -452     2456
  SINCE JUL 1   3432                      4352   -920     4293

 COOLING
  YESTERDAY        0                         0      0        0
  MONTH TO DATE    0                         0      0        0
  SINCE DEC 1      0                         0      0        0
  SINCE JAN 1      0                         0      0        0
..................................................................


WIND (MPH)
  HIGHEST WIND SPEED    20   HIGHEST WIND DIRECTION     W (280)
  HIGHEST GUST SPEED    23   HIGHEST GUST DIRECTION     W (290)
  AVERAGE WIND SPEED    11.4


SKY COVER
  POSSIBLE SUNSHINE  MM
  AVERAGE SKY COVER 1.0


WEATHER CONDITIONS
 THE FOLLOWING WEATHER WAS RECORDED YESTERDAY.
  LIGHT SNOW
  FOG


RELATIVE HUMIDITY (PERCENT)
 HIGHEST   100           100 AM
 LOWEST     69           100 PM
 AVERAGE    85

..........................................................


THE GREEN BAY WI CLIMATE NORMALS FOR TODAY
                         NORMAL    RECORD    YEAR
 MAXIMUM TEMPERATURE (F)   25        51      2006
 MINIMUM TEMPERATURE (F)    9       -19      1904


SUNRISE AND SUNSET
JANUARY 27 2016.......SUNRISE   717 AM CST   SUNSET   454 PM CST
JANUARY 28 2016.......SUNRISE   716 AM CST   SUNSET   455 PM CST


-  INDICATES NEGATIVE NUMBERS.
R  INDICATES RECORD WAS SET OR TIED.
MM INDICATES DATA IS MISSING.
T  INDICATES TRACE AMOUNT.




$$
