000
CDUS43 KGRB 050724
CLIGRB


CLIMATE REPORT
NATIONAL WEATHER SERVICE GREEN BAY
223 AM CDT TUE JUL 5 2016


...................................

...THE GREEN BAY WI CLIMATE SUMMARY FOR JULY 4 2016...

CLIMATE NORMAL PERIOD 1981 TO 2010
CLIMATE RECORD PERIOD 1886 TO 2016


WEATHER ITEM   OBSERVED TIME   RECORD YEAR NORMAL DEPARTURE LAST
                VALUE   (LST)  VALUE       VALUE  FROM      YEAR
                                                  NORMAL
..................................................................
TEMPERATURE (F)
 YESTERDAY
  MAXIMUM         78   1238 PM  96    1921  80     -2       83
  MINIMUM         53    446 AM  43    1972  58     -5       59
  AVERAGE         66                        69     -3       71

PRECIPITATION (IN)
  YESTERDAY        0.00          2.52 1994   0.12  -0.12     0.00
  MONTH TO DATE    0.00                      0.48  -0.48     0.00
  SINCE JUN 1      4.44                      4.36   0.08     3.24
  SINCE JAN 1     15.62                     14.01   1.61    10.18

SNOWFALL (IN)
  YESTERDAY        0.0           0.0    MM   0.0    0.0      0.0
  MONTH TO DATE    0.0                       0.0    0.0      0.0
  SINCE JUN 1      0.0                       0.0    0.0      0.0
  SINCE JUL 1      0.0                       0.0    0.0      0.0
  SNOW DEPTH       0

DEGREE DAYS
 HEATING
  YESTERDAY        0                         1     -1        0
  MONTH TO DATE    1                         4     -3       10
  SINCE JUN 1     26                        96    -70       63
  SINCE JUL 1      1                         4     -3       10

 COOLING
  YESTERDAY        1                         5     -4        6
  MONTH TO DATE    3                        20    -17        6
  SINCE JUN 1    103                       103      0       73
  SINCE JAN 1    136                       121     15      101
..................................................................


WIND (MPH)
  HIGHEST WIND SPEED    12   HIGHEST WIND DIRECTION    SE (150)
  HIGHEST GUST SPEED    15   HIGHEST GUST DIRECTION    SE (140)
  AVERAGE WIND SPEED     3.9


SKY COVER
  POSSIBLE SUNSHINE  MM
  AVERAGE SKY COVER 0.5


WEATHER CONDITIONS
 THE FOLLOWING WEATHER WAS RECORDED YESTERDAY.
  NO SIGNIFICANT WEATHER WAS OBSERVED.


RELATIVE HUMIDITY (PERCENT)
 HIGHEST    93           200 AM
 LOWEST     46          1000 AM
 AVERAGE    70

..........................................................


THE GREEN BAY WI CLIMATE NORMALS FOR TODAY
                         NORMAL    RECORD    YEAR
 MAXIMUM TEMPERATURE (F)   80        99      2012
 MINIMUM TEMPERATURE (F)   58        44      1972
                                             1970
                                             1951


SUNRISE AND SUNSET
JULY  5 2016..........SUNRISE   514 AM CDT   SUNSET   840 PM CDT
JULY  6 2016..........SUNRISE   515 AM CDT   SUNSET   839 PM CDT


-  INDICATES NEGATIVE NUMBERS.
R  INDICATES RECORD WAS SET OR TIED.
MM INDICATES DATA IS MISSING.
T  INDICATES TRACE AMOUNT.




$$
