000
CDUS43 KGRB 280745
CLIGRB


CLIMATE REPORT
NATIONAL WEATHER SERVICE GREEN BAY
242 AM CDT FRI MAR 28 2014


...................................

...THE GREEN BAY WI CLIMATE SUMMARY FOR MARCH 27 2014...

CLIMATE NORMAL PERIOD 1981 TO 2010
CLIMATE RECORD PERIOD 1886 TO 2014


WEATHER ITEM   OBSERVED TIME   RECORD YEAR NORMAL DEPARTURE LAST
                VALUE   (LST)  VALUE       VALUE  FROM      YEAR
                                                  NORMAL
..................................................................
TEMPERATURE (F)
 YESTERDAY
  MAXIMUM         38    232 PM  77    1910  44     -6       44
  MINIMUM         31   1203 AM  -7    1964  27      4       30
  AVERAGE         35                        35      0       37

PRECIPITATION (IN)
  YESTERDAY        0.39          0.80 1977   0.07   0.32     0.00
  MONTH TO DATE    0.89                      1.58  -0.69     1.85
  SINCE MAR 1      0.89                      1.58  -0.69     1.85
  SINCE JAN 1      3.68                      3.82  -0.14     6.51

SNOWFALL (IN)
  YESTERDAY        T             6.0  1942   0.2   -0.2      0.0
  MONTH TO DATE    6.1                       7.4   -1.3      8.4
  SINCE MAR 1      6.1                       7.4   -1.3      8.4
  SINCE JUL 1     68.4                      47.6   20.8     66.4
  SNOW DEPTH       T

DEGREE DAYS
 HEATING
  YESTERDAY       30                        30      0       28
  MONTH TO DATE 1185                       946    239     1076
  SINCE MAR 1   1185                       946    239     1076
  SINCE JUL 1   7666                      6786    880     6519

 COOLING
  YESTERDAY        0                         0      0        0
  MONTH TO DATE    0                         0      0        0
  SINCE MAR 1      0                         0      0        0
  SINCE JAN 1      0                         0      0        0
..................................................................


WIND (MPH)
  HIGHEST WIND SPEED    18   HIGHEST WIND DIRECTION     S (200)
  HIGHEST GUST SPEED    26   HIGHEST GUST DIRECTION     S (180)
  AVERAGE WIND SPEED     9.5


SKY COVER
  POSSIBLE SUNSHINE  MM
  AVERAGE SKY COVER 1.0


WEATHER CONDITIONS
 THE FOLLOWING WEATHER WAS RECORDED YESTERDAY.
  RAIN
  LIGHT RAIN
  LIGHT SNOW
  FOG
  HAZE


RELATIVE HUMIDITY (PERCENT)
 HIGHEST   100           700 PM
 LOWEST     70           600 AM
 AVERAGE    85

..........................................................


THE GREEN BAY WI CLIMATE NORMALS FOR TODAY
                         NORMAL    RECORD    YEAR
 MAXIMUM TEMPERATURE (F)   45        74      1946
                                             1910
                                             1905
 MINIMUM TEMPERATURE (F)   27        -2      1923


SUNRISE AND SUNSET
MARCH 28 2014.........SUNRISE   641 AM CDT   SUNSET   715 PM CDT
MARCH 29 2014.........SUNRISE   639 AM CDT   SUNSET   716 PM CDT


-  INDICATES NEGATIVE NUMBERS.
R  INDICATES RECORD WAS SET OR TIED.
MM INDICATES DATA IS MISSING.
T  INDICATES TRACE AMOUNT.

$$
