272
CDUS43 KGRB 110639
CLIGRB


CLIMATE REPORT
NATIONAL WEATHER SERVICE GREEN BAY
139 AM CDT SUN JUN 11 2017


...................................

...THE GREEN BAY WI CLIMATE SUMMARY FOR JUNE 10 2017...

CLIMATE NORMAL PERIOD 1981 TO 2010
CLIMATE RECORD PERIOD 1886 TO 2017


WEATHER ITEM   OBSERVED TIME   RECORD YEAR NORMAL DEPARTURE LAST
                VALUE   (LST)  VALUE       VALUE  FROM      YEAR
                                                  NORMAL
..................................................................
TEMPERATURE (F)
 YESTERDAY
  MAXIMUM         88    508 PM  93    1933  74     14       87
  MINIMUM         60    346 AM  36    1980  53      7       57
                                      1972
  AVERAGE         74                        63     11       72

PRECIPITATION (IN)
  YESTERDAY        0.00          3.70 1922   0.13  -0.13     1.00
  MONTH TO DATE    0.68                      1.30  -0.62     2.26
  SINCE JUN 1      0.68                      1.30  -0.62     2.26
  SINCE JAN 1     13.68                     10.95   2.73    13.44

SNOWFALL (IN)
  YESTERDAY        0.0           0.0    MM   0.0    0.0      0.0
  MONTH TO DATE    0.0                       0.0    0.0      0.0
  SINCE JUN 1      0.0                       0.0    0.0      0.0
  SINCE JUL 1     53.2                      51.4    1.8     50.0
  SNOW DEPTH       0

DEGREE DAYS
 HEATING
  YESTERDAY        0                         4     -4        0
  MONTH TO DATE    7                        48    -41       19
  SINCE JUN 1      7                        48    -41       19
  SINCE JUL 1   6394                      7911  -1517     6616

 COOLING
  YESTERDAY        9                         2      7        7
  MONTH TO DATE   30                        15     15       13
  SINCE JUN 1     30                        15     15       13
  SINCE JAN 1     38                        33      5       46
..................................................................


WIND (MPH)
  HIGHEST WIND SPEED    28   HIGHEST WIND DIRECTION     S (200)
  HIGHEST GUST SPEED    44   HIGHEST GUST DIRECTION     S (200)
  AVERAGE WIND SPEED    14.2


SKY COVER
  POSSIBLE SUNSHINE  MM
  AVERAGE SKY COVER 0.1


WEATHER CONDITIONS
 THE FOLLOWING WEATHER WAS RECORDED YESTERDAY.
  NO SIGNIFICANT WEATHER WAS OBSERVED.


RELATIVE HUMIDITY (PERCENT)
 HIGHEST    90          1200 AM
 LOWEST     40           200 PM
 AVERAGE    65

..........................................................


THE GREEN BAY WI CLIMATE NORMALS FOR TODAY
                         NORMAL    RECORD    YEAR
 MAXIMUM TEMPERATURE (F)   74        91      2016
                                             1973
                                             1949
 MINIMUM TEMPERATURE (F)   53        36      1903


SUNRISE AND SUNSET
JUNE 11 2017..........SUNRISE   508 AM CDT   SUNSET   837 PM CDT
JUNE 12 2017..........SUNRISE   507 AM CDT   SUNSET   838 PM CDT


-  INDICATES NEGATIVE NUMBERS.
R  INDICATES RECORD WAS SET OR TIED.
MM INDICATES DATA IS MISSING.
T  INDICATES TRACE AMOUNT.




$$
