000
CDUS43 KGRB 230712
CLIGRB


CLIMATE REPORT
NATIONAL WEATHER SERVICE GREEN BAY
211 AM CDT TUE JUN 23 2015


...................................

...THE GREEN BAY WI CLIMATE SUMMARY FOR JUNE 22 2015...

CLIMATE NORMAL PERIOD 1981 TO 2010
CLIMATE RECORD PERIOD 1886 TO 2015


WEATHER ITEM   OBSERVED TIME   RECORD YEAR NORMAL DEPARTURE LAST
                VALUE   (LST)  VALUE       VALUE  FROM      YEAR
                                                  NORMAL
..................................................................
TEMPERATURE (F)
 YESTERDAY
  MAXIMUM         83    435 PM  94    1910  77      6       72
  MINIMUM         58    436 AM  40    1992  56      2       61
  AVERAGE         71                        67      4       67

PRECIPITATION (IN)
  YESTERDAY        0.30          4.90 1990   0.13   0.17     0.00
  MONTH TO DATE    2.40                      2.87  -0.47     3.65
  SINCE JUN 1      2.40                      2.87  -0.47     3.65
  SINCE JAN 1      9.34                     12.52  -3.18    14.31

SNOWFALL (IN)
  YESTERDAY        0.0           0.0    MM   0.0    0.0      0.0
  MONTH TO DATE    0.0                       0.0    0.0      0.0
  SINCE JUN 1      0.0                       0.0    0.0      0.0
  SINCE JUL 1     32.7                      51.4  -18.7     72.1
  SNOW DEPTH       0

DEGREE DAYS
 HEATING
  YESTERDAY        0                         2     -2        0
  MONTH TO DATE   49                        80    -31       29
  SINCE JUN 1     49                        80    -31       29
  SINCE JUL 1   7829                      7943   -114     8769

 COOLING
  YESTERDAY        6                         4      2        2
  MONTH TO DATE   45                        50     -5       56
  SINCE JUN 1     45                        50     -5       56
  SINCE JAN 1     73                        68      5       72
..................................................................


WIND (MPH)
  HIGHEST WIND SPEED    32   HIGHEST WIND DIRECTION    SE (120)
  HIGHEST GUST SPEED    40   HIGHEST GUST DIRECTION    SE (120)
  AVERAGE WIND SPEED    10.2


SKY COVER
  POSSIBLE SUNSHINE  MM
  AVERAGE SKY COVER 0.2


WEATHER CONDITIONS
 THE FOLLOWING WEATHER WAS RECORDED YESTERDAY.
  THUNDERSTORM
  HEAVY RAIN
  RAIN
  LIGHT RAIN
  FOG


RELATIVE HUMIDITY (PERCENT)
 HIGHEST    93           300 AM
 LOWEST     61           700 AM
 AVERAGE    77

..........................................................


THE GREEN BAY WI CLIMATE NORMALS FOR TODAY
                         NORMAL    RECORD    YEAR
 MAXIMUM TEMPERATURE (F)   78        95      2009
                                             1911
 MINIMUM TEMPERATURE (F)   56        42      1918


SUNRISE AND SUNSET
JUNE 23 2015..........SUNRISE   508 AM CDT   SUNSET   841 PM CDT
JUNE 24 2015..........SUNRISE   509 AM CDT   SUNSET   841 PM CDT


-  INDICATES NEGATIVE NUMBERS.
R  INDICATES RECORD WAS SET OR TIED.
MM INDICATES DATA IS MISSING.
T  INDICATES TRACE AMOUNT.




$$
