000
CDUS43 KGRB 010632
CLIGRB


CLIMATE REPORT
NATIONAL WEATHER SERVICE GREEN BAY
132 AM CDT SUN OCT 1 2017


...................................

...THE GREEN BAY WI CLIMATE SUMMARY FOR SEPTEMBER 30 2017...

CLIMATE NORMAL PERIOD 1981 TO 2010
CLIMATE RECORD PERIOD 1886 TO 2017


WEATHER ITEM   OBSERVED TIME   RECORD YEAR NORMAL DEPARTURE LAST
                VALUE   (LST)  VALUE       VALUE  FROM      YEAR
                                                  NORMAL
..................................................................
TEMPERATURE (F)
 YESTERDAY
  MAXIMUM         66    407 PM  87    1897  64      2       63
  MINIMUM         38    544 AM  25    1899  43     -5       56
  AVERAGE         52                        53     -1       60

PRECIPITATION (IN)
  YESTERDAY        0.00          1.57 1961   0.09  -0.09     0.02
  MONTH TO DATE    1.01                      3.04  -2.03     4.29
  SINCE SEP 1      1.01                      3.04  -2.03     4.29
  SINCE JAN 1     26.40                     23.44   2.96    25.91

SNOWFALL (IN)
  YESTERDAY        0.0           0.0    MM   0.0    0.0      0.0
  MONTH TO DATE    0.0                       0.0    0.0      0.0
  SINCE SEP 1      0.0                       0.0    0.0      0.0
  SINCE JUL 1      0.0                       0.0    0.0      0.0
  SNOW DEPTH       0

DEGREE DAYS
 HEATING
  YESTERDAY       13                        12      1        5
  MONTH TO DATE  120                       207    -87       65
  SINCE SEP 1    120                       207    -87       65
  SINCE JUL 1    161                       270   -109       78

 COOLING
  YESTERDAY        0                         0      0        0
  MONTH TO DATE   92                        33     59       52
  SINCE SEP 1     92                        33     59       52
  SINCE JAN 1    469                       395     74      574
..................................................................


WIND (MPH)
  HIGHEST WIND SPEED    16   HIGHEST WIND DIRECTION     S (160)
  HIGHEST GUST SPEED    19   HIGHEST GUST DIRECTION    SE (150)
  AVERAGE WIND SPEED     4.1


SKY COVER
  POSSIBLE SUNSHINE  MM
  AVERAGE SKY COVER 0.0


WEATHER CONDITIONS
 THE FOLLOWING WEATHER WAS RECORDED YESTERDAY.
  HAZE


RELATIVE HUMIDITY (PERCENT)
 HIGHEST   100           400 AM
 LOWEST     42           400 PM
 AVERAGE    71

..........................................................


THE GREEN BAY WI CLIMATE NORMALS FOR TODAY
                         NORMAL    RECORD    YEAR
 MAXIMUM TEMPERATURE (F)   63        85      1976
 MINIMUM TEMPERATURE (F)   42        27      1974


SUNRISE AND SUNSET
OCTOBER  1 2017.......SUNRISE   651 AM CDT   SUNSET   633 PM CDT
OCTOBER  2 2017.......SUNRISE   652 AM CDT   SUNSET   631 PM CDT


-  INDICATES NEGATIVE NUMBERS.
R  INDICATES RECORD WAS SET OR TIED.
MM INDICATES DATA IS MISSING.
T  INDICATES TRACE AMOUNT.




$$
