000
CDUS43 KGRB 300644
CLIGRB


CLIMATE REPORT
NATIONAL WEATHER SERVICE GREEN BAY
144 AM CDT SUN JUL 30 2017


...................................

...THE GREEN BAY WI CLIMATE SUMMARY FOR JULY 29 2017...

CLIMATE NORMAL PERIOD 1981 TO 2010
CLIMATE RECORD PERIOD 1886 TO 2017


WEATHER ITEM   OBSERVED TIME   RECORD YEAR NORMAL DEPARTURE LAST
                VALUE   (LST)  VALUE       VALUE  FROM      YEAR
                                                  NORMAL
..................................................................
TEMPERATURE (F)
 YESTERDAY
  MAXIMUM         81    420 PM 101    1916  80      1       76
  MINIMUM         53    456 AM  44    1952  58     -5       60
  AVERAGE         67                        69     -2       68

PRECIPITATION (IN)
  YESTERDAY        0.00          1.22 1983   0.11  -0.11     0.01
  MONTH TO DATE    4.56                      3.29   1.27     3.22
  SINCE JUN 1      8.34                      7.17   1.17     7.66
  SINCE JAN 1     21.34                     16.82   4.52    18.84

SNOWFALL (IN)
  YESTERDAY        0.0           0.0    MM   0.0    0.0      0.0
  MONTH TO DATE    0.0                       0.0    0.0      0.0
  SINCE JUN 1      0.0                       0.0    0.0      0.0
  SINCE JUL 1      0.0                       0.0    0.0      0.0
  SNOW DEPTH       0

DEGREE DAYS
 HEATING
  YESTERDAY        0                         1     -1        0
  MONTH TO DATE    1                        29    -28        6
  SINCE JUN 1     28                       121    -93       31
  SINCE JUL 1      1                        29    -28        6

 COOLING
  YESTERDAY        2                         5     -3        3
  MONTH TO DATE  170                       145     25      192
  SINCE JUN 1    285                       228     57      292
  SINCE JAN 1    293                       246     47      325
..................................................................


WIND (MPH)
  HIGHEST WIND SPEED     9   HIGHEST WIND DIRECTION     W (250)
  HIGHEST GUST SPEED    12   HIGHEST GUST DIRECTION    SW (210)
  AVERAGE WIND SPEED     2.3


SKY COVER
  POSSIBLE SUNSHINE  MM
  AVERAGE SKY COVER 0.0


WEATHER CONDITIONS
 THE FOLLOWING WEATHER WAS RECORDED YESTERDAY.
  NO SIGNIFICANT WEATHER WAS OBSERVED.


RELATIVE HUMIDITY (PERCENT)
 HIGHEST   100          1200 AM
 LOWEST     39           400 PM
 AVERAGE    70

..........................................................


THE GREEN BAY WI CLIMATE NORMALS FOR TODAY
                         NORMAL    RECORD    YEAR
 MAXIMUM TEMPERATURE (F)   79        99      1916
 MINIMUM TEMPERATURE (F)   58        45      1978


SUNRISE AND SUNSET
JULY 30 2017..........SUNRISE   537 AM CDT   SUNSET   820 PM CDT
JULY 31 2017..........SUNRISE   539 AM CDT   SUNSET   819 PM CDT


-  INDICATES NEGATIVE NUMBERS.
R  INDICATES RECORD WAS SET OR TIED.
MM INDICATES DATA IS MISSING.
T  INDICATES TRACE AMOUNT.




$$
