872
CDUS43 KGRB 090833
CLIGRB


CLIMATE REPORT
NATIONAL WEATHER SERVICE GREEN BAY
231 AM CST MON JAN 9 2017


...................................

...THE GREEN BAY WI CLIMATE SUMMARY FOR JANUARY 8 2017...

CLIMATE NORMAL PERIOD 1981 TO 2010
CLIMATE RECORD PERIOD 1886 TO 2017


WEATHER ITEM   OBSERVED TIME   RECORD YEAR NORMAL DEPARTURE LAST
                VALUE   (LST)  VALUE       VALUE  FROM      YEAR
                                                  NORMAL
..................................................................
TEMPERATURE (F)
 YESTERDAY
  MAXIMUM         18   1159 PM  49    2003  24     -6       38
  MINIMUM          0    821 AM -21    1971   9     -9       34
  AVERAGE          9                        17     -8       36

PRECIPITATION (IN)
  YESTERDAY        T             0.89 2008   0.03  -0.03     0.43
  MONTH TO DATE    0.04                      0.31  -0.27     0.57
  SINCE DEC 1      2.29                      1.82   0.47     6.28
  SINCE JAN 1      0.04                      0.31  -0.27     0.57

SNOWFALL (IN)
  YESTERDAY        T             5.3  1889   0.4   -0.4      0.0
  MONTH TO DATE    T                         3.2   -3.2      0.2
  SINCE DEC 1     23.1                      16.3    6.8     13.9
  SINCE JUL 1     24.0                      20.5    3.5     14.1
  SNOW DEPTH       2

DEGREE DAYS
 HEATING
  YESTERDAY       56                        48      8       29
  MONTH TO DATE  413                       384     29      321
  SINCE DEC 1   1664                      1734    -70     1259
  SINCE JUL 1   2726                      3474   -748     2531

 COOLING
  YESTERDAY        0                         0      0        0
  MONTH TO DATE    0                         0      0        0
  SINCE DEC 1      0                         0      0        0
  SINCE JAN 1      0                         0      0        0
..................................................................


WIND (MPH)
  HIGHEST WIND SPEED    15   HIGHEST WIND DIRECTION     W (290)
  HIGHEST GUST SPEED    19   HIGHEST GUST DIRECTION     W (290)
  AVERAGE WIND SPEED     8.8


SKY COVER
  POSSIBLE SUNSHINE  MM
  AVERAGE SKY COVER 0.3


WEATHER CONDITIONS
 THE FOLLOWING WEATHER WAS RECORDED YESTERDAY.
  LIGHT SNOW


RELATIVE HUMIDITY (PERCENT)
 HIGHEST    79           700 AM
 LOWEST     54          1100 PM
 AVERAGE    67

..........................................................


THE GREEN BAY WI CLIMATE NORMALS FOR TODAY
                         NORMAL    RECORD    YEAR
 MAXIMUM TEMPERATURE (F)   24        53      2002
 MINIMUM TEMPERATURE (F)    9       -27      1977


SUNRISE AND SUNSET
JANUARY  9 2017.......SUNRISE   728 AM CST   SUNSET   432 PM CST
JANUARY 10 2017.......SUNRISE   728 AM CST   SUNSET   433 PM CST


-  INDICATES NEGATIVE NUMBERS.
R  INDICATES RECORD WAS SET OR TIED.
MM INDICATES DATA IS MISSING.
T  INDICATES TRACE AMOUNT.

$$
