000
CDUS43 KGRB 240715
CLIGRB


CLIMATE REPORT
NATIONAL WEATHER SERVICE GREEN BAY
115 AM CST THU NOV 24 2016


...................................

...THE GREEN BAY WI CLIMATE SUMMARY FOR NOVEMBER 23 2016...

CLIMATE NORMAL PERIOD 1981 TO 2010
CLIMATE RECORD PERIOD 1886 TO 2016


WEATHER ITEM   OBSERVED TIME   RECORD YEAR NORMAL DEPARTURE LAST
                VALUE   (LST)  VALUE       VALUE  FROM      YEAR
                                                  NORMAL
..................................................................
TEMPERATURE (F)
 YESTERDAY
  MAXIMUM         43   1036 PM  65    1931  38      5       40
  MINIMUM         35    133 AM  -6    1950  24     11       21
  AVERAGE         39                        31      8       31

PRECIPITATION (IN)
  YESTERDAY        0.32          1.54 2003   0.07   0.25      T
  MONTH TO DATE    0.54                      1.66  -1.12     1.31
  SINCE SEP 1      7.49                      7.14   0.35     9.80
  SINCE JAN 1     29.11                     27.54   1.57    26.00

SNOWFALL (IN)
  YESTERDAY        T             5.1  1978   0.2   -0.2       T
  MONTH TO DATE    0.9                       2.3   -1.4       T
  SINCE SEP 1      0.9                       2.5   -1.6       T
  SINCE JUL 1      0.9                       2.5   -1.6       T
  SNOW DEPTH       T

DEGREE DAYS
 HEATING
  YESTERDAY       26                        34     -8       34
  MONTH TO DATE  430                       663   -233      478
  SINCE SEP 1    871                      1426   -555     1003
  SINCE JUL 1    884                      1489   -605     1053

 COOLING
  YESTERDAY        0                         0      0        0
  MONTH TO DATE    0                         0      0        0
  SINCE SEP 1     55                        36     19      115
  SINCE JAN 1    577                       398    179      517
..................................................................


WIND (MPH)
  HIGHEST WIND SPEED    15   HIGHEST WIND DIRECTION     E (100)
  HIGHEST GUST SPEED    21   HIGHEST GUST DIRECTION     E (110)
  AVERAGE WIND SPEED     9.0


SKY COVER
  POSSIBLE SUNSHINE  MM
  AVERAGE SKY COVER 1.0


WEATHER CONDITIONS
 THE FOLLOWING WEATHER WAS RECORDED YESTERDAY.
  RAIN
  LIGHT RAIN
  LIGHT SNOW
  FOG


RELATIVE HUMIDITY (PERCENT)
 HIGHEST   100          1000 PM
 LOWEST     85           300 AM
 AVERAGE    93

..........................................................


THE GREEN BAY WI CLIMATE NORMALS FOR TODAY
                         NORMAL    RECORD    YEAR
 MAXIMUM TEMPERATURE (F)   38        65      1931
 MINIMUM TEMPERATURE (F)   23        -7      1950


SUNRISE AND SUNSET
NOVEMBER 24 2016......SUNRISE   701 AM CST   SUNSET   417 PM CST
NOVEMBER 25 2016......SUNRISE   702 AM CST   SUNSET   417 PM CST


-  INDICATES NEGATIVE NUMBERS.
R  INDICATES RECORD WAS SET OR TIED.
MM INDICATES DATA IS MISSING.
T  INDICATES TRACE AMOUNT.




$$
