000
CDUS43 KGRB 162136
CLIGRB


CLIMATE REPORT
NATIONAL WEATHER SERVICE GREEN BAY
436 PM CDT THU JUL 16 2015


...................................

...THE GREEN BAY WI CLIMATE SUMMARY FOR JULY 16 2015...
VALID TODAY AS OF 0400 PM LOCAL TIME.

CLIMATE NORMAL PERIOD 1981 TO 2010
CLIMATE RECORD PERIOD 1886 TO 2015


WEATHER ITEM   OBSERVED TIME   RECORD YEAR NORMAL DEPARTURE LAST
                VALUE   (LST)  VALUE       VALUE  FROM      YEAR
                                                  NORMAL
..................................................................
TEMPERATURE (F)
 TODAY
  MAXIMUM         78    146 PM 100    1931  80     -2       74
  MINIMUM         52    234 AM  45    1966  59     -7       50
  AVERAGE         65                        69     -4       62

PRECIPITATION (IN)
  TODAY            0.00          1.41 1927   0.12  -0.12     0.00
  MONTH TO DATE    1.37                      1.87  -0.50     0.51
  SINCE JUN 1      4.61                      5.75  -1.14     4.56
  SINCE JAN 1     11.55                     15.40  -3.85    15.22

SNOWFALL (IN)
  TODAY            0.0           0.0    MM   0.0    0.0      0.0
  MONTH TO DATE    0.0                       0.0    0.0      0.0
  SINCE JUN 1      0.0                       0.0    0.0      0.0
  SINCE JUL 1      0.0                       0.0    0.0      0.0
  SNOW DEPTH       0

DEGREE DAYS
 HEATING
  TODAY            0                         1     -1        3
  MONTH TO DATE   19                        16      3       13
  SINCE JUN 1     72                       108    -36       44
  SINCE JUL 1     19                        16      3       13

 COOLING
  TODAY            0                         5     -5        0
  MONTH TO DATE   50                        80    -30       44
  SINCE JUN 1    117                       163    -46      150
  SINCE JAN 1    145                       181    -36      166
..................................................................


WIND (MPH)
  HIGHEST WIND SPEED    15   HIGHEST WIND DIRECTION    SE (150)
  HIGHEST GUST SPEED    19   HIGHEST GUST DIRECTION     S (160)
  AVERAGE WIND SPEED     5.0


SKY COVER
  POSSIBLE SUNSHINE  MM
  AVERAGE SKY COVER 0.1


WEATHER CONDITIONS
 THE FOLLOWING WEATHER WAS RECORDED TODAY.
  NO SIGNIFICANT WEATHER WAS OBSERVED.


RELATIVE HUMIDITY (PERCENT)
 HIGHEST    93           200 AM
 LOWEST     54           100 PM
 AVERAGE    74

..........................................................


THE GREEN BAY WI CLIMATE NORMALS FOR TOMORROW
                         NORMAL    RECORD    YEAR
 MAXIMUM TEMPERATURE (F)   80        98      1931
 MINIMUM TEMPERATURE (F)   59        45      1958
                                             1896


SUNRISE AND SUNSET
JULY 16 2015..........SUNRISE   523 AM CDT   SUNSET   834 PM CDT
JULY 17 2015..........SUNRISE   524 AM CDT   SUNSET   833 PM CDT


-  INDICATES NEGATIVE NUMBERS.
R  INDICATES RECORD WAS SET OR TIED.
MM INDICATES DATA IS MISSING.
T  INDICATES TRACE AMOUNT.




$$
