444
CDUS43 KGRB 170627
CLIGRB


CLIMATE REPORT
NATIONAL WEATHER SERVICE GREEN BAY
126 AM CDT FRI MAR 17 2017


...................................

...THE GREEN BAY WI CLIMATE SUMMARY FOR MARCH 16 2017...

CLIMATE NORMAL PERIOD 1981 TO 2010
CLIMATE RECORD PERIOD 1886 TO 2017


WEATHER ITEM   OBSERVED TIME   RECORD YEAR NORMAL DEPARTURE LAST
                VALUE   (LST)  VALUE       VALUE  FROM      YEAR
                                                  NORMAL
..................................................................
TEMPERATURE (F)
 YESTERDAY
  MAXIMUM         39    330 PM  70    2012  39      0       46
                                      1927
  MINIMUM         21    608 AM -12    1997  22     -1       37
  AVERAGE         30                        31     -1       42

PRECIPITATION (IN)
  YESTERDAY        0.00          0.69 1982   0.06  -0.06     0.67
  MONTH TO DATE    0.77                      0.90  -0.13     1.80
  SINCE MAR 1      0.77                      0.90  -0.13     1.80
  SINCE JAN 1      4.02                      3.14   0.88     4.28

SNOWFALL (IN)
  YESTERDAY        0.0           1.8  1917   0.3   -0.3      0.0
  MONTH TO DATE    7.1                       5.1    2.0      3.7
  SINCE MAR 1      7.1                       5.1    2.0      3.7
  SINCE JUL 1     51.3                      45.3    6.0     37.5
  SNOW DEPTH       T

DEGREE DAYS
 HEATING
  YESTERDAY       35                        34      1       23
  MONTH TO DATE  601                       597      4      438
  SINCE MAR 1    601                       597      4      438
  SINCE JUL 1   5174                      6437  -1263     5249

 COOLING
  YESTERDAY        0                         0      0        0
  MONTH TO DATE    0                         0      0        0
  SINCE MAR 1      0                         0      0        0
  SINCE JAN 1      0                         0      0        0
..................................................................


WIND (MPH)
  HIGHEST WIND SPEED    14   HIGHEST WIND DIRECTION     S (180)
  HIGHEST GUST SPEED    16   HIGHEST GUST DIRECTION    SW (220)
  AVERAGE WIND SPEED     6.0


SKY COVER
  POSSIBLE SUNSHINE  MM
  AVERAGE SKY COVER 0.0


WEATHER CONDITIONS
 THE FOLLOWING WEATHER WAS RECORDED YESTERDAY.
  NO SIGNIFICANT WEATHER WAS OBSERVED.


RELATIVE HUMIDITY (PERCENT)
 HIGHEST    78          1000 PM
 LOWEST     40          1200 PM
 AVERAGE    59

..........................................................


THE GREEN BAY WI CLIMATE NORMALS FOR TODAY
                         NORMAL    RECORD    YEAR
 MAXIMUM TEMPERATURE (F)   40        78      2012
 MINIMUM TEMPERATURE (F)   23        -6      1941


SUNRISE AND SUNSET
MARCH 17 2017.........SUNRISE   701 AM CDT   SUNSET   702 PM CDT
MARCH 18 2017.........SUNRISE   659 AM CDT   SUNSET   703 PM CDT


-  INDICATES NEGATIVE NUMBERS.
R  INDICATES RECORD WAS SET OR TIED.
MM INDICATES DATA IS MISSING.
T  INDICATES TRACE AMOUNT.




$$
