000
CDUS43 KGRB 020800
CLIGRB


CLIMATE REPORT
NATIONAL WEATHER SERVICE GREEN BAY
158 AM CST TUE FEB 2 2016


...................................

...THE GREEN BAY WI CLIMATE SUMMARY FOR FEBRUARY 1 2016...

CLIMATE NORMAL PERIOD 1981 TO 2010
CLIMATE RECORD PERIOD 1886 TO 2016


WEATHER ITEM   OBSERVED TIME   RECORD YEAR NORMAL DEPARTURE LAST
                VALUE   (LST)  VALUE       VALUE  FROM      YEAR
                                                  NORMAL
..................................................................
TEMPERATURE (F)
 YESTERDAY
  MAXIMUM         39   1237 PM  42    1922  25     14       16
  MINIMUM         20   1159 PM -24    1985   9     11        8
  AVERAGE         30                        17     13       12

PRECIPITATION (IN)
  YESTERDAY        0.00          0.35 1925   0.03  -0.03      T
  MONTH TO DATE    0.00                      0.03  -0.03      T
  SINCE DEC 1      7.04                      2.67   4.37     2.24
  SINCE JAN 1      1.33                      1.16   0.17     0.56

SNOWFALL (IN)
  YESTERDAY        0.0           3.6  1908   0.4   -0.4      0.1
  MONTH TO DATE    0.0                       0.4   -0.4      0.1
  SINCE DEC 1     21.4                      26.5   -5.1     12.4
  SINCE JUL 1     21.6                      30.7   -9.1     20.6
  SNOW DEPTH       5

DEGREE DAYS
 HEATING
  YESTERDAY       35                        48    -13       53
  MONTH TO DATE   35                        48    -13       53
  SINCE DEC 1   2383                      2897   -514     2723
  SINCE JUL 1   3655                      4637   -982     4560

 COOLING
  YESTERDAY        0                         0      0        0
  MONTH TO DATE    0                         0      0        0
  SINCE DEC 1      0                         0      0        0
  SINCE JAN 1      0                         0      0        0
..................................................................


WIND (MPH)
  HIGHEST WIND SPEED    12   HIGHEST WIND DIRECTION     W (270)
  HIGHEST GUST SPEED    15   HIGHEST GUST DIRECTION     W (270)
  AVERAGE WIND SPEED     4.7


SKY COVER
  POSSIBLE SUNSHINE  MM
  AVERAGE SKY COVER 0.0


WEATHER CONDITIONS
 THE FOLLOWING WEATHER WAS RECORDED YESTERDAY.
  FOG


RELATIVE HUMIDITY (PERCENT)
 HIGHEST   100           800 AM
 LOWEST     70           100 PM
 AVERAGE    85

..........................................................


THE GREEN BAY WI CLIMATE NORMALS FOR TODAY
                         NORMAL    RECORD    YEAR
 MAXIMUM TEMPERATURE (F)   25        45      1992
 MINIMUM TEMPERATURE (F)   10       -26      1996
                                             1971


SUNRISE AND SUNSET
FEBRUARY  2 2016......SUNRISE   710 AM CST   SUNSET   502 PM CST
FEBRUARY  3 2016......SUNRISE   709 AM CST   SUNSET   504 PM CST


-  INDICATES NEGATIVE NUMBERS.
R  INDICATES RECORD WAS SET OR TIED.
MM INDICATES DATA IS MISSING.
T  INDICATES TRACE AMOUNT.

$$
