000
CDUS43 KGRB 310647
CLIGRB


CLIMATE REPORT
NATIONAL WEATHER SERVICE GREEN BAY
145 AM CDT TUE OCT 31 2017


...................................

...THE GREEN BAY WI CLIMATE SUMMARY FOR OCTOBER 30 2017...

CLIMATE NORMAL PERIOD 1981 TO 2010
CLIMATE RECORD PERIOD 1886 TO 2017


WEATHER ITEM   OBSERVED TIME   RECORD YEAR NORMAL DEPARTURE LAST
                VALUE   (LST)  VALUE       VALUE  FROM      YEAR
                                                  NORMAL
..................................................................
TEMPERATURE (F)
 YESTERDAY
  MAXIMUM         43    319 PM  75    1901  51     -8       53
  MINIMUM         35   1159 PM  12    1925  34      1       38
  AVERAGE         39                        42     -3       46

PRECIPITATION (IN)
  YESTERDAY        T             1.23 1919   0.08  -0.08     0.00
  MONTH TO DATE    3.12                      2.37   0.75     2.66
  SINCE SEP 1      4.13                      5.41  -1.28     6.95
  SINCE JAN 1     29.52                     25.81   3.71    28.57

SNOWFALL (IN)
  YESTERDAY        0.0           T    1996   0.0    0.0      0.0
                                      1993
                                      1955
  MONTH TO DATE    0.0                       0.2   -0.2      0.0
  SINCE SEP 1      0.0                       0.2   -0.2      0.0
  SINCE JUL 1      0.0                       0.2   -0.2      0.0
  SNOW DEPTH       0

DEGREE DAYS
 HEATING
  YESTERDAY       26                        23      3       19
  MONTH TO DATE  345                       534   -189      358
  SINCE SEP 1    465                       741   -276      423
  SINCE JUL 1    506                       804   -298      436

 COOLING
  YESTERDAY        0                         0      0        0
  MONTH TO DATE    8                         0      8        3
  SINCE SEP 1    100                        33     67       55
  SINCE JAN 1    477                       395     82      577
..................................................................


WIND (MPH)
  HIGHEST WIND SPEED    26   HIGHEST WIND DIRECTION     W (270)
  HIGHEST GUST SPEED    33   HIGHEST GUST DIRECTION     W (280)
  AVERAGE WIND SPEED    14.1


SKY COVER
  POSSIBLE SUNSHINE  MM
  AVERAGE SKY COVER 0.8


WEATHER CONDITIONS
 THE FOLLOWING WEATHER WAS RECORDED YESTERDAY.
  LIGHT RAIN


RELATIVE HUMIDITY (PERCENT)
 HIGHEST    92           600 AM
 LOWEST     62           100 PM
 AVERAGE    77

..........................................................


THE GREEN BAY WI CLIMATE NORMALS FOR TODAY
                         NORMAL    RECORD    YEAR
 MAXIMUM TEMPERATURE (F)   50        74      1950
 MINIMUM TEMPERATURE (F)   33        18      1917


SUNRISE AND SUNSET
OCTOBER 31 2017.......SUNRISE   729 AM CDT   SUNSET   543 PM CDT
NOVEMBER  1 2017......SUNRISE   730 AM CDT   SUNSET   541 PM CDT


-  INDICATES NEGATIVE NUMBERS.
R  INDICATES RECORD WAS SET OR TIED.
MM INDICATES DATA IS MISSING.
T  INDICATES TRACE AMOUNT.




$$
