000
CDUS43 KGRB 130756
CLIGRB


CLIMATE REPORT
NATIONAL WEATHER SERVICE GREEN BAY
256 AM CDT SAT AUG 13 2016


...................................

...THE GREEN BAY WI CLIMATE SUMMARY FOR AUGUST 12 2016...

CLIMATE NORMAL PERIOD 1981 TO 2010
CLIMATE RECORD PERIOD 1886 TO 2016


WEATHER ITEM   OBSERVED TIME   RECORD YEAR NORMAL DEPARTURE LAST
                VALUE   (LST)  VALUE       VALUE  FROM      YEAR
                                                  NORMAL
..................................................................
TEMPERATURE (F)
 YESTERDAY
  MAXIMUM         75    130 PM  94    1947  78     -3       81
  MINIMUM         69   1054 PM  44    1954  58     11       55
  AVERAGE         72                        68      4       68

PRECIPITATION (IN)
  YESTERDAY        T             1.60 1995   0.11  -0.11     0.00
  MONTH TO DATE    0.02                      1.36  -1.34     1.90
  SINCE JUN 1      7.68                      8.74  -1.06     6.94
  SINCE JAN 1     18.86                     18.39   0.47    13.88

SNOWFALL (IN)
  YESTERDAY        0.0           0.0    MM   0.0    0.0      0.0
  MONTH TO DATE    0.0                       0.0    0.0      0.0
  SINCE JUN 1      0.0                       0.0    0.0      0.0
  SINCE JUL 1      0.0                       0.0    0.0      0.0
  SNOW DEPTH       0

DEGREE DAYS
 HEATING
  YESTERDAY        0                         1     -1        0
  MONTH TO DATE    0                        12    -12        0
  SINCE JUN 1     31                       127    -96       72
  SINCE JUL 1      6                        35    -29       19

 COOLING
  YESTERDAY        7                         4      3        3
  MONTH TO DATE   93                        49     44       50
  SINCE JUN 1    391                       282    109      293
  SINCE JAN 1    424                       300    124      321
..................................................................


WIND (MPH)
  HIGHEST WIND SPEED    14   HIGHEST WIND DIRECTION    NE (60)
  HIGHEST GUST SPEED    18   HIGHEST GUST DIRECTION    NE (50)
  AVERAGE WIND SPEED     7.3


SKY COVER
  POSSIBLE SUNSHINE  MM
  AVERAGE SKY COVER 0.6


WEATHER CONDITIONS
 THE FOLLOWING WEATHER WAS RECORDED YESTERDAY.
  LIGHT RAIN


RELATIVE HUMIDITY (PERCENT)
 HIGHEST   100          1200 AM
 LOWEST     87           900 AM
 AVERAGE    94

..........................................................


THE GREEN BAY WI CLIMATE NORMALS FOR TODAY
                         NORMAL    RECORD    YEAR
 MAXIMUM TEMPERATURE (F)   78        97      1944
 MINIMUM TEMPERATURE (F)   58        44      1964


SUNRISE AND SUNSET
AUGUST 13 2016........SUNRISE   554 AM CDT   SUNSET   800 PM CDT
AUGUST 14 2016........SUNRISE   555 AM CDT   SUNSET   759 PM CDT


-  INDICATES NEGATIVE NUMBERS.
R  INDICATES RECORD WAS SET OR TIED.
MM INDICATES DATA IS MISSING.
T  INDICATES TRACE AMOUNT.




$$
