000
CDUS43 KGRB 170648
CLIGRB


CLIMATE REPORT
NATIONAL WEATHER SERVICE GREEN BAY
147 AM CDT SUN AUG 17 2014


...................................

...THE GREEN BAY WI CLIMATE SUMMARY FOR AUGUST 16 2014...

CLIMATE NORMAL PERIOD 1981 TO 2010
CLIMATE RECORD PERIOD 1886 TO 2014


WEATHER ITEM   OBSERVED TIME   RECORD YEAR NORMAL DEPARTURE LAST
                VALUE   (LST)  VALUE       VALUE  FROM      YEAR
                                                  NORMAL
..................................................................
TEMPERATURE (F)
 YESTERDAY
  MAXIMUM         79    308 PM  99    1988  78      1       82
  MINIMUM         62   1159 PM  44    1992  57      5       51
  AVERAGE         71                        68      3       67

PRECIPITATION (IN)
  YESTERDAY        0.01          2.36 1907   0.11  -0.10     0.00
  MONTH TO DATE    1.67                      1.82  -0.15     0.74
  SINCE JUN 1      6.93                      9.20  -2.27     7.91
  SINCE JAN 1     17.59                     18.85  -1.26    21.68

SNOWFALL (IN)
  YESTERDAY        0.0           0.0    MM   0.0    0.0      0.0
  MONTH TO DATE    0.0                       0.0    0.0      0.0
  SINCE JUN 1      0.0                       0.0    0.0      0.0
  SINCE JUL 1      0.0                       0.0    0.0      0.0
  SNOW DEPTH       0

DEGREE DAYS
 HEATING
  YESTERDAY        0                         1     -1        0
  MONTH TO DATE    8                        16     -8       18
  SINCE JUN 1     54                       131    -77      112
  SINCE JUL 1     23                        39    -16       40

 COOLING
  YESTERDAY        6                         4      2        2
  MONTH TO DATE   56                        65     -9       22
  SINCE JUN 1    261                       298    -37      325
  SINCE JAN 1    277                       316    -39      363
..................................................................


WIND (MPH)
  HIGHEST WIND SPEED    18   HIGHEST WIND DIRECTION    NE (50)
  HIGHEST GUST SPEED    23   HIGHEST GUST DIRECTION     W (250)
  AVERAGE WIND SPEED     9.3


SKY COVER
  POSSIBLE SUNSHINE  MM
  AVERAGE SKY COVER 0.6


WEATHER CONDITIONS
 THE FOLLOWING WEATHER WAS RECORDED YESTERDAY.
  LIGHT RAIN


RELATIVE HUMIDITY (PERCENT)
 HIGHEST    93           400 AM
 LOWEST     74           300 PM
 AVERAGE    84

..........................................................


THE GREEN BAY WI CLIMATE NORMALS FOR TODAY
                         NORMAL    RECORD    YEAR
 MAXIMUM TEMPERATURE (F)   78        96      1947
 MINIMUM TEMPERATURE (F)   57        42      1954


SUNRISE AND SUNSET
AUGUST 17 2014........SUNRISE   558 AM CDT   SUNSET   755 PM CDT
AUGUST 18 2014........SUNRISE   559 AM CDT   SUNSET   753 PM CDT


-  INDICATES NEGATIVE NUMBERS.
R  INDICATES RECORD WAS SET OR TIED.
MM INDICATES DATA IS MISSING.
T  INDICATES TRACE AMOUNT.




$$
