000
CDUS43 KGRB 300650
CLIGRB


CLIMATE REPORT
NATIONAL WEATHER SERVICE GREEN BAY
1249 AM CST WED NOV 30 2016


...................................

...THE GREEN BAY WI CLIMATE SUMMARY FOR NOVEMBER 29 2016...

CLIMATE NORMAL PERIOD 1981 TO 2010
CLIMATE RECORD PERIOD 1886 TO 2016


WEATHER ITEM   OBSERVED TIME   RECORD YEAR NORMAL DEPARTURE LAST
                VALUE   (LST)  VALUE       VALUE  FROM      YEAR
                                                  NORMAL
..................................................................
TEMPERATURE (F)
 YESTERDAY
  MAXIMUM         50    232 AM  63    1998  35     15       38
  MINIMUM         32   1129 PM  -9    1976  21     11       18
  AVERAGE         41                        28     13       28

PRECIPITATION (IN)
  YESTERDAY        0.05          1.21 1975   0.07  -0.02     0.00
  MONTH TO DATE    2.23                      2.06   0.17     2.38
  SINCE SEP 1      9.18                      7.54   1.64    10.87
  SINCE JAN 1     30.80                     27.94   2.86    27.07

SNOWFALL (IN)
  YESTERDAY        0.0           4.6  1988   0.2   -0.2      0.0
  MONTH TO DATE    0.9                       3.7   -2.8      0.2
  SINCE SEP 1      0.9                       3.9   -3.0      0.2
  SINCE JUL 1      0.9                       3.9   -3.0      0.2
  SNOW DEPTH       0

DEGREE DAYS
 HEATING
  YESTERDAY       24                        37    -13       37
  MONTH TO DATE  579                       879   -300      666
  SINCE SEP 1   1020                      1642   -622     1191
  SINCE JUL 1   1033                      1705   -672     1241

 COOLING
  YESTERDAY        0                         0      0        0
  MONTH TO DATE    0                         0      0        0
  SINCE SEP 1     55                        36     19      115
  SINCE JAN 1    577                       398    179      517
..................................................................


WIND (MPH)
  HIGHEST WIND SPEED    23   HIGHEST WIND DIRECTION    SW (210)
  HIGHEST GUST SPEED    36   HIGHEST GUST DIRECTION     S (200)
  AVERAGE WIND SPEED    10.6


SKY COVER
  POSSIBLE SUNSHINE  MM
  AVERAGE SKY COVER 0.4


WEATHER CONDITIONS
 THE FOLLOWING WEATHER WAS RECORDED YESTERDAY.
  HEAVY RAIN
  RAIN
  LIGHT RAIN
  FOG


RELATIVE HUMIDITY (PERCENT)
 HIGHEST   100          1100 PM
 LOWEST     65           400 PM
 AVERAGE    83

..........................................................


THE GREEN BAY WI CLIMATE NORMALS FOR TODAY
                         NORMAL    RECORD    YEAR
 MAXIMUM TEMPERATURE (F)   35        63      1998
 MINIMUM TEMPERATURE (F)   20        -8      1976


SUNRISE AND SUNSET
NOVEMBER 30 2016......SUNRISE   708 AM CST   SUNSET   414 PM CST
DECEMBER  1 2016......SUNRISE   709 AM CST   SUNSET   414 PM CST


-  INDICATES NEGATIVE NUMBERS.
R  INDICATES RECORD WAS SET OR TIED.
MM INDICATES DATA IS MISSING.
T  INDICATES TRACE AMOUNT.




$$
