000
CDUS43 KGRB 020735
CLIGRB


CLIMATE REPORT
NATIONAL WEATHER SERVICE GREEN BAY
234 AM CDT SUN APR 2 2017


...................................

...THE GREEN BAY WI CLIMATE SUMMARY FOR APRIL 1 2017...

CLIMATE NORMAL PERIOD 1981 TO 2010
CLIMATE RECORD PERIOD 1886 TO 2017


WEATHER ITEM   OBSERVED TIME   RECORD YEAR NORMAL DEPARTURE LAST
                VALUE   (LST)  VALUE       VALUE  FROM      YEAR
                                                  NORMAL
..................................................................
TEMPERATURE (F)
 YESTERDAY
  MAXIMUM         63    245 PM  75    2010  47     16       48
  MINIMUM         31   1242 AM  11    1972  29      2       30
                                      1924
  AVERAGE         47                        38      9       39

PRECIPITATION (IN)
  YESTERDAY        0.00          0.49 1929   0.08  -0.08     0.03
  MONTH TO DATE    0.00                      0.08  -0.08     0.03
  SINCE MAR 1      2.30                      1.93   0.37     4.08
  SINCE JAN 1      5.55                      4.17   1.38     6.56

SNOWFALL (IN)
  YESTERDAY        0.0           9.2  1929   0.2   -0.2       T
  MONTH TO DATE    0.0                       0.2   -0.2       T
  SINCE MAR 1      9.0                       8.3    0.7     11.8
  SINCE JUL 1     53.2                      48.5    4.7     45.6
  SNOW DEPTH       0

DEGREE DAYS
 HEATING
  YESTERDAY       18                        27     -9       26
  MONTH TO DATE   18                        27     -9       26
  SINCE MAR 1   1042                      1087    -45      891
  SINCE JUL 1   5615                      6927  -1312     5702

 COOLING
  YESTERDAY        0                         0      0        0
  MONTH TO DATE    0                         0      0        0
  SINCE MAR 1      0                         0      0        0
  SINCE JAN 1      0                         0      0        0
..................................................................


WIND (MPH)
  HIGHEST WIND SPEED    14   HIGHEST WIND DIRECTION    SW (210)
  HIGHEST GUST SPEED    17   HIGHEST GUST DIRECTION    SW (210)
  AVERAGE WIND SPEED     5.8


SKY COVER
  POSSIBLE SUNSHINE  MM
  AVERAGE SKY COVER 0.1


WEATHER CONDITIONS
 THE FOLLOWING WEATHER WAS RECORDED YESTERDAY.
  NO SIGNIFICANT WEATHER WAS OBSERVED.


RELATIVE HUMIDITY (PERCENT)
 HIGHEST    92           100 AM
 LOWEST     32           300 PM
 AVERAGE    62

..........................................................


THE GREEN BAY WI CLIMATE NORMALS FOR TODAY
                         NORMAL    RECORD    YEAR
 MAXIMUM TEMPERATURE (F)   47        80      1963
 MINIMUM TEMPERATURE (F)   29        11      1954
                                             1896


SUNRISE AND SUNSET
APRIL  2 2017.........SUNRISE   631 AM CDT   SUNSET   721 PM CDT
APRIL  3 2017.........SUNRISE   629 AM CDT   SUNSET   723 PM CDT


-  INDICATES NEGATIVE NUMBERS.
R  INDICATES RECORD WAS SET OR TIED.
MM INDICATES DATA IS MISSING.
T  INDICATES TRACE AMOUNT.

$$
