000
CDUS43 KGRB 020733
CLIGRB


CLIMATE REPORT
NATIONAL WEATHER SERVICE GREEN BAY
233 AM CDT TUE MAY 2 2017


...................................

...THE GREEN BAY WI CLIMATE SUMMARY FOR MAY 1 2017...

CLIMATE NORMAL PERIOD 1981 TO 2010
CLIMATE RECORD PERIOD 1886 TO 2017


WEATHER ITEM   OBSERVED TIME   RECORD YEAR NORMAL DEPARTURE LAST
                VALUE   (LST)  VALUE       VALUE  FROM      YEAR
                                                  NORMAL
..................................................................
TEMPERATURE (F)
 YESTERDAY
  MAXIMUM         56    212 PM  90    1952  61     -5       57
  MINIMUM         39    449 AM  25    1978  39      0       41
  AVERAGE         48                        50     -2       49

PRECIPITATION (IN)
  YESTERDAY        0.63          1.19 1973   0.08   0.55     0.02
  MONTH TO DATE    0.63                      0.08   0.55     0.02
  SINCE MAR 1      7.41                      4.56   2.85     5.36
  SINCE JAN 1     10.66                      6.80   3.86     7.84

SNOWFALL (IN)
  YESTERDAY        0.0           2.0  1911   0.0    0.0      0.0
  MONTH TO DATE    0.0                       0.0    0.0      0.0
  SINCE MAR 1      9.0                      11.0   -2.0     16.2
  SINCE JUL 1     53.2                      51.2    2.0     50.0
  SNOW DEPTH       0

DEGREE DAYS
 HEATING
  YESTERDAY       17                        15      2       16
  MONTH TO DATE   17                        15      2       16
  SINCE MAR 1   1528                      1712   -184     1553
  SINCE JUL 1   6101                      7552  -1451     6364

 COOLING
  YESTERDAY        0                         0      0        0
  MONTH TO DATE    0                         0      0        0
  SINCE MAR 1      0                         2     -2        0
  SINCE JAN 1      0                         2     -2        0
..................................................................


WIND (MPH)
  HIGHEST WIND SPEED    28   HIGHEST WIND DIRECTION    NE (40)
  HIGHEST GUST SPEED    32   HIGHEST GUST DIRECTION    NE (60)
  AVERAGE WIND SPEED    10.7


SKY COVER
  POSSIBLE SUNSHINE  MM
  AVERAGE SKY COVER 0.9


WEATHER CONDITIONS
 THE FOLLOWING WEATHER WAS RECORDED YESTERDAY.
  HEAVY RAIN
  RAIN
  LIGHT RAIN
  FOG


RELATIVE HUMIDITY (PERCENT)
 HIGHEST   100           200 AM
 LOWEST     71           100 PM
 AVERAGE    86

..........................................................


THE GREEN BAY WI CLIMATE NORMALS FOR TODAY
                         NORMAL    RECORD    YEAR
 MAXIMUM TEMPERATURE (F)   61        91      1959
 MINIMUM TEMPERATURE (F)   39        22      1911


SUNRISE AND SUNSET
MAY  2 2017...........SUNRISE   541 AM CDT   SUNSET   758 PM CDT
MAY  3 2017...........SUNRISE   540 AM CDT   SUNSET   800 PM CDT


-  INDICATES NEGATIVE NUMBERS.
R  INDICATES RECORD WAS SET OR TIED.
MM INDICATES DATA IS MISSING.
T  INDICATES TRACE AMOUNT.




$$
