000
CDUS43 KGRB 300628
CLIGRB


CLIMATE REPORT
NATIONAL WEATHER SERVICE GREEN BAY
128 AM CDT SAT SEP 30 2017


...................................

...THE GREEN BAY WI CLIMATE SUMMARY FOR SEPTEMBER 29 2017...

CLIMATE NORMAL PERIOD 1981 TO 2010
CLIMATE RECORD PERIOD 1886 TO 2017


WEATHER ITEM   OBSERVED TIME   RECORD YEAR NORMAL DEPARTURE LAST
                VALUE   (LST)  VALUE       VALUE  FROM      YEAR
                                                  NORMAL
..................................................................
TEMPERATURE (F)
 YESTERDAY
  MAXIMUM         65    240 PM  86    1898  64      1       69
  MINIMUM         45   1159 PM  24    1949  43      2       51
  AVERAGE         55                        54      1       60

PRECIPITATION (IN)
  YESTERDAY        0.00          0.94 1901   0.09  -0.09     0.00
  MONTH TO DATE    1.01                      2.95  -1.94     4.27
  SINCE SEP 1      1.01                      2.95  -1.94     4.27
  SINCE JAN 1     26.40                     23.35   3.05    25.89

SNOWFALL (IN)
  YESTERDAY        0.0           0.0    MM   0.0    0.0      0.0
  MONTH TO DATE    0.0                       0.0    0.0      0.0
  SINCE SEP 1      0.0                       0.0    0.0      0.0
  SINCE JUL 1      0.0                       0.0    0.0      0.0
  SNOW DEPTH       0

DEGREE DAYS
 HEATING
  YESTERDAY       10                        12     -2        5
  MONTH TO DATE  107                       195    -88       60
  SINCE SEP 1    107                       195    -88       60
  SINCE JUL 1    148                       258   -110       73

 COOLING
  YESTERDAY        0                         0      0        0
  MONTH TO DATE   92                        32     60       52
  SINCE SEP 1     92                        32     60       52
  SINCE JAN 1    469                       394     75      574
..................................................................


WIND (MPH)
  HIGHEST WIND SPEED    20   HIGHEST WIND DIRECTION     N (350)
  HIGHEST GUST SPEED    24   HIGHEST GUST DIRECTION     N (10)
  AVERAGE WIND SPEED     9.1


SKY COVER
  POSSIBLE SUNSHINE  MM
  AVERAGE SKY COVER 0.3


WEATHER CONDITIONS
 THE FOLLOWING WEATHER WAS RECORDED YESTERDAY.
  NO SIGNIFICANT WEATHER WAS OBSERVED.


RELATIVE HUMIDITY (PERCENT)
 HIGHEST   100           100 AM
 LOWEST     52           100 PM
 AVERAGE    76

..........................................................


THE GREEN BAY WI CLIMATE NORMALS FOR TODAY
                         NORMAL    RECORD    YEAR
 MAXIMUM TEMPERATURE (F)   64        87      1897
 MINIMUM TEMPERATURE (F)   43        25      1899


SUNRISE AND SUNSET
SEPTEMBER 30 2017.....SUNRISE   649 AM CDT   SUNSET   635 PM CDT
OCTOBER  1 2017.......SUNRISE   651 AM CDT   SUNSET   633 PM CDT


-  INDICATES NEGATIVE NUMBERS.
R  INDICATES RECORD WAS SET OR TIED.
MM INDICATES DATA IS MISSING.
T  INDICATES TRACE AMOUNT.




$$
