000
CDUS43 KGRB 150644
CLIGRB


CLIMATE REPORT
NATIONAL WEATHER SERVICE GREEN BAY
141 AM CDT THU JUN 15 2017


...................................

...THE GREEN BAY WI CLIMATE SUMMARY FOR JUNE 14 2017...

CLIMATE NORMAL PERIOD 1981 TO 2010
CLIMATE RECORD PERIOD 1886 TO 2017


WEATHER ITEM   OBSERVED TIME   RECORD YEAR NORMAL DEPARTURE LAST
                VALUE   (LST)  VALUE       VALUE  FROM      YEAR
                                                  NORMAL
..................................................................
TEMPERATURE (F)
 YESTERDAY
  MAXIMUM         83    158 PM  97    1987  75      8       75
  MINIMUM         62    101 AM  34    1958  54      8       57
  AVERAGE         73                        64      9       66

PRECIPITATION (IN)
  YESTERDAY        0.46          1.62 1899   0.14   0.32     0.00
  MONTH TO DATE    1.77                      1.84  -0.07     2.63
  SINCE JUN 1      1.77                      1.84  -0.07     2.63
  SINCE JAN 1     14.77                     11.49   3.28    13.81

SNOWFALL (IN)
  YESTERDAY        0.0           0.0    MM   0.0    0.0      0.0
  MONTH TO DATE    0.0                       0.0    0.0      0.0
  SINCE JUN 1      0.0                       0.0    0.0      0.0
  SINCE JUL 1     53.2                      51.4    1.8     50.0
  SNOW DEPTH       0

DEGREE DAYS
 HEATING
  YESTERDAY        0                         3     -3        0
  MONTH TO DATE    7                        61    -54       24
  SINCE JUN 1      7                        61    -54       24
  SINCE JUL 1   6394                      7924  -1530     6621

 COOLING
  YESTERDAY        8                         3      5        1
  MONTH TO DATE   66                        24     42       26
  SINCE JUN 1     66                        24     42       26
  SINCE JAN 1     74                        42     32       59
..................................................................


WIND (MPH)
  HIGHEST WIND SPEED    40   HIGHEST WIND DIRECTION    SW (210)
  HIGHEST GUST SPEED    53   HIGHEST GUST DIRECTION    SW (210)
  AVERAGE WIND SPEED     9.0


SKY COVER
  POSSIBLE SUNSHINE  MM
  AVERAGE SKY COVER 0.2


WEATHER CONDITIONS
 THE FOLLOWING WEATHER WAS RECORDED YESTERDAY.
  THUNDERSTORM
  HEAVY RAIN
  RAIN
  LIGHT RAIN
  FOG
  HAZE


RELATIVE HUMIDITY (PERCENT)
 HIGHEST   100           500 PM
 LOWEST     74          1200 PM
 AVERAGE    87

..........................................................


THE GREEN BAY WI CLIMATE NORMALS FOR TODAY
                         NORMAL    RECORD    YEAR
 MAXIMUM TEMPERATURE (F)   75        93      2012
 MINIMUM TEMPERATURE (F)   54        38      1964


SUNRISE AND SUNSET
JUNE 15 2017..........SUNRISE   507 AM CDT   SUNSET   839 PM CDT
JUNE 16 2017..........SUNRISE   507 AM CDT   SUNSET   840 PM CDT


-  INDICATES NEGATIVE NUMBERS.
R  INDICATES RECORD WAS SET OR TIED.
MM INDICATES DATA IS MISSING.
T  INDICATES TRACE AMOUNT.




$$
