000
CDUS43 KGRB 020638
CLIGRB


CLIMATE REPORT
NATIONAL WEATHER SERVICE GREEN BAY
1236 AM CST MON JAN 2 2017


...................................

...THE GREEN BAY WI CLIMATE SUMMARY FOR JANUARY 1 2017...

CLIMATE NORMAL PERIOD 1981 TO 2010
CLIMATE RECORD PERIOD 1886 TO 2017


WEATHER ITEM   OBSERVED TIME   RECORD YEAR NORMAL DEPARTURE LAST
                VALUE   (LST)  VALUE       VALUE  FROM      YEAR
                                                  NORMAL
..................................................................
TEMPERATURE (F)
 YESTERDAY
  MAXIMUM         34    252 PM  51    1897  25      9       25
  MINIMUM         21    805 AM -20    1968  10     11       17
  AVERAGE         28                        18     10       21

PRECIPITATION (IN)
  YESTERDAY        0.00          1.22 1892   0.04  -0.04      T
  MONTH TO DATE    0.00                      0.04  -0.04      T
  SINCE DEC 1      2.25                      1.55   0.70     5.71
  SINCE JAN 1      0.00                      0.04  -0.04      T

SNOWFALL (IN)
  YESTERDAY        0.0           6.0  1891   0.4   -0.4       T
  MONTH TO DATE    0.0                       0.4   -0.4       T
  SINCE DEC 1     23.1                      13.5    9.6     13.7
  SINCE JUL 1     24.0                      17.7    6.3     13.9
  SNOW DEPTH       3

DEGREE DAYS
 HEATING
  YESTERDAY       37                        48    -11       44
  MONTH TO DATE   37                        48    -11       44
  SINCE DEC 1   1288                      1398   -110      982
  SINCE JUL 1   2350                      3138   -788     2254

 COOLING
  YESTERDAY        0                         0      0        0
  MONTH TO DATE    0                         0      0        0
  SINCE DEC 1      0                         0      0        0
  SINCE JAN 1      0                         0      0        0
..................................................................


WIND (MPH)
  HIGHEST WIND SPEED    14   HIGHEST WIND DIRECTION     W (260)
  HIGHEST GUST SPEED    18   HIGHEST GUST DIRECTION     S (200)
  AVERAGE WIND SPEED     6.7


SKY COVER
  POSSIBLE SUNSHINE  MM
  AVERAGE SKY COVER 0.2


WEATHER CONDITIONS
 THE FOLLOWING WEATHER WAS RECORDED YESTERDAY.
  NO SIGNIFICANT WEATHER WAS OBSERVED.


RELATIVE HUMIDITY (PERCENT)
 HIGHEST    85          1100 PM
 LOWEST     59          1200 PM
 AVERAGE    72

..........................................................


THE GREEN BAY WI CLIMATE NORMALS FOR TODAY
                         NORMAL    RECORD    YEAR
 MAXIMUM TEMPERATURE (F)   25        49      1897
 MINIMUM TEMPERATURE (F)   10       -20      1979


SUNRISE AND SUNSET
JANUARY  2 2017.......SUNRISE   729 AM CST   SUNSET   425 PM CST
JANUARY  3 2017.......SUNRISE   729 AM CST   SUNSET   426 PM CST


-  INDICATES NEGATIVE NUMBERS.
R  INDICATES RECORD WAS SET OR TIED.
MM INDICATES DATA IS MISSING.
T  INDICATES TRACE AMOUNT.




$$
