000
CDUS43 KGRB 160708
CLIGRB

CLIMATE REPORT
NATIONAL WEATHER SERVICE GREEN BAY
205 AM CDT MON MAY 16 2016

...................................

...THE GREEN BAY WI CLIMATE SUMMARY FOR MAY 15 2016...

CLIMATE NORMAL PERIOD 1981 TO 2010
CLIMATE RECORD PERIOD 1886 TO 2016

WEATHER ITEM   OBSERVED TIME   RECORD YEAR NORMAL DEPARTURE LAST
                VALUE   (LST)  VALUE       VALUE  FROM      YEAR
                                                  NORMAL
..................................................................
TEMPERATURE (F)
 YESTERDAY
  MAXIMUM         57    540 PM  87    1991  66     -9       69
  MINIMUM         31    417 AM  29    1929  44    -13       49
  AVERAGE         44                        55    -11       59

PRECIPITATION (IN)
  YESTERDAY        0.00          1.50 1894   0.08  -0.08     0.07
  MONTH TO DATE    1.28                      1.26   0.02     0.99
  SINCE MAR 1      6.62                      5.74   0.88     3.52
  SINCE JAN 1      9.10                      7.98   1.12     4.49

SNOWFALL (IN)
  YESTERDAY        0.0           T    1997   0.1   -0.1      0.0
  MONTH TO DATE    T                         0.2   -0.2      0.0
  SINCE MAR 1     16.2                      11.2    5.0      4.2
  SINCE JUL 1     50.0                      51.4   -1.4     32.7
  SNOW DEPTH       0

DEGREE DAYS
 HEATING
  YESTERDAY       21                        11     10        6
  MONTH TO DATE  194                       192      2      114
  SINCE MAR 1   1731                      1889   -158     1646
  SINCE JUL 1   6542                      7729  -1187     7684

COOLING
  YESTERDAY        0                         0      0        0
  MONTH TO DATE    1                         0      1        7
  SINCE MAR 1      1                         2     -1        7
  SINCE JAN 1      1                         2     -1        7
..................................................................

WIND (MPH)
  HIGHEST WIND SPEED    22   HIGHEST WIND DIRECTION    NW (300)
  HIGHEST GUST SPEED    29   HIGHEST GUST DIRECTION     W (270)
  AVERAGE WIND SPEED    10.1

SKY COVER
  POSSIBLE SUNSHINE  MM
  AVERAGE SKY COVER 0.6

WEATHER CONDITIONS
 THE FOLLOWING WEATHER WAS RECORDED YESTERDAY.
  NO SIGNIFICANT WEATHER WAS OBSERVED.

RELATIVE HUMIDITY (PERCENT)
 HIGHEST    82           100 AM
 LOWEST     36           400 PM
 AVERAGE    59
..........................................................

THE GREEN BAY WI CLIMATE NORMALS FOR TODAY
                         NORMAL    RECORD    YEAR
 MAXIMUM TEMPERATURE (F)   66        87      1977
 MINIMUM TEMPERATURE (F)   44        28      1956
                                             1929

SUNRISE AND SUNSET
MAY 16 2016...........SUNRISE   523 AM CDT   SUNSET   815 PM CDT
MAY 17 2016...........SUNRISE   522 AM CDT   SUNSET   816 PM CDT

-  INDICATES NEGATIVE NUMBERS.
R  INDICATES RECORD WAS SET OR TIED.
MM INDICATES DATA IS MISSING.
T  INDICATES TRACE AMOUNT.

$$
