341
CDUS43 KGRB 280637
CLIGRB


CLIMATE REPORT
NATIONAL WEATHER SERVICE GREEN BAY
1236 AM CST THU JAN 28 2016


...................................

...THE GREEN BAY WI CLIMATE SUMMARY FOR JANUARY 27 2016...

CLIMATE NORMAL PERIOD 1981 TO 2010
CLIMATE RECORD PERIOD 1886 TO 2016


WEATHER ITEM   OBSERVED TIME   RECORD YEAR NORMAL DEPARTURE LAST
                VALUE   (LST)  VALUE       VALUE  FROM      YEAR
                                                  NORMAL
..................................................................
TEMPERATURE (F)
 YESTERDAY
  MAXIMUM         35   1159 PM  51    2006  25     10       28
  MINIMUM         23    951 AM -19    1904   9     14       11
  AVERAGE         29                        17     12       20

PRECIPITATION (IN)
  YESTERDAY        T             0.52 1916   0.04  -0.04      T
  MONTH TO DATE    1.25                      1.00   0.25     0.56
  SINCE DEC 1      6.96                      2.51   4.45     2.24
  SINCE JAN 1      1.25                      1.00   0.25     0.56

SNOWFALL (IN)
  YESTERDAY        T             4.1  1996   0.4   -0.4      0.1
  MONTH TO DATE    7.7                      11.3   -3.6      8.8
  SINCE DEC 1     21.4                      24.4   -3.0     12.3
  SINCE JUL 1     21.6                      28.6   -7.0     20.5
  SNOW DEPTH       8

DEGREE DAYS
 HEATING
  YESTERDAY       36                        48    -12       45
  MONTH TO DATE 1258                      1310    -52     1293
  SINCE DEC 1   2196                      2660   -464     2501
  SINCE JUL 1   3468                      4400   -932     4338

 COOLING
  YESTERDAY        0                         0      0        0
  MONTH TO DATE    0                         0      0        0
  SINCE DEC 1      0                         0      0        0
  SINCE JAN 1      0                         0      0        0
..................................................................


WIND (MPH)
  HIGHEST WIND SPEED    25   HIGHEST WIND DIRECTION     S (200)
  HIGHEST GUST SPEED    32   HIGHEST GUST DIRECTION     S (200)
  AVERAGE WIND SPEED    13.2


SKY COVER
  POSSIBLE SUNSHINE  MM
  AVERAGE SKY COVER 0.8


WEATHER CONDITIONS
 THE FOLLOWING WEATHER WAS RECORDED YESTERDAY.
  LIGHT SNOW


RELATIVE HUMIDITY (PERCENT)
 HIGHEST    88           600 AM
 LOWEST     63          1200 PM
 AVERAGE    76

..........................................................


THE GREEN BAY WI CLIMATE NORMALS FOR TODAY
                         NORMAL    RECORD    YEAR
 MAXIMUM TEMPERATURE (F)   25        46      1914
 MINIMUM TEMPERATURE (F)    9       -21      1966
                                             1915


SUNRISE AND SUNSET
JANUARY 28 2016.......SUNRISE   716 AM CST   SUNSET   455 PM CST
JANUARY 29 2016.......SUNRISE   715 AM CST   SUNSET   457 PM CST


-  INDICATES NEGATIVE NUMBERS.
R  INDICATES RECORD WAS SET OR TIED.
MM INDICATES DATA IS MISSING.
T  INDICATES TRACE AMOUNT.




$$
