000
CDUS43 KGRB 300747
CLIGRB


CLIMATE REPORT
NATIONAL WEATHER SERVICE GREEN BAY
247 AM CDT THU JUN 30 2016


...................................

...THE GREEN BAY WI CLIMATE SUMMARY FOR JUNE 29 2016...

CLIMATE NORMAL PERIOD 1981 TO 2010
CLIMATE RECORD PERIOD 1886 TO 2016


WEATHER ITEM   OBSERVED TIME   RECORD YEAR NORMAL DEPARTURE LAST
                VALUE   (LST)  VALUE       VALUE  FROM      YEAR
                                                  NORMAL
..................................................................
TEMPERATURE (F)
 YESTERDAY
  MAXIMUM         78    434 PM 100    1931  79     -1       80
  MINIMUM         51    437 AM  43    1988  58     -7       57
  AVERAGE         65                        68     -3       69

PRECIPITATION (IN)
  YESTERDAY        0.00          2.21 1897   0.13  -0.13     0.84
  MONTH TO DATE    4.24                      3.76   0.48     3.24
  SINCE JUN 1      4.24                      3.76   0.48     3.24
  SINCE JAN 1     15.42                     13.41   2.01    10.18

SNOWFALL (IN)
  YESTERDAY        0.0           0.0    MM   0.0    0.0      0.0
  MONTH TO DATE    0.0                       0.0    0.0      0.0
  SINCE JUN 1      0.0                       0.0    0.0      0.0
  SINCE JUL 1     50.0                      51.4   -1.4     32.7
  SNOW DEPTH       0

DEGREE DAYS
 HEATING
  YESTERDAY        0                         1     -1        0
  MONTH TO DATE   25                        90    -65       49
  SINCE JUN 1     25                        90    -65       49
  SINCE JUL 1   6622                      7953  -1331     7829

 COOLING
  YESTERDAY        0                         4     -4        4
  MONTH TO DATE   99                        78     21       67
  SINCE JUN 1     99                        78     21       67
  SINCE JAN 1    132                        96     36       95
..................................................................


WIND (MPH)
  HIGHEST WIND SPEED    10   HIGHEST WIND DIRECTION     W (270)
  HIGHEST GUST SPEED    14   HIGHEST GUST DIRECTION     W (260)
  AVERAGE WIND SPEED     3.9


SKY COVER
  POSSIBLE SUNSHINE  MM
  AVERAGE SKY COVER 0.2


WEATHER CONDITIONS
 THE FOLLOWING WEATHER WAS RECORDED YESTERDAY.
  NO SIGNIFICANT WEATHER WAS OBSERVED.


RELATIVE HUMIDITY (PERCENT)
 HIGHEST    96           500 AM
 LOWEST     36           400 PM
 AVERAGE    66

..........................................................


THE GREEN BAY WI CLIMATE NORMALS FOR TODAY
                         NORMAL    RECORD    YEAR
 MAXIMUM TEMPERATURE (F)   79       100      1931
                                             1910
 MINIMUM TEMPERATURE (F)   58        44      1943
                                             1900


SUNRISE AND SUNSET
JUNE 30 2016..........SUNRISE   511 AM CDT   SUNSET   841 PM CDT
JULY  1 2016..........SUNRISE   512 AM CDT   SUNSET   841 PM CDT


-  INDICATES NEGATIVE NUMBERS.
R  INDICATES RECORD WAS SET OR TIED.
MM INDICATES DATA IS MISSING.
T  INDICATES TRACE AMOUNT.




$$
