000
CDUS43 KGRB 052209
CLIGRB


CLIMATE REPORT
NATIONAL WEATHER SERVICE GREEN BAY
408 PM CST SUN FEB 5 2017


...................................

...THE GREEN BAY WI CLIMATE SUMMARY FOR FEBRUARY 5 2017...
VALID TODAY AS OF 0400 PM LOCAL TIME.

CLIMATE NORMAL PERIOD 1981 TO 2010
CLIMATE RECORD PERIOD 1886 TO 2017


WEATHER ITEM   OBSERVED TIME   RECORD YEAR NORMAL DEPARTURE LAST
                VALUE   (LST)  VALUE       VALUE  FROM      YEAR
                                                  NORMAL
..................................................................
TEMPERATURE (F)
 TODAY
  MAXIMUM         31    259 PM  50    2005  26      5       26
  MINIMUM         27    704 AM -24    1895  10     17       10
  AVERAGE         29                        18     11       18

PRECIPITATION (IN)
  TODAY            T             0.58 1953   0.03  -0.03      T
  MONTH TO DATE    T                         0.16  -0.16     0.87
  SINCE DEC 1      4.68                      2.80   1.88     7.91
  SINCE JAN 1      2.43                      1.29   1.14     2.20

SNOWFALL (IN)
  TODAY            T             6.0  1908   0.3   -0.3       T
  MONTH TO DATE    T                         1.9   -1.9      8.5
  SINCE DEC 1     37.7                      28.0    9.7     29.9
  SINCE JUL 1     38.6                      32.2    6.4     30.1
  SNOW DEPTH       3

DEGREE DAYS
 HEATING
  TODAY           36                        47    -11       47
  MONTH TO DATE  244                       237      7      205
  SINCE DEC 1   2775                      3086   -311     2553
  SINCE JUL 1   3837                      4826   -989     3825

 COOLING
  TODAY            0                         0      0        0
  MONTH TO DATE    0                         0      0        0
  SINCE DEC 1      0                         0      0        0
  SINCE JAN 1      0                         0      0        0
..................................................................


WIND (MPH)
  HIGHEST WIND SPEED    18   HIGHEST WIND DIRECTION     W (280)
  HIGHEST GUST SPEED    22   HIGHEST GUST DIRECTION    NW (310)
  AVERAGE WIND SPEED    11.0


SKY COVER
  POSSIBLE SUNSHINE  MM
  AVERAGE SKY COVER 0.7


WEATHER CONDITIONS
 THE FOLLOWING WEATHER WAS RECORDED TODAY.
  LIGHT SNOW


RELATIVE HUMIDITY (PERCENT)
 HIGHEST    78           800 AM
 LOWEST     49           300 PM
 AVERAGE    64

..........................................................


THE GREEN BAY WI CLIMATE NORMALS FOR TOMORROW
                         NORMAL    RECORD    YEAR
 MAXIMUM TEMPERATURE (F)   26        50      1925
 MINIMUM TEMPERATURE (F)   10       -22      1936


SUNRISE AND SUNSET
FEBRUARY  5 2017......SUNRISE   706 AM CST   SUNSET   508 PM CST
FEBRUARY  6 2017......SUNRISE   705 AM CST   SUNSET   509 PM CST


-  INDICATES NEGATIVE NUMBERS.
R  INDICATES RECORD WAS SET OR TIED.
MM INDICATES DATA IS MISSING.
T  INDICATES TRACE AMOUNT.




$$
