000
CDUS43 KGRB 022133
CLIGRB


CLIMATE REPORT
NATIONAL WEATHER SERVICE GREEN BAY
432 PM CDT TUE MAY 2 2017


...................................

...THE GREEN BAY WI CLIMATE SUMMARY FOR MAY 2 2017...
VALID TODAY AS OF 0400 PM LOCAL TIME.

CLIMATE NORMAL PERIOD 1981 TO 2010
CLIMATE RECORD PERIOD 1886 TO 2017


WEATHER ITEM   OBSERVED TIME   RECORD YEAR NORMAL DEPARTURE LAST
                VALUE   (LST)  VALUE       VALUE  FROM      YEAR
                                                  NORMAL
..................................................................
TEMPERATURE (F)
 TODAY
  MAXIMUM         50   1241 PM  91    1959  61    -11       65
  MINIMUM         41    544 AM  22    1911  39      2       37
  AVERAGE         46                        50     -4       51

PRECIPITATION (IN)
  TODAY            0.03          1.03 1979   0.09  -0.06     0.00
  MONTH TO DATE    0.66                      0.17   0.49     0.02
  SINCE MAR 1      7.44                      4.65   2.79     5.36
  SINCE JAN 1     10.69                      6.89   3.80     7.84

SNOWFALL (IN)
  TODAY            0.0           3.5  1940   0.0    0.0      0.0
  MONTH TO DATE    0.0                       0.0    0.0      0.0
  SINCE MAR 1      9.0                      11.0   -2.0     16.2
  SINCE JUL 1     53.2                      51.2    2.0     50.0
  SNOW DEPTH       0

DEGREE DAYS
 HEATING
  TODAY           19                        15      4       14
  MONTH TO DATE   36                        30      6       30
  SINCE MAR 1   1547                      1727   -180     1567
  SINCE JUL 1   6120                      7567  -1447     6378

 COOLING
  TODAY            0                         0      0        0
  MONTH TO DATE    0                         0      0        0
  SINCE MAR 1      0                         2     -2        0
  SINCE JAN 1      0                         2     -2        0
..................................................................


WIND (MPH)
  HIGHEST WIND SPEED    22   HIGHEST WIND DIRECTION    NW (320)
  HIGHEST GUST SPEED    29   HIGHEST GUST DIRECTION    NW (320)
  AVERAGE WIND SPEED    15.4


SKY COVER
  POSSIBLE SUNSHINE  MM
  AVERAGE SKY COVER 1.0


WEATHER CONDITIONS
 THE FOLLOWING WEATHER WAS RECORDED TODAY.
  LIGHT RAIN
  FOG


RELATIVE HUMIDITY (PERCENT)
 HIGHEST    93          1200 AM
 LOWEST     66          1100 AM
 AVERAGE    80

..........................................................


THE GREEN BAY WI CLIMATE NORMALS FOR TOMORROW
                         NORMAL    RECORD    YEAR
 MAXIMUM TEMPERATURE (F)   62        86      1949
 MINIMUM TEMPERATURE (F)   40        27      2004
                                             1967


SUNRISE AND SUNSET
MAY  2 2017...........SUNRISE   541 AM CDT   SUNSET   758 PM CDT
MAY  3 2017...........SUNRISE   540 AM CDT   SUNSET   800 PM CDT


-  INDICATES NEGATIVE NUMBERS.
R  INDICATES RECORD WAS SET OR TIED.
MM INDICATES DATA IS MISSING.
T  INDICATES TRACE AMOUNT.




$$
