000
CDUS43 KGRB 250750
CLIGRB


CLIMATE REPORT
NATIONAL WEATHER SERVICE GREEN BAY
247 AM CDT TUE MAR 25 2014


...................................

...THE GREEN BAY WI CLIMATE SUMMARY FOR MARCH 24 2014...

CLIMATE NORMAL PERIOD 1981 TO 2010
CLIMATE RECORD PERIOD 1886 TO 2014


WEATHER ITEM   OBSERVED TIME   RECORD YEAR NORMAL DEPARTURE LAST
                VALUE   (LST)  VALUE       VALUE  FROM      YEAR
                                                  NORMAL
..................................................................
TEMPERATURE (F)
 YESTERDAY
  MAXIMUM         31    331 PM  72    1910  43    -12       33
  MINIMUM         12    600 AM  -4    1974  25    -13       26
                                      1888
  AVERAGE         22                        34    -12       30

PRECIPITATION (IN)
  YESTERDAY        0.05          0.80 2009   0.06  -0.01      T
  MONTH TO DATE    0.41                      1.38  -0.97     1.85
  SINCE MAR 1      0.41                      1.38  -0.97     1.85
  SINCE JAN 1      3.20                      3.62  -0.42     6.51

SNOWFALL (IN)
  YESTERDAY        1.2           4.1  1979   0.2    1.0       T
  MONTH TO DATE    5.1                       6.9   -1.8      8.4
  SINCE MAR 1      5.1                       6.9   -1.8      8.4
  SINCE JUL 1     67.4                      47.1   20.3     66.4
  SNOW DEPTH       3

DEGREE DAYS
 HEATING
  YESTERDAY       43                        31     12       35
  MONTH TO DATE 1063                       856    207      983
  SINCE MAR 1   1063                       856    207      983
  SINCE JUL 1   7544                      6696    848     6426

 COOLING
  YESTERDAY        0                         0      0        0
  MONTH TO DATE    0                         0      0        0
  SINCE MAR 1      0                         0      0        0
  SINCE JAN 1      0                         0      0        0
..................................................................


WIND (MPH)
  HIGHEST WIND SPEED    22   HIGHEST WIND DIRECTION     W (270)
  HIGHEST GUST SPEED    30   HIGHEST GUST DIRECTION     W (260)
  AVERAGE WIND SPEED     9.5


SKY COVER
  POSSIBLE SUNSHINE  MM
  AVERAGE SKY COVER 0.4


WEATHER CONDITIONS
 THE FOLLOWING WEATHER WAS RECORDED YESTERDAY.
  LIGHT SNOW
  FOG


RELATIVE HUMIDITY (PERCENT)
 HIGHEST    92           800 PM
 LOWEST     50           100 PM
 AVERAGE    71

..........................................................


THE GREEN BAY WI CLIMATE NORMALS FOR TODAY
                         NORMAL    RECORD    YEAR
 MAXIMUM TEMPERATURE (F)   43        73      2007
 MINIMUM TEMPERATURE (F)   26         0      1960


SUNRISE AND SUNSET
MARCH 25 2014.........SUNRISE   646 AM CDT   SUNSET   711 PM CDT
MARCH 26 2014.........SUNRISE   645 AM CDT   SUNSET   712 PM CDT


-  INDICATES NEGATIVE NUMBERS.
R  INDICATES RECORD WAS SET OR TIED.
MM INDICATES DATA IS MISSING.
T  INDICATES TRACE AMOUNT.

$$
