000
CDUS43 KGRB 160647
CLIGRB

CLIMATE REPORT
NATIONAL WEATHER SERVICE GREEN BAY
145 AM CDT SAT MAY 16 2015

...................................

...THE GREEN BAY WI CLIMATE SUMMARY FOR MAY 15 2015...

CLIMATE NORMAL PERIOD 1981 TO 2010
CLIMATE RECORD PERIOD 1886 TO 2015

WEATHER ITEM   OBSERVED TIME   RECORD YEAR NORMAL DEPARTURE LAST
                VALUE   (LST)  VALUE       VALUE  FROM      YEAR
                                                  NORMAL
..................................................................
TEMPERATURE (F)
 YESTERDAY
  MAXIMUM         69    343 PM  87    1991  66      3       52
  MINIMUM         49    641 AM  29    1929  44      5       36
  AVERAGE         59                        55      4       44

PRECIPITATION (IN)
  YESTERDAY        0.07          1.50 1894   0.08  -0.01     0.01
  MONTH TO DATE    0.99                      1.26  -0.27     1.72
  SINCE MAR 1      3.52                      5.74  -2.22     6.64
  SINCE JAN 1      4.49                      7.98  -3.49     9.43

SNOWFALL (IN)
  YESTERDAY        0.0           T    1997   0.1   -0.1      0.0
  MONTH TO DATE    0.0                       0.2   -0.2      0.0
  SINCE MAR 1      4.2                      11.2   -7.0      9.8
  SINCE JUL 1     32.7                      51.4  -18.7     72.1
  SNOW DEPTH       0

DEGREE DAYS
 HEATING
  YESTERDAY        6                        11     -5       21
  MONTH TO DATE  114                       192    -78      189
  SINCE MAR 1   1646                      1889   -243     2179
  SINCE JUL 1   7684                      7729    -45     8660

COOLING
  YESTERDAY        0                         0      0        0
  MONTH TO DATE    7                         0      7        0
  SINCE MAR 1      7                         2      5        0
  SINCE JAN 1      7                         2      5        0
..................................................................

WIND (MPH)
  HIGHEST WIND SPEED    13   HIGHEST WIND DIRECTION    SE (140)
  HIGHEST GUST SPEED    18   HIGHEST GUST DIRECTION    SE (140)
  AVERAGE WIND SPEED     5.5

SKY COVER
  POSSIBLE SUNSHINE  MM
  AVERAGE SKY COVER 0.9

WEATHER CONDITIONS
 THE FOLLOWING WEATHER WAS RECORDED YESTERDAY.
  LIGHT RAIN
  FOG
  HAZE

RELATIVE HUMIDITY (PERCENT)
 HIGHEST   100           400 AM
 LOWEST     68           300 PM
 AVERAGE    84
..........................................................

THE GREEN BAY WI CLIMATE NORMALS FOR TODAY
                         NORMAL    RECORD    YEAR
 MAXIMUM TEMPERATURE (F)   66        87      1977
 MINIMUM TEMPERATURE (F)   44        28      1956
                                             1929


SUNRISE AND SUNSET
MAY 16 2015...........SUNRISE   524 AM CDT   SUNSET   814 PM CDT
MAY 17 2015...........SUNRISE   523 AM CDT   SUNSET   815 PM CDT

-  INDICATES NEGATIVE NUMBERS.
R  INDICATES RECORD WAS SET OR TIED.
MM INDICATES DATA IS MISSING.
T  INDICATES TRACE AMOUNT.

$$
