000
CDUS43 KGRB 102140
CLIGRB


CLIMATE REPORT
NATIONAL WEATHER SERVICE GREEN BAY
439 PM CDT FRI OCT 10 2014


...................................

...THE GREEN BAY WI CLIMATE SUMMARY FOR OCTOBER 10 2014...
VALID TODAY AS OF 0400 PM LOCAL TIME.

CLIMATE NORMAL PERIOD 1981 TO 2010
CLIMATE RECORD PERIOD 1886 TO 2014


WEATHER ITEM   OBSERVED TIME   RECORD YEAR NORMAL DEPARTURE LAST
                VALUE   (LST)  VALUE       VALUE  FROM      YEAR
                                                  NORMAL
..................................................................
TEMPERATURE (F)
 TODAY
  MAXIMUM         59    155 PM  82    1938  59      0       73
  MINIMUM         31    611 AM  24    1956  39     -8       40
                                      1906
  AVERAGE         45                        49     -4       57

PRECIPITATION (IN)
  TODAY            0.00          1.47 1920   0.09  -0.09     0.00
  MONTH TO DATE    0.87                      0.84   0.03     1.01
  SINCE SEP 1      5.56                      3.88   1.68     3.90
  SINCE JAN 1     26.28                     24.28   2.00    27.89

SNOWFALL (IN)
  TODAY            0.0           0.3  1932   0.0    0.0      0.0
  MONTH TO DATE    0.0                       0.0    0.0      0.0
  SINCE SEP 1      0.0                       0.0    0.0      0.0
  SINCE JUL 1      0.0                       0.0    0.0      0.0
  SNOW DEPTH       0

DEGREE DAYS
 HEATING
  TODAY           20                        16      4        8
  MONTH TO DATE  152                       143      9       64
  SINCE SEP 1    349                       350     -1      235
  SINCE JUL 1    378                       413    -35      275

 COOLING
  TODAY            0                         0      0        0
  MONTH TO DATE    0                         0      0        2
  SINCE SEP 1     19                        33    -14       57
  SINCE JAN 1    362                       395    -33      535
..................................................................


WIND (MPH)
  HIGHEST WIND SPEED    12   HIGHEST WIND DIRECTION     W (290)
  HIGHEST GUST SPEED    17   HIGHEST GUST DIRECTION     W (280)
  AVERAGE WIND SPEED     5.0


SKY COVER
  POSSIBLE SUNSHINE  MM
  AVERAGE SKY COVER 0.1


WEATHER CONDITIONS
 THE FOLLOWING WEATHER WAS RECORDED TODAY.
  NO SIGNIFICANT WEATHER WAS OBSERVED.


RELATIVE HUMIDITY (PERCENT)
 HIGHEST   100           600 AM
 LOWEST     33           200 PM
 AVERAGE    67

..........................................................


THE GREEN BAY WI CLIMATE NORMALS FOR TOMORROW
                         NORMAL    RECORD    YEAR
 MAXIMUM TEMPERATURE (F)   59        82      1928
 MINIMUM TEMPERATURE (F)   39        21      1987
                                             1906


SUNRISE AND SUNSET
OCTOBER 10 2014.......SUNRISE   701 AM CDT   SUNSET   617 PM CDT
OCTOBER 11 2014.......SUNRISE   703 AM CDT   SUNSET   615 PM CDT


-  INDICATES NEGATIVE NUMBERS.
R  INDICATES RECORD WAS SET OR TIED.
MM INDICATES DATA IS MISSING.
T  INDICATES TRACE AMOUNT.




$$
