000
CDUS43 KGRB 310641
CLIGRB


CLIMATE REPORT
NATIONAL WEATHER SERVICE GREEN BAY
1240 AM CST SUN JAN 31 2016


...................................

...THE GREEN BAY WI CLIMATE SUMMARY FOR JANUARY 30 2016...

CLIMATE NORMAL PERIOD 1981 TO 2010
CLIMATE RECORD PERIOD 1886 TO 2016


WEATHER ITEM   OBSERVED TIME   RECORD YEAR NORMAL DEPARTURE LAST
                VALUE   (LST)  VALUE       VALUE  FROM      YEAR
                                                  NORMAL
..................................................................
TEMPERATURE (F)
 YESTERDAY
  MAXIMUM         39    257 PM  42    1989  25     14       21
  MINIMUM         28   1224 AM -31    1951   9     19       13
  AVERAGE         34                        17     17       17

PRECIPITATION (IN)
  YESTERDAY        0.00          0.64 2013   0.04  -0.04      T
  MONTH TO DATE    1.25                      1.10   0.15     0.56
  SINCE DEC 1      6.96                      2.61   4.35     2.24
  SINCE JAN 1      1.25                      1.10   0.15     0.56

SNOWFALL (IN)
  YESTERDAY        0.0           8.2  2013   0.4   -0.4       T
  MONTH TO DATE    7.7                      12.6   -4.9      8.8
  SINCE DEC 1     21.4                      25.7   -4.3     12.3
  SINCE JUL 1     21.6                      29.9   -8.3     20.5
  SNOW DEPTH       7

DEGREE DAYS
 HEATING
  YESTERDAY       31                        48    -17       48
  MONTH TO DATE 1380                      1454    -74     1419
  SINCE DEC 1   2318                      2804   -486     2627
  SINCE JUL 1   3590                      4544   -954     4464

 COOLING
  YESTERDAY        0                         0      0        0
  MONTH TO DATE    0                         0      0        0
  SINCE DEC 1      0                         0      0        0
  SINCE JAN 1      0                         0      0        0
..................................................................


WIND (MPH)
  HIGHEST WIND SPEED    18   HIGHEST WIND DIRECTION     S (200)
  HIGHEST GUST SPEED    25   HIGHEST GUST DIRECTION    SW (220)
  AVERAGE WIND SPEED     8.7


SKY COVER
  POSSIBLE SUNSHINE  MM
  AVERAGE SKY COVER 0.7


WEATHER CONDITIONS
 THE FOLLOWING WEATHER WAS RECORDED YESTERDAY.
  NO SIGNIFICANT WEATHER WAS OBSERVED.


RELATIVE HUMIDITY (PERCENT)
 HIGHEST    89           900 AM
 LOWEST     69          1200 AM
 AVERAGE    79

..........................................................


THE GREEN BAY WI CLIMATE NORMALS FOR TODAY
                         NORMAL    RECORD    YEAR
 MAXIMUM TEMPERATURE (F)   25        49      1993
 MINIMUM TEMPERATURE (F)    9       -26      1899


SUNRISE AND SUNSET
JANUARY 31 2016.......SUNRISE   713 AM CST   SUNSET   500 PM CST
FEBRUARY  1 2016......SUNRISE   712 AM CST   SUNSET   501 PM CST


-  INDICATES NEGATIVE NUMBERS.
R  INDICATES RECORD WAS SET OR TIED.
MM INDICATES DATA IS MISSING.
T  INDICATES TRACE AMOUNT.




$$
