000
CDUS43 KGRB 052234
CLIGRB


CLIMATE REPORT
NATIONAL WEATHER SERVICE GREEN BAY
434 PM CST FRI DEC 5 2014


...................................

...THE GREEN BAY WI CLIMATE SUMMARY FOR DECEMBER 5 2014...
VALID TODAY AS OF 0400 PM LOCAL TIME.

CLIMATE NORMAL PERIOD 1981 TO 2010
CLIMATE RECORD PERIOD 1886 TO 2014


WEATHER ITEM   OBSERVED TIME   RECORD YEAR NORMAL DEPARTURE LAST
                VALUE   (LST)  VALUE       VALUE  FROM      YEAR
                                                  NORMAL
..................................................................
TEMPERATURE (F)
 TODAY
  MAXIMUM         35    359 PM  64    2001  32      3       37
  MINIMUM         11    110 AM  -2    1976  18     -7       10
  AVERAGE         23                        25     -2       24

PRECIPITATION (IN)
  TODAY            0.00          1.01 1982   0.06  -0.06     0.00
  MONTH TO DATE    0.02                      0.30  -0.28     0.53
  SINCE DEC 1      0.02                      0.30  -0.28     0.53
  SINCE JAN 1     30.46                     28.31   2.15    33.80

SNOWFALL (IN)
  TODAY            0.0           4.9  1991   0.4   -0.4      0.0
  MONTH TO DATE    0.4                       1.9   -1.5      3.9
  SINCE DEC 1      0.4                       1.9   -1.5      3.9
  SINCE JUL 1      8.6                       6.1    2.5      5.1
  SNOW DEPTH       3

DEGREE DAYS
 HEATING
  TODAY           42                        40      2       41
  MONTH TO DATE  242                       195     47      160
  SINCE DEC 1    242                       195     47      160
  SINCE JUL 1   2079                      1935    144     1771

 COOLING
  TODAY            0                         0      0        0
  MONTH TO DATE    0                         0      0        0
  SINCE DEC 1      0                         0      0        0
  SINCE JAN 1    362                       398    -36      535
..................................................................


WIND (MPH)
  HIGHEST WIND SPEED     8   HIGHEST WIND DIRECTION    SW (210)
  HIGHEST GUST SPEED    10   HIGHEST GUST DIRECTION    SW (210)
  AVERAGE WIND SPEED     2.5


SKY COVER
  POSSIBLE SUNSHINE  MM
  AVERAGE SKY COVER 0.8


WEATHER CONDITIONS
 THE FOLLOWING WEATHER WAS RECORDED TODAY.
  FOG
  HAZE


RELATIVE HUMIDITY (PERCENT)
 HIGHEST    96           500 AM
 LOWEST     75           100 PM
 AVERAGE    86

..........................................................


THE GREEN BAY WI CLIMATE NORMALS FOR TOMORROW
                         NORMAL    RECORD    YEAR
 MAXIMUM TEMPERATURE (F)   32        52      1998
 MINIMUM TEMPERATURE (F)   18       -15      1972


SUNRISE AND SUNSET
DECEMBER  5 2014......SUNRISE   713 AM CST   SUNSET   413 PM CST
DECEMBER  6 2014......SUNRISE   714 AM CST   SUNSET   413 PM CST


-  INDICATES NEGATIVE NUMBERS.
R  INDICATES RECORD WAS SET OR TIED.
MM INDICATES DATA IS MISSING.
T  INDICATES TRACE AMOUNT.




$$
