000
CDUS43 KGRB 050749
CLIGRB


CLIMATE REPORT
NATIONAL WEATHER SERVICE GREEN BAY
249 AM CDT FRI SEP 5 2014


...................................

...THE GREEN BAY WI CLIMATE SUMMARY FOR SEPTEMBER 4 2014...

CLIMATE NORMAL PERIOD 1981 TO 2010
CLIMATE RECORD PERIOD 1886 TO 2014


WEATHER ITEM   OBSERVED TIME   RECORD YEAR NORMAL DEPARTURE LAST
                VALUE   (LST)  VALUE       VALUE  FROM      YEAR
                                                  NORMAL
..................................................................
TEMPERATURE (F)
 YESTERDAY
  MAXIMUM         77   1107 AM  90    1990  74      3       72
                                      1925
  MINIMUM         65    141 AM  38    1974  53     12       54
  AVERAGE         71                        64      7       63

PRECIPITATION (IN)
  YESTERDAY        2.42          3.30 1889   0.10   2.32     0.00
  MONTH TO DATE    2.69                      0.41   2.28      T
  SINCE SEP 1      2.69                      0.41   2.28      T
  SINCE JAN 1     23.41                     20.81   2.60    23.99

SNOWFALL (IN)
  YESTERDAY        0.0           0.0    MM   0.0    0.0      0.0
  MONTH TO DATE    0.0                       0.0    0.0      0.0
  SINCE SEP 1      0.0                       0.0    0.0      0.0
  SINCE JUL 1      0.0                       0.0    0.0      0.0
  SNOW DEPTH       0

DEGREE DAYS
 HEATING
  YESTERDAY        0                         3     -3        2
  MONTH TO DATE    0                        12    -12       13
  SINCE SEP 1      0                        12    -12       13
  SINCE JUL 1     29                        75    -46       53

 COOLING
  YESTERDAY        6                         2      4        0
  MONTH TO DATE   11                         8      3        6
  SINCE SEP 1     11                         8      3        6
  SINCE JAN 1    354                       370    -16      484
..................................................................


WIND (MPH)
  HIGHEST WIND SPEED    33   HIGHEST WIND DIRECTION     N (350)
  HIGHEST GUST SPEED    40   HIGHEST GUST DIRECTION     N (350)
  AVERAGE WIND SPEED     8.6


SKY COVER
  POSSIBLE SUNSHINE  MM
  AVERAGE SKY COVER 0.8


WEATHER CONDITIONS
 THE FOLLOWING WEATHER WAS RECORDED YESTERDAY.
  THUNDERSTORM
  HEAVY RAIN
  RAIN
  LIGHT RAIN
  FOG


RELATIVE HUMIDITY (PERCENT)
 HIGHEST    97           700 AM
 LOWEST     74          1000 AM
 AVERAGE    86

..........................................................


THE GREEN BAY WI CLIMATE NORMALS FOR TODAY
                         NORMAL    RECORD    YEAR
 MAXIMUM TEMPERATURE (F)   74        92      2007
 MINIMUM TEMPERATURE (F)   53        37      1957


SUNRISE AND SUNSET
SEPTEMBER  5 2014.....SUNRISE   620 AM CDT   SUNSET   722 PM CDT
SEPTEMBER  6 2014.....SUNRISE   621 AM CDT   SUNSET   720 PM CDT


-  INDICATES NEGATIVE NUMBERS.
R  INDICATES RECORD WAS SET OR TIED.
MM INDICATES DATA IS MISSING.
T  INDICATES TRACE AMOUNT.




$$
