000
CDUS43 KGRB 080814
CLIGRB


CLIMATE REPORT
NATIONAL WEATHER SERVICE GREEN BAY
313 AM CDT MON AUG 8 2016


...................................

...THE GREEN BAY WI CLIMATE SUMMARY FOR AUGUST 7 2016...

CLIMATE NORMAL PERIOD 1981 TO 2010
CLIMATE RECORD PERIOD 1886 TO 2016


WEATHER ITEM   OBSERVED TIME   RECORD YEAR NORMAL DEPARTURE LAST
                VALUE   (LST)  VALUE       VALUE  FROM      YEAR
                                                  NORMAL
..................................................................
TEMPERATURE (F)
 YESTERDAY
  MAXIMUM         80    217 PM  97    2001  79      1       71
  MINIMUM         56   1159 PM  45    1975  58     -2       63
  AVERAGE         68                        68      0       67

PRECIPITATION (IN)
  YESTERDAY        0.00          1.24 2015   0.12  -0.12     1.24
  MONTH TO DATE    T                         0.77  -0.77     1.88
  SINCE JUN 1      7.66                      8.15  -0.49     6.92
  SINCE JAN 1     18.84                     17.80   1.04    13.86

SNOWFALL (IN)
  YESTERDAY        0.0           0.0    MM   0.0    0.0      0.0
  MONTH TO DATE    0.0                       0.0    0.0      0.0
  SINCE JUN 1      0.0                       0.0    0.0      0.0
  SINCE JUL 1      0.0                       0.0    0.0      0.0
  SNOW DEPTH       0

DEGREE DAYS
 HEATING
  YESTERDAY        0                         1     -1        0
  MONTH TO DATE    0                         7     -7        0
  SINCE JUN 1     31                       122    -91       72
  SINCE JUL 1      6                        30    -24       19

 COOLING
  YESTERDAY        3                         4     -1        2
  MONTH TO DATE   49                        29     20       26
  SINCE JUN 1    347                       262     85      269
  SINCE JAN 1    380                       280    100      297
..................................................................


WIND (MPH)
  HIGHEST WIND SPEED    12   HIGHEST WIND DIRECTION    SE (130)
  HIGHEST GUST SPEED    15   HIGHEST GUST DIRECTION    SE (130)
  AVERAGE WIND SPEED     2.3


SKY COVER
  POSSIBLE SUNSHINE  MM
  AVERAGE SKY COVER 0.1


WEATHER CONDITIONS
 THE FOLLOWING WEATHER WAS RECORDED YESTERDAY.
  NO SIGNIFICANT WEATHER WAS OBSERVED.


RELATIVE HUMIDITY (PERCENT)
 HIGHEST   100           100 AM
 LOWEST     45           500 PM
 AVERAGE    73

..........................................................


THE GREEN BAY WI CLIMATE NORMALS FOR TODAY
                         NORMAL    RECORD    YEAR
 MAXIMUM TEMPERATURE (F)   79        98      1891
 MINIMUM TEMPERATURE (F)   58        45      1904


SUNRISE AND SUNSET
AUGUST  8 2016........SUNRISE   548 AM CDT   SUNSET   808 PM CDT
AUGUST  9 2016........SUNRISE   549 AM CDT   SUNSET   806 PM CDT


-  INDICATES NEGATIVE NUMBERS.
R  INDICATES RECORD WAS SET OR TIED.
MM INDICATES DATA IS MISSING.
T  INDICATES TRACE AMOUNT.




$$
