000
CDUS43 KGRB 260701
CLIGRB


CLIMATE REPORT
NATIONAL WEATHER SERVICE GREEN BAY
200 AM CDT TUE AUG 26 2014


...................................

...THE GREEN BAY WI CLIMATE SUMMARY FOR AUGUST 25 2014...

CLIMATE NORMAL PERIOD 1981 TO 2010
CLIMATE RECORD PERIOD 1886 TO 2014


WEATHER ITEM   OBSERVED TIME   RECORD YEAR NORMAL DEPARTURE LAST
                VALUE   (LST)  VALUE       VALUE  FROM      YEAR
                                                  NORMAL
..................................................................
TEMPERATURE (F)
 YESTERDAY
  MAXIMUM         82    342 PM  96    1948  77      5       89
  MINIMUM         68    812 AM  40    1958  56     12       67
                                      1917
  AVERAGE         75                        66      9       78

PRECIPITATION (IN)
  YESTERDAY        0.09          2.75 1906   0.10  -0.01     0.00
  MONTH TO DATE    3.62                      2.76   0.86     2.37
  SINCE JUN 1      8.88                     10.14  -1.26     9.54
  SINCE JAN 1     19.54                     19.79  -0.25    23.31

SNOWFALL (IN)
  YESTERDAY        0.0           0.0    MM   0.0    0.0      0.0
  MONTH TO DATE    0.0                       0.0    0.0      0.0
  SINCE JUN 1      0.0                       0.0    0.0      0.0
  SINCE JUL 1      0.0                       0.0    0.0      0.0
  SNOW DEPTH       0

DEGREE DAYS
 HEATING
  YESTERDAY        0                         2     -2        0
  MONTH TO DATE   12                        27    -15       18
  SINCE JUN 1     58                       142    -84      112
  SINCE JUL 1     27                        50    -23       40

 COOLING
  YESTERDAY       10                         3      7       13
  MONTH TO DATE  101                        93      8       72
  SINCE JUN 1    306                       326    -20      375
  SINCE JAN 1    322                       344    -22      413
..................................................................


WIND (MPH)
  HIGHEST WIND SPEED    22   HIGHEST WIND DIRECTION     W (280)
  HIGHEST GUST SPEED    29   HIGHEST GUST DIRECTION     W (270)
  AVERAGE WIND SPEED     7.1


SKY COVER
  POSSIBLE SUNSHINE  MM
  AVERAGE SKY COVER 0.3


WEATHER CONDITIONS
 THE FOLLOWING WEATHER WAS RECORDED YESTERDAY.
  LIGHT RAIN
  FOG


RELATIVE HUMIDITY (PERCENT)
 HIGHEST   100           500 AM
 LOWEST     74          1200 PM
 AVERAGE    87

..........................................................


THE GREEN BAY WI CLIMATE NORMALS FOR TODAY
                         NORMAL    RECORD    YEAR
 MAXIMUM TEMPERATURE (F)   77        95      1948
 MINIMUM TEMPERATURE (F)   56        42      1968
                                             1915


SUNRISE AND SUNSET
AUGUST 26 2014........SUNRISE   608 AM CDT   SUNSET   740 PM CDT
AUGUST 27 2014........SUNRISE   609 AM CDT   SUNSET   738 PM CDT


-  INDICATES NEGATIVE NUMBERS.
R  INDICATES RECORD WAS SET OR TIED.
MM INDICATES DATA IS MISSING.
T  INDICATES TRACE AMOUNT.




$$
