000
CDUS43 KGRB 100727
CLIGRB


CLIMATE REPORT
NATIONAL WEATHER SERVICE GREEN BAY
225 AM CDT WED SEP 10 2014


...................................

...THE GREEN BAY WI CLIMATE SUMMARY FOR SEPTEMBER 9 2014...

CLIMATE NORMAL PERIOD 1981 TO 2010
CLIMATE RECORD PERIOD 1886 TO 2014


WEATHER ITEM   OBSERVED TIME   RECORD YEAR NORMAL DEPARTURE LAST
                VALUE   (LST)  VALUE       VALUE  FROM      YEAR
                                                  NORMAL
..................................................................
TEMPERATURE (F)
 YESTERDAY
  MAXIMUM         80    241 PM  95    1955  73      7       82
                                      1931
  MINIMUM         57    536 AM  36    1956  51      6       64
  AVERAGE         69                        62      7       73

PRECIPITATION (IN)
  YESTERDAY        0.00          1.44 1901   0.10  -0.10      T
  MONTH TO DATE    2.88                      0.90   1.98     0.49
  SINCE SEP 1      2.88                      0.90   1.98     0.49
  SINCE JAN 1     23.60                     21.30   2.30    24.48

SNOWFALL (IN)
  YESTERDAY        0.0           0.0    MM   0.0    0.0      0.0
  MONTH TO DATE    0.0                       0.0    0.0      0.0
  SINCE SEP 1      0.0                       0.0    0.0      0.0
  SINCE JUL 1      0.0                       0.0    0.0      0.0
  SNOW DEPTH       0

DEGREE DAYS
 HEATING
  YESTERDAY        0                         5     -5        0
  MONTH TO DATE    3                        33    -30       18
  SINCE SEP 1      3                        33    -30       18
  SINCE JUL 1     32                        96    -64       58

 COOLING
  YESTERDAY        4                         2      2        8
  MONTH TO DATE   17                        18     -1       23
  SINCE SEP 1     17                        18     -1       23
  SINCE JAN 1    360                       380    -20      501
..................................................................


WIND (MPH)
  HIGHEST WIND SPEED    14   HIGHEST WIND DIRECTION     S (160)
  HIGHEST GUST SPEED    17   HIGHEST GUST DIRECTION     S (160)
  AVERAGE WIND SPEED     7.1


SKY COVER
  POSSIBLE SUNSHINE  MM
  AVERAGE SKY COVER 0.3


WEATHER CONDITIONS
 THE FOLLOWING WEATHER WAS RECORDED YESTERDAY.
  NO SIGNIFICANT WEATHER WAS OBSERVED.


RELATIVE HUMIDITY (PERCENT)
 HIGHEST    93           300 AM
 LOWEST     60          1200 PM
 AVERAGE    77

..........................................................


THE GREEN BAY WI CLIMATE NORMALS FOR TODAY
                         NORMAL    RECORD    YEAR
 MAXIMUM TEMPERATURE (F)   72        97      1931
 MINIMUM TEMPERATURE (F)   51        36      1967
                                             1917


SUNRISE AND SUNSET
SEPTEMBER 10 2014.....SUNRISE   626 AM CDT   SUNSET   712 PM CDT
SEPTEMBER 11 2014.....SUNRISE   627 AM CDT   SUNSET   711 PM CDT


-  INDICATES NEGATIVE NUMBERS.
R  INDICATES RECORD WAS SET OR TIED.
MM INDICATES DATA IS MISSING.
T  INDICATES TRACE AMOUNT.




$$
