000
CDUS43 KGRB 032134
CLIGRB


CLIMATE REPORT
NATIONAL WEATHER SERVICE GREEN BAY
433 PM CDT SAT SEP 3 2016


...................................

...THE GREEN BAY WI CLIMATE SUMMARY FOR SEPTEMBER 3 2016...
VALID TODAY AS OF 0400 PM LOCAL TIME.

CLIMATE NORMAL PERIOD 1981 TO 2010
CLIMATE RECORD PERIOD 1886 TO 2016


WEATHER ITEM   OBSERVED TIME   RECORD YEAR NORMAL DEPARTURE LAST
                VALUE   (LST)  VALUE       VALUE  FROM      YEAR
                                                  NORMAL
..................................................................
TEMPERATURE (F)
 TODAY
  MAXIMUM         77    258 PM  92    1929  75      2       79
  MINIMUM         48    529 AM  36    1946  53     -5       62
  AVERAGE         63                        64     -1       71

PRECIPITATION (IN)
  TODAY            0.00          2.99 1964   0.10  -0.10     0.09
  MONTH TO DATE    0.00                      0.31  -0.31     0.14
  SINCE SEP 1      0.00                      0.31  -0.31     0.14
  SINCE JAN 1     21.62                     20.71   0.91    16.34

SNOWFALL (IN)
  TODAY            0.0           0.0    MM   0.0    0.0      0.0
  MONTH TO DATE    0.0                       0.0    0.0      0.0
  SINCE SEP 1      0.0                       0.0    0.0      0.0
  SINCE JUL 1      0.0                       0.0    0.0      0.0
  SNOW DEPTH       0

DEGREE DAYS
 HEATING
  TODAY            2                         3     -1        0
  MONTH TO DATE    8                         9     -1        0
  SINCE SEP 1      8                         9     -1        0
  SINCE JUL 1     21                        72    -51       50

 COOLING
  TODAY            0                         2     -2        6
  MONTH TO DATE    0                         6     -6       31
  SINCE SEP 1      0                         6     -6       31
  SINCE JAN 1    522                       368    154      433
..................................................................


WIND (MPH)
  HIGHEST WIND SPEED    13   HIGHEST WIND DIRECTION     S (160)
  HIGHEST GUST SPEED    16   HIGHEST GUST DIRECTION     S (160)
  AVERAGE WIND SPEED     3.6


SKY COVER
  POSSIBLE SUNSHINE  MM
  AVERAGE SKY COVER 0.2


WEATHER CONDITIONS
 THE FOLLOWING WEATHER WAS RECORDED TODAY.
  FOG


RELATIVE HUMIDITY (PERCENT)
 HIGHEST   100          1200 AM
 LOWEST     50           200 PM
 AVERAGE    75

..........................................................


THE GREEN BAY WI CLIMATE NORMALS FOR TOMORROW
                         NORMAL    RECORD    YEAR
 MAXIMUM TEMPERATURE (F)   74        90      1990
                                             1925
 MINIMUM TEMPERATURE (F)   53        38      1974


SUNRISE AND SUNSET
SEPTEMBER  3 2016.....SUNRISE   618 AM CDT   SUNSET   724 PM CDT
SEPTEMBER  4 2016.....SUNRISE   619 AM CDT   SUNSET   723 PM CDT


-  INDICATES NEGATIVE NUMBERS.
R  INDICATES RECORD WAS SET OR TIED.
MM INDICATES DATA IS MISSING.
T  INDICATES TRACE AMOUNT.




$$
