000
CDUS43 KGRB 150826
CLIGRB

CLIMATE REPORT
NATIONAL WEATHER SERVICE GREEN BAY
224 AM CST TUE NOV 15 2016

...................................

...THE GREEN BAY WI CLIMATE SUMMARY FOR NOVEMBER 14 2016...

CLIMATE NORMAL PERIOD 1981 TO 2010
CLIMATE RECORD PERIOD 1886 TO 2016

WEATHER ITEM   OBSERVED TIME   RECORD YEAR NORMAL DEPARTURE LAST
                VALUE   (LST)  VALUE       VALUE  FROM      YEAR
                                                  NORMAL
..................................................................
TEMPERATURE (F)
 YESTERDAY
  MAXIMUM         61   1225 PM  65    1958  43     18       49
                                      1953
                                      1909
  MINIMUM         41    734 AM   3    1916  28     13       24
  AVERAGE         51                        35     16       37

PRECIPITATION (IN)
  YESTERDAY        0.00          0.95 1956   0.07  -0.07     0.00
  MONTH TO DATE    0.10                      1.01  -0.91     0.60
  SINCE SEP 1      7.05                      6.49   0.56     9.09
  SINCE JAN 1     28.67                     26.89   1.78    25.29

SNOWFALL (IN)
  YESTERDAY        0.0           1.0  1916   0.1   -0.1      0.0
  MONTH TO DATE    0.0                       0.9   -0.9       T
  SINCE SEP 1      0.0                       1.1   -1.1       T
  SINCE JUL 1      0.0                       1.1   -1.1       T
  SNOW DEPTH       0

DEGREE DAYS
 HEATING
  YESTERDAY       14                        30    -16       28
  MONTH TO DATE  207                       373   -166      248
  SINCE SEP 1    648                      1136   -488      773
  SINCE JUL 1    661                      1199   -538      823

COOLING
  YESTERDAY        0                         0      0        0
  MONTH TO DATE    0                         0      0        0
  SINCE SEP 1     55                        36     19      115
  SINCE JAN 1    577                       398    179      517
..................................................................

WIND (MPH)
  HIGHEST WIND SPEED    14   HIGHEST WIND DIRECTION    NE (40)
  HIGHEST GUST SPEED    18   HIGHEST GUST DIRECTION    NE (30)
  AVERAGE WIND SPEED     5.4

SKY COVER
  POSSIBLE SUNSHINE  MM
  AVERAGE SKY COVER 0.1

WEATHER CONDITIONS
 THE FOLLOWING WEATHER WAS RECORDED YESTERDAY.
  NO SIGNIFICANT WEATHER WAS OBSERVED.

RELATIVE HUMIDITY (PERCENT)
 HIGHEST    93           900 PM
 LOWEST     51          1200 PM
 AVERAGE    72
..........................................................

THE GREEN BAY WI CLIMATE NORMALS FOR TODAY
                         NORMAL    RECORD    YEAR
 MAXIMUM TEMPERATURE (F)   43        68      2001
 MINIMUM TEMPERATURE (F)   27         1      1959

SUNRISE AND SUNSET
NOVEMBER 15 2016......SUNRISE   649 AM CST   SUNSET   425 PM CST
NOVEMBER 16 2016......SUNRISE   651 AM CST   SUNSET   424 PM CST

-  INDICATES NEGATIVE NUMBERS.
R  INDICATES RECORD WAS SET OR TIED.
MM INDICATES DATA IS MISSING.
T  INDICATES TRACE AMOUNT.

$$
