953
CDUS43 KGRB 110629
CLIGRB


CLIMATE REPORT
NATIONAL WEATHER SERVICE GREEN BAY
129 AM CDT TUE APR 11 2017


...................................

...THE GREEN BAY WI CLIMATE SUMMARY FOR APRIL 10 2017...

CLIMATE NORMAL PERIOD 1981 TO 2010
CLIMATE RECORD PERIOD 1886 TO 2017


WEATHER ITEM   OBSERVED TIME   RECORD YEAR NORMAL DEPARTURE LAST
                VALUE   (LST)  VALUE       VALUE  FROM      YEAR
                                                  NORMAL
..................................................................
TEMPERATURE (F)
 YESTERDAY
  MAXIMUM         66    200 AM  79    1977  51     15       47
  MINIMUM         36   1159 PM  18    1909  32      4       30
  AVERAGE         51                        42      9       39

PRECIPITATION (IN)
  YESTERDAY        0.15          1.44 1953   0.09   0.06     0.00
  MONTH TO DATE    0.60                      0.82  -0.22     0.62
  SINCE MAR 1      2.90                      2.67   0.23     4.67
  SINCE JAN 1      6.15                      4.91   1.24     7.15

SNOWFALL (IN)
  YESTERDAY        0.0           8.0  1894   0.1   -0.1      0.0
  MONTH TO DATE    0.0                       1.4   -1.4      4.4
  SINCE MAR 1      9.0                       9.5   -0.5     16.2
  SINCE JUL 1     53.2                      49.7    3.5     50.0
  SNOW DEPTH       0

DEGREE DAYS
 HEATING
  YESTERDAY       14                        23     -9       26
  MONTH TO DATE  162                       254    -92      325
  SINCE MAR 1   1186                      1314   -128     1190
  SINCE JUL 1   5759                      7154  -1395     6001

 COOLING
  YESTERDAY        0                         0      0        0
  MONTH TO DATE    0                         0      0        0
  SINCE MAR 1      0                         0      0        0
  SINCE JAN 1      0                         0      0        0
..................................................................


WIND (MPH)
  HIGHEST WIND SPEED    29   HIGHEST WIND DIRECTION    NE (50)
  HIGHEST GUST SPEED    36   HIGHEST GUST DIRECTION    NE (40)
  AVERAGE WIND SPEED    16.4


SKY COVER
  POSSIBLE SUNSHINE  MM
  AVERAGE SKY COVER 0.9


WEATHER CONDITIONS
 THE FOLLOWING WEATHER WAS RECORDED YESTERDAY.
  THUNDERSTORM
  RAIN
  LIGHT RAIN
  FOG


RELATIVE HUMIDITY (PERCENT)
 HIGHEST   100          1100 PM
 LOWEST     72           300 AM
 AVERAGE    86

..........................................................


THE GREEN BAY WI CLIMATE NORMALS FOR TODAY
                         NORMAL    RECORD    YEAR
 MAXIMUM TEMPERATURE (F)   52        82      1977
 MINIMUM TEMPERATURE (F)   32        18      1973


SUNRISE AND SUNSET
APRIL 11 2017.........SUNRISE   615 AM CDT   SUNSET   733 PM CDT
APRIL 12 2017.........SUNRISE   613 AM CDT   SUNSET   734 PM CDT


-  INDICATES NEGATIVE NUMBERS.
R  INDICATES RECORD WAS SET OR TIED.
MM INDICATES DATA IS MISSING.
T  INDICATES TRACE AMOUNT.




$$
