102
CDUS43 KGRB 200655
CLIGRB


CLIMATE REPORT
NATIONAL WEATHER SERVICE GREEN BAY
1255 AM CST SAT JAN 20 2018


...................................

...THE GREEN BAY WI CLIMATE SUMMARY FOR JANUARY 19 2018...

CLIMATE NORMAL PERIOD 1981 TO 2010
CLIMATE RECORD PERIOD 1886 TO 2018


WEATHER ITEM   OBSERVED TIME   RECORD YEAR NORMAL DEPARTURE LAST
                VALUE   (LST)  VALUE       VALUE  FROM      YEAR
                                                  NORMAL
..................................................................
TEMPERATURE (F)
 YESTERDAY
  MAXIMUM         37   1142 PM  44    1933  24     13       35
                                      1921
  MINIMUM         22    712 AM -28    1994   9     13       33
  AVERAGE         30                        16     14       34

PRECIPITATION (IN)
  YESTERDAY        0.00          0.66 1907   0.03  -0.03     0.00
  MONTH TO DATE    0.29                      0.72  -0.43     1.61
  SINCE DEC 1      1.58                      2.23  -0.65     3.86
  SINCE JAN 1      0.29                      0.72  -0.43     1.61

SNOWFALL (IN)
  YESTERDAY        0.0           4.1  1988   0.4   -0.4      0.0
  MONTH TO DATE    4.7                       7.8   -3.1      6.2
  SINCE DEC 1     16.7                      20.9   -4.2     29.3
  SINCE JUL 1     17.3                      25.1   -7.8     30.2
  SNOW DEPTH       2

DEGREE DAYS
 HEATING
  YESTERDAY       35                        49    -14       31
  MONTH TO DATE  952                       921     31      882
  SINCE DEC 1   2379                      2271    108     2133
  SINCE JUL 1   3795                      4011   -216     3195

 COOLING
  YESTERDAY        0                         0      0        0
  MONTH TO DATE    0                         0      0        0
  SINCE DEC 1      0                         0      0        0
  SINCE JAN 1      0                         0      0        0
..................................................................


WIND (MPH)
  HIGHEST WIND SPEED    20   HIGHEST WIND DIRECTION     S (200)
  HIGHEST GUST SPEED    24   HIGHEST GUST DIRECTION     S (200)
  AVERAGE WIND SPEED    10.0


SKY COVER
  POSSIBLE SUNSHINE  MM
  AVERAGE SKY COVER 0.0


WEATHER CONDITIONS
 THE FOLLOWING WEATHER WAS RECORDED YESTERDAY.
  NO SIGNIFICANT WEATHER WAS OBSERVED.


RELATIVE HUMIDITY (PERCENT)
 HIGHEST    81           300 AM
 LOWEST     64           200 PM
 AVERAGE    73

..........................................................


THE GREEN BAY WI CLIMATE NORMALS FOR TODAY
                         NORMAL    RECORD    YEAR
 MAXIMUM TEMPERATURE (F)   24        47      1906
 MINIMUM TEMPERATURE (F)    9       -25      1985


SUNRISE AND SUNSET
JANUARY 20 2018.......SUNRISE   722 AM CST   SUNSET   445 PM CST
JANUARY 21 2018.......SUNRISE   722 AM CST   SUNSET   447 PM CST


-  INDICATES NEGATIVE NUMBERS.
R  INDICATES RECORD WAS SET OR TIED.
MM INDICATES DATA IS MISSING.
T  INDICATES TRACE AMOUNT.




$$
