000
CDUS43 KGRB 270651
CLIGRB

CLIMATE REPORT
NATIONAL WEATHER SERVICE GREEN BAY
1249 AM CST SAT DEC 27 2014

...................................

...THE GREEN BAY WI CLIMATE SUMMARY FOR DECEMBER 26 2014...

CLIMATE NORMAL PERIOD 1981 TO 2010
CLIMATE RECORD PERIOD 1886 TO 2014

WEATHER ITEM   OBSERVED TIME   RECORD YEAR NORMAL DEPARTURE LAST
                VALUE   (LST)  VALUE       VALUE  FROM      YEAR
                                                  NORMAL
..................................................................
TEMPERATURE (F)
 YESTERDAY
  MAXIMUM         45    153 PM  51    1936  26     19       19
  MINIMUM         29    425 AM -19    1996  11     18        9
                                      1962
  AVERAGE         37                        18     19       14

PRECIPITATION (IN)
  YESTERDAY        0.00          0.89 1942   0.04  -0.04     0.00
  MONTH TO DATE    1.48                      1.31   0.17     1.88
  SINCE DEC 1      1.48                      1.31   0.17     1.88
  SINCE JAN 1     31.91                     29.32   2.59    35.15

SNOWFALL (IN)
  YESTERDAY        0.0           7.4  1888   0.4   -0.4      0.0
  MONTH TO DATE    3.5                      11.0   -7.5     26.2
  SINCE DEC 1      3.5                      11.0   -7.5     26.2
  SINCE JUL 1     11.7                      15.2   -3.5     27.4
  SNOW DEPTH       0

DEGREE DAYS
 HEATING
  YESTERDAY       28                        47    -19       51
  MONTH TO DATE  966                      1115   -149     1272
  SINCE DEC 1    966                      1115   -149     1272
  SINCE JUL 1   2803                      2855    -52     2883

COOLING
  YESTERDAY        0                         0      0        0
  MONTH TO DATE    0                         0      0        0
  SINCE DEC 1      0                         0      0        0
  SINCE JAN 1    362                       398    -36      535
..................................................................

WIND (MPH)
  HIGHEST WIND SPEED    10   HIGHEST WIND DIRECTION    NE (40)
  HIGHEST GUST SPEED    12   HIGHEST GUST DIRECTION    NE (50)
  AVERAGE WIND SPEED     2.7

SKY COVER
  POSSIBLE SUNSHINE  MM
  AVERAGE SKY COVER 0.4

WEATHER CONDITIONS
 THE FOLLOWING WEATHER WAS RECORDED YESTERDAY.
  FOG

RELATIVE HUMIDITY (PERCENT)
 HIGHEST   100           200 AM
 LOWEST     70           100 PM
 AVERAGE    85
..........................................................

THE GREEN BAY WI CLIMATE NORMALS FOR TODAY
                         NORMAL    RECORD    YEAR
 MAXIMUM TEMPERATURE (F)   25        49      1936
 MINIMUM TEMPERATURE (F)   11       -22      1996

SUNRISE AND SUNSET
DECEMBER 27 2014......SUNRISE   728 AM CST   SUNSET   419 PM CST
DECEMBER 28 2014......SUNRISE   728 AM CST   SUNSET   420 PM CST

-  INDICATES NEGATIVE NUMBERS.
R  INDICATES RECORD WAS SET OR TIED.
MM INDICATES DATA IS MISSING.
T  INDICATES TRACE AMOUNT.

$$
