000
CDUS43 KGRB 170635
CLIGRB


CLIMATE REPORT
NATIONAL WEATHER SERVICE GREEN BAY
135 AM CDT THU APR 17 2014


...................................

...THE GREEN BAY WI CLIMATE SUMMARY FOR APRIL 16 2014...

CLIMATE NORMAL PERIOD 1981 TO 2010
CLIMATE RECORD PERIOD 1886 TO 2014


WEATHER ITEM   OBSERVED TIME   RECORD YEAR NORMAL DEPARTURE LAST
                VALUE   (LST)  VALUE       VALUE  FROM      YEAR
                                                  NORMAL
..................................................................
TEMPERATURE (F)
 YESTERDAY
  MAXIMUM         40   1156 PM  84    1896  54    -14       50
  MINIMUM         23    451 AM  14    1904  34    -11       35
  AVERAGE         32                        44    -12       43

PRECIPITATION (IN)
  YESTERDAY        T             1.83 1945   0.10  -0.10     0.00
  MONTH TO DATE    2.49                      1.38   1.11     2.84
  SINCE MAR 1      3.40                      3.23   0.17     4.85
  SINCE JAN 1      6.19                      5.47   0.72     9.51

SNOWFALL (IN)
  YESTERDAY        T             2.1  1998   0.1   -0.1      0.0
  MONTH TO DATE    3.7                       2.1    1.6      7.8
  SINCE MAR 1      9.8                      10.2   -0.4     16.2
  SINCE JUL 1     72.1                      50.4   21.7     74.2
  SNOW DEPTH       T

DEGREE DAYS
 HEATING
  YESTERDAY       33                        21     12       22
  MONTH TO DATE  412                       386     26      453
  SINCE MAR 1   1706                      1446    260     1641
  SINCE JUL 1   8187                      7286    901     7084

 COOLING
  YESTERDAY        0                         0      0        0
  MONTH TO DATE    0                         0      0        0
  SINCE MAR 1      0                         0      0        0
  SINCE JAN 1      0                         0      0        0
..................................................................


WIND (MPH)
  HIGHEST WIND SPEED    28   HIGHEST WIND DIRECTION    SE (140)
  HIGHEST GUST SPEED    34   HIGHEST GUST DIRECTION    SE (130)
  AVERAGE WIND SPEED    12.4


SKY COVER
  POSSIBLE SUNSHINE  MM
  AVERAGE SKY COVER 0.7


WEATHER CONDITIONS
 THE FOLLOWING WEATHER WAS RECORDED YESTERDAY.
  FOG
  HAZE


RELATIVE HUMIDITY (PERCENT)
 HIGHEST    88           200 AM
 LOWEST     50           700 PM
 AVERAGE    69

..........................................................


THE GREEN BAY WI CLIMATE NORMALS FOR TODAY
                         NORMAL    RECORD    YEAR
 MAXIMUM TEMPERATURE (F)   55        83      1958
 MINIMUM TEMPERATURE (F)   34        21      1983


SUNRISE AND SUNSET
APRIL 17 2014.........SUNRISE   605 AM CDT   SUNSET   740 PM CDT
APRIL 18 2014.........SUNRISE   604 AM CDT   SUNSET   741 PM CDT


-  INDICATES NEGATIVE NUMBERS.
R  INDICATES RECORD WAS SET OR TIED.
MM INDICATES DATA IS MISSING.
T  INDICATES TRACE AMOUNT.




$$
