000
CDUS43 KGRB 170651
CLIGRB

CLIMATE REPORT
NATIONAL WEATHER SERVICE GREEN BAY
148 AM CDT TUE OCT 17 2017

...................................

...THE GREEN BAY WI CLIMATE SUMMARY FOR OCTOBER 16 2017...

CLIMATE NORMAL PERIOD 1981 TO 2010
CLIMATE RECORD PERIOD 1886 TO 2017

WEATHER ITEM   OBSERVED TIME   RECORD YEAR NORMAL DEPARTURE LAST
                VALUE   (LST)  VALUE       VALUE  FROM      YEAR
                                                  NORMAL
..................................................................
TEMPERATURE (F)
 YESTERDAY
  MAXIMUM         59    337 PM  81    1968  57      2       70
                                      1947
  MINIMUM         37    618 AM  22    1952  38     -1       57
  AVERAGE         48                        47      1       64

PRECIPITATION (IN)
  YESTERDAY        0.00          1.51 2007   0.08  -0.08     0.00
  MONTH TO DATE    2.73                      1.30   1.43     1.36
  SINCE SEP 1      3.74                      4.34  -0.60     5.65
  SINCE JAN 1     29.13                     24.74   4.39    27.27

SNOWFALL (IN)
  YESTERDAY        0.0           T    2004   0.0    0.0      0.0
                                      1992
                                      1952
  MONTH TO DATE    0.0                       0.0    0.0      0.0
  SINCE SEP 1      0.0                       0.0    0.0      0.0
  SINCE JUL 1      0.0                       0.0    0.0      0.0
  SNOW DEPTH       0

DEGREE DAYS
 HEATING
  YESTERDAY       17                        18     -1        1
  MONTH TO DATE  134                       246   -112      142
  SINCE SEP 1    254                       453   -199      207
  SINCE JUL 1    295                       516   -221      220

COOLING
  YESTERDAY        0                         0      0        0
  MONTH TO DATE    6                         0      6        0
  SINCE SEP 1     98                        33     65       52
  SINCE JAN 1    475                       395     80      574
..................................................................

WIND (MPH)
  HIGHEST WIND SPEED    15   HIGHEST WIND DIRECTION    SW (230)
  HIGHEST GUST SPEED    20   HIGHEST GUST DIRECTION    SW (230)
  AVERAGE WIND SPEED     7.1

SKY COVER
  POSSIBLE SUNSHINE  MM
  AVERAGE SKY COVER 0.1

WEATHER CONDITIONS
 THE FOLLOWING WEATHER WAS RECORDED YESTERDAY.
  NO SIGNIFICANT WEATHER WAS OBSERVED.

RELATIVE HUMIDITY (PERCENT)
 HIGHEST   100           200 AM
 LOWEST     51           300 PM
 AVERAGE    76
..........................................................

THE GREEN BAY WI CLIMATE NORMALS FOR TODAY
                         NORMAL    RECORD    YEAR
 MAXIMUM TEMPERATURE (F)   56        83      1947
 MINIMUM TEMPERATURE (F)   37        20      1952


SUNRISE AND SUNSET
OCTOBER 17 2017.......SUNRISE   711 AM CDT   SUNSET   604 PM CDT
OCTOBER 18 2017.......SUNRISE   712 AM CDT   SUNSET   603 PM CDT

-  INDICATES NEGATIVE NUMBERS.
R  INDICATES RECORD WAS SET OR TIED.
MM INDICATES DATA IS MISSING.
T  INDICATES TRACE AMOUNT.

$$
