486
CDUS43 KGRB 100744
CLIGRB


CLIMATE REPORT
NATIONAL WEATHER SERVICE GREEN BAY
142 AM CST SUN DEC 10 2017


...................................

...THE GREEN BAY WI CLIMATE SUMMARY FOR DECEMBER 9 2017...

CLIMATE NORMAL PERIOD 1981 TO 2010
CLIMATE RECORD PERIOD 1886 TO 2017


WEATHER ITEM   OBSERVED TIME   RECORD YEAR NORMAL DEPARTURE LAST
                VALUE   (LST)  VALUE       VALUE  FROM      YEAR
                                                  NORMAL
..................................................................
TEMPERATURE (F)
 YESTERDAY
  MAXIMUM         26    238 PM  59    1946  30     -4       27
  MINIMUM         13    839 PM -14    1927  17     -4       18
  AVERAGE         20                        24     -4       23

PRECIPITATION (IN)
  YESTERDAY        0.04          0.92 1907   0.05  -0.01      T
  MONTH TO DATE    0.43                      0.52  -0.09     0.34
  SINCE DEC 1      0.43                      0.52  -0.09     0.34
  SINCE JAN 1     31.09                     28.53   2.56    31.20

SNOWFALL (IN)
  YESTERDAY        0.7          11.2  2009   0.5    0.2       T
  MONTH TO DATE    1.3                       3.6   -2.3      3.8
  SINCE DEC 1      1.3                       3.6   -2.3      3.8
  SINCE JUL 1      1.9                       7.8   -5.9      4.7
  SNOW DEPTH       1

DEGREE DAYS
 HEATING
  YESTERDAY       45                        42      3       42
  MONTH TO DATE  293                       359    -66      297
  SINCE DEC 1    293                       359    -66      297
  SINCE JUL 1   1709                      2099   -390     1359

 COOLING
  YESTERDAY        0                         0      0        0
  MONTH TO DATE    0                         0      0        0
  SINCE DEC 1      0                         0      0        0
  SINCE JAN 1    477                       398     79      577
..................................................................


WIND (MPH)
  HIGHEST WIND SPEED    24   HIGHEST WIND DIRECTION     N (360)
  HIGHEST GUST SPEED    31   HIGHEST GUST DIRECTION     N (350)
  AVERAGE WIND SPEED    10.9


SKY COVER
  POSSIBLE SUNSHINE  MM
  AVERAGE SKY COVER 0.5


WEATHER CONDITIONS
 THE FOLLOWING WEATHER WAS RECORDED YESTERDAY.
  LIGHT SNOW
  FOG


RELATIVE HUMIDITY (PERCENT)
 HIGHEST   100           100 AM
 LOWEST     55           200 PM
 AVERAGE    78

..........................................................


THE GREEN BAY WI CLIMATE NORMALS FOR TODAY
                         NORMAL    RECORD    YEAR
 MAXIMUM TEMPERATURE (F)   30        54      2015
 MINIMUM TEMPERATURE (F)   16       -15      1972
                                             1919


SUNRISE AND SUNSET
DECEMBER 10 2017......SUNRISE   718 AM CST   SUNSET   413 PM CST
DECEMBER 11 2017......SUNRISE   719 AM CST   SUNSET   413 PM CST


-  INDICATES NEGATIVE NUMBERS.
R  INDICATES RECORD WAS SET OR TIED.
MM INDICATES DATA IS MISSING.
T  INDICATES TRACE AMOUNT.

$$
