189
CDUS43 KGRB 280800
CLIGRB


CLIMATE REPORT
NATIONAL WEATHER SERVICE GREEN BAY
257 AM CDT TUE MAR 28 2017


...................................

...THE GREEN BAY WI CLIMATE SUMMARY FOR MARCH 27 2017...

CLIMATE NORMAL PERIOD 1981 TO 2010
CLIMATE RECORD PERIOD 1886 TO 2017


WEATHER ITEM   OBSERVED TIME   RECORD YEAR NORMAL DEPARTURE LAST
                VALUE   (LST)  VALUE       VALUE  FROM      YEAR
                                                  NORMAL
..................................................................
TEMPERATURE (F)
 YESTERDAY
  MAXIMUM         44    209 PM  77    1910  44      0       44
  MINIMUM         37    102 AM  -7    1964  27     10       35
  AVERAGE         41                        35      6       40

PRECIPITATION (IN)
  YESTERDAY        0.00          0.80 1977   0.07  -0.07     0.12
  MONTH TO DATE    1.95                      1.58   0.37     2.86
  SINCE MAR 1      1.95                      1.58   0.37     2.86
  SINCE JAN 1      5.20                      3.82   1.38     5.34

SNOWFALL (IN)
  YESTERDAY        0.0           6.0  1942   0.2   -0.2      0.0
  MONTH TO DATE    8.9                       7.4    1.5     11.8
  SINCE MAR 1      8.9                       7.4    1.5     11.8
  SINCE JUL 1     53.1                      47.6    5.5     45.6
  SNOW DEPTH       0

DEGREE DAYS
 HEATING
  YESTERDAY       24                        30     -6       25
  MONTH TO DATE  920                       946    -26      776
  SINCE MAR 1    920                       946    -26      776
  SINCE JUL 1   5493                      6786  -1293     5587

 COOLING
  YESTERDAY        0                         0      0        0
  MONTH TO DATE    0                         0      0        0
  SINCE MAR 1      0                         0      0        0
  SINCE JAN 1      0                         0      0        0
..................................................................


WIND (MPH)
  HIGHEST WIND SPEED     9   HIGHEST WIND DIRECTION    NE (60)
  HIGHEST GUST SPEED    11   HIGHEST GUST DIRECTION    NE (50)
  AVERAGE WIND SPEED     4.0


SKY COVER
  POSSIBLE SUNSHINE  MM
  AVERAGE SKY COVER 1.0


WEATHER CONDITIONS
 THE FOLLOWING WEATHER WAS RECORDED YESTERDAY.
  NO SIGNIFICANT WEATHER WAS OBSERVED.


RELATIVE HUMIDITY (PERCENT)
 HIGHEST   100          1200 AM
 LOWEST     76           200 PM
 AVERAGE    88

..........................................................


THE GREEN BAY WI CLIMATE NORMALS FOR TODAY
                         NORMAL    RECORD    YEAR
 MAXIMUM TEMPERATURE (F)   45        74      1946
                                             1910
                                             1905
 MINIMUM TEMPERATURE (F)   27        -2      1923


SUNRISE AND SUNSET
MARCH 28 2017.........SUNRISE   640 AM CDT   SUNSET   715 PM CDT
MARCH 29 2017.........SUNRISE   639 AM CDT   SUNSET   717 PM CDT


-  INDICATES NEGATIVE NUMBERS.
R  INDICATES RECORD WAS SET OR TIED.
MM INDICATES DATA IS MISSING.
T  INDICATES TRACE AMOUNT.

$$
