000
CXUS53 KGID 011306
CLMGRI
CLIMATE REPORT
NATIONAL WEATHER SERVICE HASTINGS NE
706 AM CST FRI DEC 01 2023
...................................
...THE GRAND ISLAND NE CLIMATE SUMMARY FOR THE MONTH OF NOVEMBER 2023...
CLIMATE NORMAL PERIOD 1991 TO 2020
CLIMATE RECORD PERIOD 1895 TO 2023
WEATHER OBSERVED NORMAL DEPART LAST YEAR`S
VALUE DATE(S) VALUE FROM VALUE DATE(S)
NORMAL
................................................................
TEMPERATURE (F)
RECORD
HIGH 88 11/08/1915
LOW -11 11/28/1976
HIGHEST 74 11/07 71 3 78 11/01
11/02
LOWEST 17 11/10 8 9 8 11/18
11/26
11/27
AVG. MAXIMUM 57.1 51.1 6.0 51.6
AVG. MINIMUM 29.6 28.1 1.5 24.9
MEAN 43.3 39.6 3.7 38.3
DAYS MAX >= 90 0 0.0 0.0 0
DAYS MAX <= 32 2 3.0 -1.0 4
DAYS MIN <= 32 19 22.0 -3.0 24
DAYS MIN <= 0 0 0.1 -0.1 0
PRECIPITATION (INCHES)
RECORD
MAXIMUM 3.77 1983
MINIMUM 0.00 1939
TOTALS 0.79 1.10 -0.31 0.20
DAILY AVG. 0.03 0.04 -0.01 0.01
DAYS >= .01 4 4.9 -0.9 4
DAYS >= .10 1 2.4 -1.4 1
DAYS >= .50 1 0.8 0.2 0
DAYS >= 1.00 0 0.1 -0.1 0
GREATEST
24 HR. TOTAL 0.61 11/19 TO 11/20
SNOWFALL (INCHES)
RECORDS
TOTAL 17.1 1983
TOTALS 0.9 2.3 -1.4 0.4
SINCE 7/1 1.8 3.5 -1.7 MM
DAYS >= 1.0 0 0.8 -0.8 0
GREATEST
SNOW DEPTH 1 11/26 -1
24 HR TOTAL 0.9 11/25 TO 11/25
DEGREE DAYS
HEATING TOTAL 644 762 -118 800
SINCE 7/1 1043 1233 -190 MM
COOLING TOTAL 0 0 0 7
SINCE 1/1 1333 1154 179 MM
................................................................
WIND (MPH)
AVERAGE WIND SPEED 10.3
HIGHEST WIND SPEED/DIRECTION 30/350 DATE 11/08
30/320 11/26
HIGHEST GUST SPEED/DIRECTION 41/330 DATE 11/26
SKY COVER
POSSIBLE SUNSHINE (PERCENT) MM
AVERAGE SKY COVER 0.21
NUMBER OF DAYS FAIR 23
NUMBER OF DAYS PC 3
NUMBER OF DAYS CLOUDY 4
AVERAGE RH (PERCENT) 60
WEATHER CONDITIONS. NUMBER OF DAYS WITH
THUNDERSTORM 0 MIXED PRECIP 0
HEAVY RAIN 0 RAIN 1
LIGHT RAIN 3 FREEZING RAIN 0
LT FREEZING RAIN 0 HAIL 0
HEAVY SNOW 0 SNOW 1
LIGHT SNOW 1 SLEET 0
FOG 7 FOG W/VIS <= 1/4 MILE 2
HAZE 1
- INDICATES NEGATIVE NUMBERS.
R INDICATES RECORD WAS SET OR TIED.
MM INDICATES DATA IS MISSING.
T INDICATES TRACE AMOUNT.
$$