164
CXUS53 KIWX 010910
CF6GSH
PRELIMINARY LOCAL CLIMATOLOGICAL DATA (WS FORM: F-6)
STATION: GOSHEN
MONTH: JANUARY
YEAR: 2021
LATITUDE: 41 31 N
LONGITUDE: 85 47 W
TEMPERATURE IN F: :PCPN: SNOW: WIND :SUNSHINE: SKY :PK WND
================================================================================
1 2 3 4 5 6A 6B 7 8 9 10 11 12 13 14 15 16 17 18
12Z AVG MX 2MIN
DY MAX MIN AVG DEP HDD CDD WTR SNW DPTH SPD SPD DIR MIN PSBL S-S WX SPD DR
================================================================================
1 33 23 28 4 37 0 0.65 M M 9.9 23 50 M M 8 168 32 50
2 33 31 32 8 33 0 T M M 6.0 12 90 M M 10 1 17 80
3 33 32 33 9 32 0 0.20 M M 4.7 10 270 M M 10 12 13 270
4 33 23 28 4 37 0 0.00 M M 7.0 13 230 M M 9 128 17 220
5 35 30 33 9 32 0 0.00 M M 7.6 15 320 M M 10 12 20 320
6 37 32 35 11 30 0 0.00 M M 5.1 12 30 M M 10 1 15 30
7 37 30 34 10 31 0 0.00 M M 7.3 14 30 M M 10 8 22 80
8 32 20 26 2 39 0 0.00 0.0 M 8.2 17 20 M M 6 22 20
9 35 21 28 4 37 0 0.00 0.0 M 3.8 13 80 M M 5 18 17 90
10 31 17 24 0 41 0 0.00 M M 5.4 13 220 M M 6 128 16 220
11 27 22 25 1 40 0 0.00 M M 11.7 21 240 M M 10 18 27 240
12 34 26 30 6 35 0 0.00 0.0 M 12.1 20 210 M M 9 18 26 210
13 41 29 35 11 30 0 0.00 M M 10.5 21 220 M M 3 18 27 220
14 44 32 38 14 27 0 0.01 M M 10.0 16 150 M M 5 1 22 140
15 40 25 33 9 32 0 T M M 6.7 18 230 M M 8 18 24 220
16 34 24 29 5 36 0 0.03 M M 7.4 15 230 M M 9 1 20 230
17 33 28 31 7 34 0 0.04 M M 9.1 15 260 M M 10 1 19 270
18 30 24 27 3 38 0 T M M 10.0 22 270 M M 10 18 29 260
19 31 18 25 1 40 0 0.01 M M 10.8 21 300 M M 8 18 28 330
20 30 21 26 2 39 0 0.01 M M 13.4 25 330 M M 5 1238 35 330
21 41 29 35 11 30 0 0.00 M M 16.1 26 270 M M 0 37 260
22 33 19 26 2 39 0 T M M 14.1 24 320 M M 10 30 320
23 29 11 20 -4 45 0 0.00 M M 4.9 12 320 M M 4 15 320
24 31 26 29 5 36 0 T M M 6.4 15 100 M M 10 20 130
25 34 27 31 7 34 0 T M M 7.8 15 70 M M 8 1 27 60
26 31 26 29 5 36 0 0.11 M M 9.8 20 80 M M 10 16 28 80
27 27 15 21 -3 44 0 0.00 M M 7.4 15 30 M M 4 20 30
28 27 13 20 -4 45 0 0.00 M M 6.9 17 340 M M 8 22 350
29 31 12 22 -2 43 0 0.00 M M 3.4 10 100 M M 1 18 13 100
30 32 23 28 4 37 0 0.05 M M 13.6 23 110 M M 7 18 32 100
31 33 26 30 6 35 0 M M M 15.0 22 90 M M 10 18 33 100
================================================================================
SM 1032 735 1124 0 1.11 0.0 272.1 M 233
================================================================================
AV 33.3 23.7 8.8 FASTST M M 8 MAX(MPH)
MISC ----> 26 270 37 260
================================================================================
NOTES:
# LAST OF SEVERAL OCCURRENCES
COLUMN 17 PEAK WIND IN M.P.H.
PRELIMINARY LOCAL CLIMATOLOGICAL DATA (WS FORM: F-6) , PAGE 2
STATION: GOSHEN
MONTH: JANUARY
YEAR: 2021
LATITUDE: 41 31 N
LONGITUDE: 85 47 W
[TEMPERATURE DATA] [PRECIPITATION DATA] SYMBOLS USED IN COLUMN 16
AVERAGE MONTHLY: 28.5 TOTAL FOR MONTH: 1.11 1 = FOG OR MIST
DPTR FM NORMAL: 4.7 DPTR FM NORMAL: -0.85 2 = FOG REDUCING VISIBILITY
HIGHEST: 44 ON 14 GRTST 24HR 0.87 ON 1- 1 TO 1/4 MILE OR LESS
LOWEST: 11 ON 23 3 = THUNDER
SNOW, ICE PELLETS, HAIL 4 = ICE PELLETS
TOTAL MONTH: 0.0 INCH 5 = HAIL
GRTST 24HR 0.0 6 = FREEZING RAIN OR DRIZZLE
GRTST DEPTH: M ON M 7 = DUSTSTORM OR SANDSTORM:
VSBY 1/2 MILE OR LESS
8 = SMOKE OR HAZE
[NO. OF DAYS WITH] [WEATHER - DAYS WITH] 9 = BLOWING SNOW
X = TORNADO
MAX 32 OR BELOW: 13 0.01 INCH OR MORE: 9
MAX 90 OR ABOVE: 0 0.10 INCH OR MORE: 3
MIN 32 OR BELOW: 31 0.50 INCH OR MORE: 1
MIN 0 OR BELOW: 0 1.00 INCH OR MORE: 0
[HDD (BASE 65) ]
TOTAL THIS MO. 1124 CLEAR (SCALE 0-3) 3
DPTR FM NORMAL -153 PTCLDY (SCALE 4-7) 11
TOTAL FM JUL 1 3244 CLOUDY (SCALE 8-10) 17
DPTR FM NORMAL -498
[CDD (BASE 65) ]
TOTAL THIS MO. 0
DPTR FM NORMAL 0 [PRESSURE DATA]
TOTAL FM JAN 1 0 HIGHEST SLP 30.65 ON 28
DPTR FM NORMAL 0 LOWEST SLP 29.48 ON 15
[REMARKS]
#FINAL-01-21#