000
CXUS52 KGSP 010917
CF6GSP
PRELIMINARY LOCAL CLIMATOLOGICAL DATA (WS FORM: F-6)
STATION: GREENVILLE-SPARTANBURG SC
MONTH: DECEMBER
YEAR: 2023
LATITUDE: 34 54 N
LONGITUDE: 82 13 W
TEMPERATURE IN F: :PCPN: SNOW: WIND :SUNSHINE: SKY :PK WND
================================================================================
1 2 3 4 5 6A 6B 7 8 9 10 11 12 13 14 15 16 17 18
12Z AVG MX 2MIN
DY MAX MIN AVG DEP HDD CDD WTR SNW DPTH SPD SPD DIR MIN PSBL S-S WX SPD DR
================================================================================
1 53 36 45 -3 20 0 0.16 0.0 0 1.9 8 350 M M 8 18 12 60
2 67 50 59 12 6 0 0.08 0.0 0 4.2 13 210 M M 10 128 17 210
3 70 47 59 12 6 0 0.13 0.0 0 9.7 20 250 M M 5 1 27 240
4 66 40 53 6 12 0 0.00 0.0 0 6.3 21 230 M M 0 31 240
5 61 35 48 1 17 0 0.00 0.0 0 5.5 17 210 M M 0 23 250
6 52 31 42 -4 23 0 0.00 0.0 0 6.9 17 330 M M 0 31 340
7 56 26 41 -5 24 0 0.00 0.0 0 5.5 15 220 M M 0 23 210
8 63 35 49 3 16 0 0.00 0.0 0 8.0 17 220 M M 0 8 23 200
9 53 45 49 3 16 0 0.60 0.0 0 3.1 8 180 M M 10 1 12 100
10 61 42 52 6 13 0 0.89 0.0 0 6.7 16 210 M M 10 123 27 330
11 52 32 42 -4 23 0 0.00 0.0 0 7.1 15 320 M M 0 31 340
12 53 27 40 -5 25 0 0.00 0.0 0 1.7 8 210 M M 0 13 160
13 62 28 45 0 20 0 0.00 0.0 0 2.7 8 30 M M 0 13 60
14 55 30 43 -2 22 0 0.00 0.0 0 3.3 13 60 M M 0 18 60
15 59 25 42 -3 23 0 0.00 0.0 0 1.0 7 110 M M 0 10 130
16 57 28 43 -2 22 0 0.00 0.0 0 7.1 14 50 M M 7 21 20
17 55 44 50 6 15 0 0.26 0.0 0 10.6 20 20 M M 8 1 29 350
18 62 34 48 4 17 0 T 0.0 0 9.6 23 260 M M 0 37 270
19 46 28 37 -7 28 0 0.00 0.0 0 4.7 20 360 M M 0 31 10
20 51 22 37 -7 28 0 0.00 0.0 0 1.2 8 260 M M 0 12 290
21 63 26 45 1 20 0 0.00 0.0 0 1.7 10 190 M M 0 16 210
22 63 33 48 4 17 0 0.00 0.0 0 3.4 13 200 M M 0 16 200
23 63 32 48 4 17 0 0.00 0.0 0 2.3 12 230 M M 4 16 220
24 66 36 51 7 14 0 T 0.0 0 3.2 9 100 M M 3 1 13 120
25 58 47 53 10 12 0 0.80 0.0 0 9.0 18 100 M M 9 1 25 40
26 58 53 56 13 9 0 1.99 0.0 0 11.2 22 20 M M 10 13 29 10
27 62 49 56 13 9 0 0.02 0.0 0 6.5 14 220 M M 7 18 19 240
28 57 36 47 4 18 0 0.00 0.0 0 7.7 16 210 M M 0 20 230
29 49 29 39 -4 26 0 0.00 0.0 0 7.7 18 260 M M 4 28 280
30 51 33 42 -1 23 0 0.00 0.0 0 8.8 13 220 M M 6 19 220
31 56 26 41 -2 24 0 0.00 0.0 0 8.0 17 210 M M 0 22 210
================================================================================
SM 1800 1085 565 0 4.93 0.0 176.3 M 101
================================================================================
AV 58.1 35.0 5.7 FASTST M M 3 MAX(MPH)
MISC ----> 23 260 37 270
================================================================================
NOTES:
# LAST OF SEVERAL OCCURRENCES
COLUMN 17 PEAK WIND IN M.P.H.
PRELIMINARY LOCAL CLIMATOLOGICAL DATA (WS FORM: F-6) , PAGE 2
STATION: GREENVILLE-SPARTANBURG SC
MONTH: DECEMBER
YEAR: 2023
LATITUDE: 34 54 N
LONGITUDE: 82 13 W
[TEMPERATURE DATA] [PRECIPITATION DATA] SYMBOLS USED IN COLUMN 16
AVERAGE MONTHLY: 46.5 TOTAL FOR MONTH: 4.93 1 = FOG OR MIST
DPTR FM NORMAL: 1.7 DPTR FM NORMAL: 0.35 2 = FOG REDUCING VISIBILITY
HIGHEST: 70 ON 3 GRTST 24HR 2.45 ON 25-26 TO 1/4 MILE OR LESS
LOWEST: 22 ON 20 3 = THUNDER
SNOW, ICE PELLETS, HAIL 4 = ICE PELLETS
TOTAL MONTH: 0.0 INCH 5 = HAIL
GRTST 24HR 0.0 6 = FREEZING RAIN OR DRIZZLE
GRTST DEPTH: 0 7 = DUSTSTORM OR SANDSTORM:
VSBY 1/2 MILE OR LESS
8 = SMOKE OR HAZE
[NO. OF DAYS WITH] [WEATHER - DAYS WITH] 9 = BLOWING SNOW
X = TORNADO
MAX 32 OR BELOW: 0 0.01 INCH OR MORE: 9
MAX 90 OR ABOVE: 0 0.10 INCH OR MORE: 7
MIN 32 OR BELOW: 14 0.50 INCH OR MORE: 4
MIN 0 OR BELOW: 0 1.00 INCH OR MORE: 1
[HDD (BASE 65) ]
TOTAL THIS MO. 565 CLEAR (SCALE 0-3) 17
DPTR FM NORMAL -61 PTCLDY (SCALE 4-7) 9
TOTAL FM JUL 1 1091 CLOUDY (SCALE 8-10) 5
DPTR FM NORMAL -101
[CDD (BASE 65) ]
TOTAL THIS MO. 0
DPTR FM NORMAL -1 [PRESSURE DATA]
TOTAL FM JAN 1 1602 HIGHEST SLP 30.75 ON 14
DPTR FM NORMAL -118 LOWEST SLP 29.55 ON 18
[REMARKS]
#FINAL-12-23#