000
CXUS54 KAMA 010710
CF6GUY
PRELIMINARY LOCAL CLIMATOLOGICAL DATA (WS FORM: F-6)
STATION: GUYMON
MONTH: SEPTEMBER
YEAR: 2023
LATITUDE: 36 41 N
LONGITUDE: 101 30 W
TEMPERATURE IN F: :PCPN: SNOW: WIND :SUNSHINE: SKY :PK WND
================================================================================
1 2 3 4 5 6A 6B 7 8 9 10 11 12 13 14 15 16 17 18
12Z AVG MX 2MIN
DY MAX MIN AVG DEP HDD CDD WTR SNW DPTH SPD SPD DIR MIN PSBL S-S WX SPD DR
================================================================================
1 102 64 83 7 0 18 0.00 M M 11.6 21 210 M M 0 29 170
2 102 59 81 6 0 16 0.00 M M 10.1 18 200 M M 0 25 190
3 103 62 83 8 0 18 0.00 M M 10.2 21 200 M M 0 28 160
4 105 64 85 10 0 20 0.00 M M 12.4 28 210 M M 0 39 210
5 90 62 76 1 0 11 0.00 M M 11.1 21 10 M M 0 33 340
6 89 53 71 -3 0 6 0.00 M M 6.7 16 70 M M 0 26 60
7 105 61 83 9 0 18 0.00 M M 7.6 18 40 M M 0 24 20
8 95 58 77 3 0 12 0.00 M M 10.2 20 30 M M 0 28 60
9 93 57 75 2 0 10 0.00 M M 6.8 16 150 M M 0 27 150
10 92 62 77 4 0 12 0.44 M M 13.4 28 50 M M 2 13 38 60
11 67 58 63 -10 2 0 0.75 M M 10.4 18 30 M M 10 1 25 20
12 71 56 64 -8 1 0 0.00 M M 5.5 12 130 M M 5 1 15 130
13 67 58 63 -9 2 0 0.14 M M 8.0 16 170 M M 8 1 23 160
14 69 61 65 -7 0 0 0.20 M M 6.9 12 90 M M 10 1 16 90
15 M M M M M M M M M M M M M M M M M
16 M M M M M M M M M M M M M M M M M
17 M M M M M M M M M M M M M M M M M
18 M M M M M M T M M 8.8 25 240 M M 0 33 240
19 92 59 76 6 0 11 T M M 9.3 24 260 M M 0 3 34 260
20 88 57 73 3 0 8 0.00 M M 6.4 16 10 M M 0 21 340
21 92 66 79 10 0 14 0.00 M M 10.8 26 210 M M 1 36 200
22 94 57 76 7 0 11 0.00 M M 7.7 20 240 M M 0 28 240
23 83 47 65 -3 0 0 0.00 M M 8.3 21 360 M M 0 29 10
24 83 53 68 0 0 3 T M M 4.3 12 110 M M 1 16 110
25 87 49 68 1 0 3 0.00 M M 5.4 14 200 M M 0 20 220
26 91 52 72 5 0 7 0.00 M M 10.4 23 210 M M 1 3 31 220
27 95 59 77 10 0 12 0.00 M M 9.8 18 210 M M 0 27 210
28 95 66 81 15 0 16 T M M 16.4 26 160 M M 0 42 170
29 98 68 83 17 0 18 0.00 M M 12.8 22 220 M M 0 32 220
30 90 60 75 10 0 10 0.00 M M 13.4 25 190 M M 0 38 190
================================================================================
SM 2338 1528 5 254 1.53 M 254.7 M 38
================================================================================
AV 89.9 58.8 9.4 FASTST M M 1 MAX(MPH)
MISC ----> # 28 210 42 170
================================================================================
NOTES:
# LAST OF SEVERAL OCCURRENCES
COLUMN 17 PEAK WIND IN M.P.H.
PRELIMINARY LOCAL CLIMATOLOGICAL DATA (WS FORM: F-6) , PAGE 2
STATION: GUYMON
MONTH: SEPTEMBER
YEAR: 2023
LATITUDE: 36 41 N
LONGITUDE: 101 30 W
[TEMPERATURE DATA] [PRECIPITATION DATA] SYMBOLS USED IN COLUMN 16
AVERAGE MONTHLY: 74.3 TOTAL FOR MONTH: 1.53 1 = FOG OR MIST
DPTR FM NORMAL: 3.4 DPTR FM NORMAL: 0.17 2 = FOG REDUCING VISIBILITY
HIGHEST: 105 ON 7, 4 GRTST 24HR 1.19 ON 10-11 TO 1/4 MILE OR LESS
LOWEST: 47 ON 23 3 = THUNDER
SNOW, ICE PELLETS, HAIL 4 = ICE PELLETS
TOTAL MONTH: M 5 = HAIL
GRTST 24HR M ON M 6 = FREEZING RAIN OR DRIZZLE
GRTST DEPTH: M ON M 7 = DUSTSTORM OR SANDSTORM:
VSBY 1/2 MILE OR LESS
8 = SMOKE OR HAZE
[NO. OF DAYS WITH] [WEATHER - DAYS WITH] 9 = BLOWING SNOW
X = TORNADO
MAX 32 OR BELOW: 0 0.01 INCH OR MORE: 4
MAX 90 OR ABOVE: 17 0.10 INCH OR MORE: 4
MIN 32 OR BELOW: 0 0.50 INCH OR MORE: 1
MIN 0 OR BELOW: 0 1.00 INCH OR MORE: 0
[HDD (BASE 65) ]
TOTAL THIS MO. 5 CLEAR (SCALE 0-3) 23
DPTR FM NORMAL -30 PTCLDY (SCALE 4-7) 1
TOTAL FM JUL 1 5 CLOUDY (SCALE 8-10) 6
DPTR FM NORMAL -29
[CDD (BASE 65) ]
TOTAL THIS MO. 254
DPTR FM NORMAL 41 [PRESSURE DATA]
TOTAL FM JAN 1 1485 HIGHEST SLP M ON M
DPTR FM NORMAL -116 LOWEST SLP 26.99 ON 3
[REMARKS]
#FINAL-09-23#