000
CXUS54 KAMA 011552
CLMGUY
CLIMATE REPORT
NATIONAL WEATHER SERVICE AMARILLO
1052 AM CDT WED NOV 01 2023
...................................
...THE GUYMON CLIMATE SUMMARY FOR THE MONTH OF OCTOBER 2023...
CLIMATE NORMAL PERIOD: 1991 TO 2020
CLIMATE RECORD PERIOD: 1998 TO 2023
WEATHER OBSERVED NORMAL DEPART LAST YEAR`S
VALUE DATE(S) VALUE FROM VALUE DATE(S)
NORMAL
................................................................
TEMPERATURE (F)
HIGHEST 92 10/20 89 10/01
10/22
LOWEST 16 10/30 31 10/26
AVG. MAXIMUM 74.8 73.1 1.7 74.6
AVG. MINIMUM 42.2 43.0 -0.8 44.7
MEAN 58.5 58.0 0.5 59.6
DAYS MAX >= 90 2 3.0 -1.0 0
DAYS MAX <= 32 0 0.1 -0.1 0
DAYS MIN <= 32 6 3.8 2.2 3
DAYS MIN <= 0 0 0.0 0.0 0
PRECIPITATION (INCHES)
TOTALS 0.54 1.75 -1.21 0.36
DAILY AVG. 0.02 0.06 -0.04 0.01
DAYS >= .01 4 5.8 -1.8 3
DAYS >= .10 1 3.3 -2.3 2
DAYS >= .50 0 1.3 -1.3 0
DAYS >= 1.00 0 0.5 -0.5 0
GREATEST
24 HR. TOTAL 0.50 10/02 TO 10/03
SNOWFALL (INCHES)
TOTALS MM MM MM MM
SINCE 7/1 MM MM MM MM
DAYS >= TRACE MM MM MM
DAYS >= 1.0 MM MM MM MM
GREATEST
SNOW DEPTH MM
24 HR TOTAL MM
DEGREE DAYS
HEATING TOTAL 245 252 -7 193
SINCE 7/1 250 288 -38 MM
COOLING TOTAL 52 37 15 34
SINCE 1/1 1537 1638 -101 MM
................................................................
WIND (MPH)
AVERAGE WIND SPEED 9.3
HIGHEST WIND SPEED/DIRECTION 38/240 DATE 10/12
HIGHEST GUST SPEED/DIRECTION 52/240 DATE 10/12
SKY COVER
POSSIBLE SUNSHINE (PERCENT) MM
NUMBER OF DAYS FAIR 28
NUMBER OF DAYS PC 1
NUMBER OF DAYS CLOUDY 2
AVERAGE RH (PERCENT) 58
WEATHER CONDITIONS. NUMBER OF DAYS WITH
THUNDERSTORM 3 MIXED PRECIP 0
HEAVY RAIN 1 RAIN 2
LIGHT RAIN 7 FREEZING RAIN 0
LT FREEZING RAIN 0 HEAVY SNOW 0
SNOW 0 LIGHT SNOW 0
SLEET 0 FOG 2
FOG W/VIS <= 1/4 MILE 0 HAZE 0
- INDICATES NEGATIVE NUMBERS.
R INDICATES RECORD WAS SET OR TIED.
MM INDICATES DATA IS MISSING.
T INDICATES TRACE AMOUNT.
$$