000
CXUS54 KJAN 011414
CF6GWO
PRELIMINARY LOCAL CLIMATOLOGICAL DATA (WS FORM: F-6)
STATION: GREENWOOD
MONTH: MAY
YEAR: 2020
LATITUDE: 33 30 N
LONGITUDE: 90 5 W
TEMPERATURE IN F: :PCPN: SNOW: WIND :SUNSHINE: SKY :PK WND
================================================================================
1 2 3 4 5 6A 6B 7 8 9 10 11 12 13 14 15 16 17 18
12Z AVG MX 2MIN
DY MAX MIN AVG DEP HDD CDD WTR SNW DPTH SPD SPD DIR MIN PSBL S-S WX SPD DR
================================================================================
1 83 50 67 -1 0 2 0.00 0.0 0 3.6 13 210 M M 0 19 230
2 85 59 72 4 0 7 0.00 0.0 0 7.1 17 200 M M 0 25 200
3 87 62 75 7 0 10 0.00 0.0 0 8.2 20 210 M M 1 30 210
4 86 67 77 8 0 12 0.00 0.0 0 7.0 16 200 M M 3 20 200
5 80 58 69 0 0 4 0.01 0.0 0 6.7 22 30 M M 3 34 30
6 77 51 64 -5 1 0 0.00 0.0 0 8.2 20 350 M M 0 1 32 350
7 75 46 61 -8 4 0 T 0.0 0 2.7 10 110 M M 0 14 110
8 69 51 60 -10 5 0 0.83 0.0 0 9.2 28 180 M M 6 13 38 180
9 70 44 57 -13 8 0 0.00 0.0 0 4.1 16 50 M M 0 23 50
10 77 44 61 -9 4 0 0.00 0.0 0 1.9 9 360 M M 0 13 350
11 75 51 63 -8 2 0 0.00 0.0 0 6.0 16 50 M M 2 20 70
12 81 52 67 -4 0 2 0.00 0.0 0 7.8 17 110 M M 1 26 110
13 84 65 75 4 0 10 0.00 0.0 0 7.6 14 160 M M 1 19 160
14 85 65 75 4 0 10 0.10 0.0 0 10.2 28 170 M M 3 38 170
15 84 65 75 3 0 10 0.22 0.0 0 7.1 16 170 M M 3 38 24 170
16 86 71 79 7 0 14 0.05 0.0 0 9.1 20 170 M M 7 25 150
17 88 70 79 7 0 14 0.18 0.0 0 9.3 26 190 M M 5 138 34 190
18 83 63 73 1 0 8 0.00 0.0 0 6.3 15 20 M M 5 22 350
19 77 58 68 -5 0 3 0.00 0.0 0 4.7 16 20 M M 3 21 20
20 81 55 68 -5 0 3 0.00 0.0 0 2.2 14 20 M M 3 17 30
21 86 59 73 0 0 8 0.00 0.0 0 3.1 12 130 M M 4 1 16 120
22 92 69 81 8 0 16 0.00 0.0 0 8.5 18 190 M M 3 1 28 200
23 92 72 82 8 0 17 0.07 0.0 0 8.8 26 200 M M 3 1 39 200
24 92 71 82 8 0 17 0.00 0.0 0 6.5 13 160 M M 1 16 120
25 91 70 81 7 0 16 0.03 0.0 0 8.5 24 170 M M 2 3 32 170
26 81 70 76 1 0 11 0.57 0.0 0 7.2 16 80 M M 7 13 20 110
27 86 67 77 2 0 12 0.23 0.0 0 5.9 15 220 M M 4 13 20 230
28 86 65 76 1 0 11 T 0.0 0 7.6 23 210 M M 2 31 220
29 87 64 76 1 0 11 0.00 0.0 0 3.0 9 340 M M 1 13 360
30 87 61 74 -2 0 9 0.00 0.0 0 4.4 14 30 M M 1 20 40
31 86 59 73 -3 0 8 0.00 0.0 0 5.8 16 30 M M 0 23 50
================================================================================
SM 2579 1874 24 245 2.29 0.0 198.3 M 74
================================================================================
AV 83.2 60.5 6.4 FASTST M M 2 MAX(MPH)
MISC ----> # 28 180 # 39 200
================================================================================
NOTES:
# LAST OF SEVERAL OCCURRENCES
COLUMN 17 PEAK WIND IN M.P.H.
PRELIMINARY LOCAL CLIMATOLOGICAL DATA (WS FORM: F-6) , PAGE 2
STATION: GREENWOOD
MONTH: MAY
YEAR: 2020
LATITUDE: 33 30 N
LONGITUDE: 90 5 W
[TEMPERATURE DATA] [PRECIPITATION DATA] SYMBOLS USED IN COLUMN 16
AVERAGE MONTHLY: 71.8 TOTAL FOR MONTH: 2.29 1 = FOG OR MIST
DPTR FM NORMAL: 0.0 DPTR FM NORMAL: -2.66 2 = FOG REDUCING VISIBILITY
HIGHEST: 92 ON 24,23 GRTST 24HR 0.83 ON 8- 8 TO 1/4 MILE OR LESS
LOWEST: 44 ON 10, 9 3 = THUNDER
SNOW, ICE PELLETS, HAIL 4 = ICE PELLETS
TOTAL MONTH: 0.0 INCH 5 = HAIL
GRTST 24HR 0.0 6 = FREEZING RAIN OR DRIZZLE
GRTST DEPTH: 0 7 = DUSTSTORM OR SANDSTORM:
VSBY 1/2 MILE OR LESS
8 = SMOKE OR HAZE
[NO. OF DAYS WITH] [WEATHER - DAYS WITH] 9 = BLOWING SNOW
X = TORNADO
MAX 32 OR BELOW: 0 0.01 INCH OR MORE: 10
MAX 90 OR ABOVE: 4 0.10 INCH OR MORE: 6
MIN 32 OR BELOW: 0 0.50 INCH OR MORE: 2
MIN 0 OR BELOW: 0 1.00 INCH OR MORE: 0
[HDD (BASE 65) ]
TOTAL THIS MO. 24 CLEAR (SCALE 0-3) 21
DPTR FM NORMAL 7 PTCLDY (SCALE 4-7) 10
TOTAL FM JUL 1 2131 CLOUDY (SCALE 8-10) 0
DPTR FM NORMAL -557
[CDD (BASE 65) ]
TOTAL THIS MO. 245
DPTR FM NORMAL 17 [PRESSURE DATA]
TOTAL FM JAN 1 354 HIGHEST SLP M ON M
DPTR FM NORMAL 24 LOWEST SLP 29.71 ON 17
[REMARKS]
#FINAL-05-20#