000
CXUS51 KGYX 022229
CF6GYX
PRELIMINARY LOCAL CLIMATOLOGICAL DATA (WS FORM: F-6)
STATION: GRAY ME
MONTH: JUNE
YEAR: 2022
LATITUDE: 43 53 N
LONGITUDE: 70 15 W
TEMPERATURE IN F: :PCPN: SNOW: WIND :SUNSHINE: SKY :PK WND
================================================================================
1 2 3 4 5 6A 6B 7 8 9 10 11 12 13 14 15 16 17 18
12Z AVG MX 2MIN
DY MAX MIN AVG DEP HDD CDD WTR SNW DPTH SPD SPD DIR MIN PSBL S-S WX SPD DR
================================================================================
1 63 46 55 -4 10 0 T 0.0 0 M M M M M M M M
2 66 50 58 -1 7 0 0.10 0.0 0 M M M M M M M M
3 53 49 51 -9 14 0 0.10 0.0 0 M M M M M M M M
4 63 50 57 -3 8 0 T 0.0 0 M M M M M M M M
5 72 49 61 1 4 0 0.00 0.0 0 M M M M M M M M
6 79 49 64 3 1 0 0.00 0.0 0 M M M M M M M M
7 75 52 64 3 1 0 0.00 0.0 0 M M M M M M M M
8 74 58 66 5 0 1 0.63 0.0 0 M M M M M M M M
9 65 54 60 -2 5 0 0.88 0.0 0 M M M M M M M M
10 75 50 63 1 2 0 0.00 0.0 0 M M M M M M 32 M
11 74 53 64 2 1 0 0.00 0.0 0 M M M M M M M M
12 76 56 66 3 0 1 0.00 0.0 0 M M M M M M M M
13 76 59 68 5 0 3 0.19 0.0 0 M M M M M M 15 M
14 77 56 67 4 0 2 0.00 0.0 0 M M M M M M 22 M
15 79 57 68 4 0 3 0.00 0.0 0 M M M M M M M M
16 71 57 64 0 1 0 0.00 0.0 0 M M M M M M M M
17 84 60 72 8 0 7 0.31 0.0 0 M M M M M M M M
18 64 53 59 -5 6 0 0.00 0.0 0 M M M M M M M M
19 53 48 51 -14 14 0 0.12 0.0 0 M M M M M M M M
20 74 47 61 -4 4 0 0.00 0.0 0 M M M M M M M M
21 66 48 57 -8 8 0 0.00 0.0 0 M M M M M M M M
22 64 50 57 -9 8 0 0.00 0.0 0 M M M M M M M M
23 71 54 63 -3 2 0 T 0.0 0 M M M M M M M M
24 80 54 67 1 0 2 0.00 0.0 0 M M M M M M M M
25 89 64 77 10 0 12 0.00 0.0 0 M M M M M M M M
26 87 63 75 8 0 10 0.00 0.0 0 M M M M M M M M
27 79 61 70 3 0 5 0.12 0.0 0 M M M M M M M M
28 76 59 68 1 0 3 0.04 0.0 0 M M M M M M M M
29 79 55 67 -1 0 2 0.05 0.0 0 M M M M M M M M
30 77 57 67 -1 0 2 T 0.0 0 M M M M M M M M
================================================================================
SM 2181 1618 96 53 2.54 0.0 M M M
================================================================================
AV 72.7 53.9 M FASTST M M M MAX(MPH)
MISC ----> M M 32 9999
================================================================================
NOTES:
# LAST OF SEVERAL OCCURRENCES
COLUMN 17 PEAK WIND IN M.P.H.
PRELIMINARY LOCAL CLIMATOLOGICAL DATA (WS FORM: F-6) , PAGE 2
STATION: GRAY ME
MONTH: JUNE
YEAR: 2022
LATITUDE: 43 53 N
LONGITUDE: 70 15 W
[TEMPERATURE DATA] [PRECIPITATION DATA] SYMBOLS USED IN COLUMN 16
AVERAGE MONTHLY: 63.3 TOTAL FOR MONTH: 2.54 1 = FOG OR MIST
DPTR FM NORMAL: -0.3 DPTR FM NORMAL: -2.19 2 = FOG REDUCING VISIBILITY
HIGHEST: 89 ON 25 GRTST 24HR 0.88 ON 9- 9 TO 1/4 MILE OR LESS
LOWEST: 46 ON 1 3 = THUNDER
SNOW, ICE PELLETS, HAIL 4 = ICE PELLETS
TOTAL MONTH: 0.0 INCH 5 = HAIL
GRTST 24HR 0.0 6 = FREEZING RAIN OR DRIZZLE
GRTST DEPTH: 0 7 = DUSTSTORM OR SANDSTORM:
VSBY 1/2 MILE OR LESS
8 = SMOKE OR HAZE
[NO. OF DAYS WITH] [WEATHER - DAYS WITH] 9 = BLOWING SNOW
X = TORNADO
MAX 32 OR BELOW: 0 0.01 INCH OR MORE: 10
MAX 90 OR ABOVE: 0 0.10 INCH OR MORE: 8
MIN 32 OR BELOW: 0 0.50 INCH OR MORE: 2
MIN 0 OR BELOW: 0 1.00 INCH OR MORE: 0
[HDD (BASE 65) ]
TOTAL THIS MO. 96 CLEAR (SCALE 0-3) 0
DPTR FM NORMAL -7 PTCLDY (SCALE 4-7) 0
TOTAL FM JUL 1 6726 CLOUDY (SCALE 8-10) 30
DPTR FM NORMAL -438
[CDD (BASE 65) ]
TOTAL THIS MO. 53
DPTR FM NORMAL -8 [PRESSURE DATA]
TOTAL FM JAN 1 80 HIGHEST SLP M ON M
DPTR FM NORMAL 10 LOWEST SLP M ON M
[REMARKS]
#FINAL-06-22#