000
CXUS54 KJAN 030515
CLMHBG
CLIMATE REPORT
NATIONAL WEATHER SERVICE JACKSON MS
1115 PM CST FRI FEB 02 2024
...................................
...THE HATTIESBURG CLIMATE SUMMARY FOR THE MONTH OF JANUARY 2024...
CLIMATE NORMAL PERIOD: 1991 TO 2020
CLIMATE RECORD PERIOD: 1893 TO 2024
WEATHER OBSERVED NORMAL DEPART LAST YEAR`S
VALUE DATE(S) VALUE FROM VALUE DATE(S)
NORMAL
................................................................
TEMPERATURE (F)
RECORD
HIGH 84 01/26/1950
01/11/1949
01/10/1949
LOW 4 01/21/1985
HIGHEST 79 01/12 MM MM 81 01/02
LOWEST 15 01/17 MM MM 27 01/15
AVG. MAXIMUM 60.5 60.0 0.5 67.0
AVG. MINIMUM 35.9 38.1 -2.2 44.5
MEAN 48.2 49.1 -0.9 55.8
DAYS MAX >= 90 0 0.0 0.0 0
DAYS MAX <= 32 1 0.0 1.0 0
DAYS MIN <= 32 15 11.5 3.5 4
DAYS MIN <= 0 0 0.0 0.0 0
PRECIPITATION (INCHES)
RECORD
MAXIMUM 13.65 1999
MINIMUM 0.53 2003
TOTALS 9.27 5.82 3.45 7.06
DAILY AVG. 0.30 0.19 0.11 0.23
DAYS >= .01 12 10.0 2.0 14
DAYS >= .10 6 6.3 -0.3 9
DAYS >= .50 5 3.1 1.9 6
DAYS >= 1.00 5 1.6 3.4 3
GREATEST
24 HR. TOTAL 4.70 01/08 TO 01/09 2.51
SNOWFALL (INCHES)
TOTALS T
SINCE 7/1 T
DAYS >= TRACE 2
DAYS >= 1.0 0
GREATEST
24 HR TOTAL MM
DEGREE DAYS
HEATING TOTAL 522 502 20 312
SINCE 7/1 1189 1279 -90 MM
COOLING TOTAL 7 8 -1 33
SINCE 1/1 7 8 -1 MM
................................................................
WIND (MPH)
AVERAGE WIND SPEED 6.1
HIGHEST WIND SPEED/DIRECTION 29/180 DATE 01/08
29/220 01/12
HIGHEST GUST SPEED/DIRECTION 47/180 DATE 01/08
47/280 01/12
SKY COVER
POSSIBLE SUNSHINE (PERCENT) MM
AVERAGE SKY COVER 0.39
NUMBER OF DAYS FAIR 14
NUMBER OF DAYS PC 11
NUMBER OF DAYS CLOUDY 6
AVERAGE RH (PERCENT) 69
WEATHER CONDITIONS. NUMBER OF DAYS WITH
THUNDERSTORM 4 MIXED PRECIP 0
HEAVY RAIN 6 RAIN 8
LIGHT RAIN 13 FREEZING RAIN 0
LT FREEZING RAIN 0 HAIL 0
HEAVY SNOW 0 SNOW 0
LIGHT SNOW 1 SLEET 0
FOG 16 FOG W/VIS <= 1/4 MILE 2
HAZE 2
- INDICATES NEGATIVE NUMBERS.
R INDICATES RECORD WAS SET OR TIED.
MM INDICATES DATA IS MISSING.
T INDICATES TRACE AMOUNT.
$$