000
CXUS56 KLOX 011155
CF6HHR
PRELIMINARY LOCAL CLIMATOLOGICAL DATA (WS FORM: F-6)
STATION: HAWTHORNE AIRPORT CA
MONTH: JUNE
YEAR: 2021
LATITUDE: 33 55 N
LONGITUDE: 118 20 W
TEMPERATURE IN F: :PCPN: SNOW: WIND :SUNSHINE: SKY :PK WND
================================================================================
1 2 3 4 5 6A 6B 7 8 9 10 11 12 13 14 15 16 17 18
12Z AVG MX 2MIN
DY MAX MIN AVG DEP HDD CDD WTR SNW DPTH SPD SPD DIR MIN PSBL S-S WX SPD DR
================================================================================
1 68 59 64 -2 1 0 0.00 M M 6.5 14 260 M M 7 8 21 250
2 67 58 63 -3 2 0 0.00 M M 6.4 13 250 M M 8 1 M M
3 70 59 65 -1 0 0 0.00 M M 7.0 14 250 M M 6 18 260
4 71 60 66 0 0 1 0.00 M M 5.3 13 250 M M 2 17 250
5 71 60 66 0 0 1 0.00 M M 6.5 14 270 M M 5 17 240
6 70 61 66 0 0 1 0.00 M M 5.0 12 260 M M 7 18 260
7 67 59 63 -3 2 0 0.00 M M 6.3 16 130 M M 10 21 120
8 70 60 65 -1 0 0 0.00 M M 6.2 17 250 M M 4 22 270
9 71 60 66 0 0 1 0.00 M M 8.4 23 260 M M 0 8 28 250
10 72 58 65 -1 0 0 0.00 M M 7.0 21 250 M M 0 27 270
11 74 58 66 -1 0 1 0.00 M M 4.5 14 260 M M 0 M M
12 77 59 68 1 0 3 0.00 M M 4.9 14 260 M M 0 17 260
13 77 59 68 1 0 3 0.00 M M 6.7 14 260 M M 2 1 M M
14 78 62 70 3 0 5 0.00 M M 5.6 13 260 M M 0 M M
15 84 63 74 7 0 9 0.00 M M 4.2 13 260 M M 0 16 250
16 82 65 74 7 0 9 0.00 M M 5.6 13 130 M M 0 8 19 120
17 79 63 71 4 0 6 T M M 5.5 14 260 M M 1 18 18 250
18 74 63 69 1 0 4 0.00 M M 5.8 14 260 M M 4 18 18 260
19 71 62 67 -1 0 2 0.00 M M 7.1 15 250 M M 8 8 18 250
20 71 61 66 -2 0 1 0.00 M M 6.0 15 260 M M 5 1 18 270
21 72 62 67 -1 0 2 0.00 M M 7.8 16 260 M M 4 8 23 260
22 72 60 66 -2 0 1 0.00 M M 8.2 18 260 M M 3 23 260
23 73 62 68 0 0 3 0.00 M M 7.4 18 260 M M 2 8 22 260
24 70 61 66 -2 0 1 0.00 M M 9.1 17 250 M M 2 24 260
25 73 61 67 -2 0 2 0.00 M M 5.9 17 250 M M 0 21 260
26 73 61 67 -2 0 2 0.00 M M 5.5 15 260 M M 1 24 250
27 74 63 69 0 0 4 0.00 M M 5.0 13 270 M M 2 18 20 270
28 74 64 69 0 0 4 0.00 M M 6.2 14 260 M M 4 18 18 250
29 75 65 70 1 0 5 0.00 M M 5.6 12 140 M M 6 17 140
30 76 64 70 1 0 5 0.00 M M 5.9 13 250 M M 6 19 260
================================================================================
SM 2196 1832 5 76 T M 187.0 M 99
================================================================================
AV 73.2 61.1 6.2 FASTST M M 3 MAX(MPH)
MISC ----> 23 260 28 250
================================================================================
NOTES:
# LAST OF SEVERAL OCCURRENCES
COLUMN 17 PEAK WIND IN M.P.H.
PRELIMINARY LOCAL CLIMATOLOGICAL DATA (WS FORM: F-6) , PAGE 2
STATION: HAWTHORNE AIRPORT CA
MONTH: JUNE
YEAR: 2021
LATITUDE: 33 55 N
LONGITUDE: 118 20 W
[TEMPERATURE DATA] [PRECIPITATION DATA] SYMBOLS USED IN COLUMN 16
AVERAGE MONTHLY: 67.1 TOTAL FOR MONTH: T 1 = FOG OR MIST
DPTR FM NORMAL: -0.2 DPTR FM NORMAL: -0.00 2 = FOG REDUCING VISIBILITY
HIGHEST: 84 ON 15 GRTST 24HR T ON 17-17 TO 1/4 MILE OR LESS
LOWEST: 58 ON 11,10 3 = THUNDER
SNOW, ICE PELLETS, HAIL 4 = ICE PELLETS
TOTAL MONTH: M 5 = HAIL
GRTST 24HR M ON M 6 = FREEZING RAIN OR DRIZZLE
GRTST DEPTH: M ON M 7 = DUSTSTORM OR SANDSTORM:
VSBY 1/2 MILE OR LESS
8 = SMOKE OR HAZE
[NO. OF DAYS WITH] [WEATHER - DAYS WITH] 9 = BLOWING SNOW
X = TORNADO
MAX 32 OR BELOW: 0 0.01 INCH OR MORE: 0
MAX 90 OR ABOVE: 0 0.10 INCH OR MORE: 0
MIN 32 OR BELOW: 0 0.50 INCH OR MORE: 0
MIN 0 OR BELOW: 0 1.00 INCH OR MORE: 0
[HDD (BASE 65) ]
TOTAL THIS MO. 5 CLEAR (SCALE 0-3) 16
DPTR FM NORMAL -3 PTCLDY (SCALE 4-7) 13
TOTAL FM JUL 1 1106 CLOUDY (SCALE 8-10) 1
DPTR FM NORMAL 17
[CDD (BASE 65) ]
TOTAL THIS MO. 76
DPTR FM NORMAL -1 [PRESSURE DATA]
TOTAL FM JAN 1 127 HIGHEST SLP 30.10 ON 10
DPTR FM NORMAL -41 LOWEST SLP 29.67 ON 27
[REMARKS]
#FINAL-06-21#