000
CXUS52 KGSP 010817
CF6HKY
PRELIMINARY LOCAL CLIMATOLOGICAL DATA (WS FORM: F-6)
STATION: HICKORY NC
MONTH: APRIL
YEAR: 2022
LATITUDE: 35 45 N
LONGITUDE: 81 23 W
TEMPERATURE IN F: :PCPN: SNOW: WIND :SUNSHINE: SKY :PK WND
================================================================================
1 2 3 4 5 6A 6B 7 8 9 10 11 12 13 14 15 16 17 18
12Z AVG MX 2MIN
DY MAX MIN AVG DEP HDD CDD WTR SNW DPTH SPD SPD DIR MIN PSBL S-S WX SPD DR
================================================================================
1 65 44 55 0 10 0 0.00 M M 9.5 23 280 M M 1 32 290
2 60 34 47 -8 18 0 0.00 M M 4.3 16 220 M M 2 21 220
3 68 45 57 2 8 0 0.00 M M 6.5 20 290 M M 0 26 300
4 66 37 52 -4 13 0 0.00 M M 3.7 14 210 M M 0 8 21 230
5 63 42 53 -3 12 0 0.94 M M 3.6 13 70 M M 5 13 18 200
6 80 51 66 10 0 1 0.00 M M 7.2 17 200 M M 3 1 23 190
7 71 52 62 6 3 0 0.02 M M 8.0 20 300 M M 7 1 29 290
8 61 42 52 -5 13 0 0.00 M M 9.7 25 230 M M 5 36 230
9 52 34 43 -14 22 0 0.00 M M 9.0 25 280 M M 5 34 280
10 69 34 52 -5 13 0 0.00 M M 4.9 16 250 M M 0 20 250
11 78 39 59 1 6 0 0.00 M M 7.4 20 190 M M 1 26 180
12 69 55 62 4 3 0 0.06 M M 3.9 14 200 M M 6 12 18 200
13 78 53 66 8 0 1 0.00 M M 6.3 20 220 M M 3 12 29 200
14 75 58 67 9 0 2 T M M 9.1 15 320 M M 6 22 190
15 72 44 58 -1 7 0 0.00 M M 3.1 13 190 M M 1 19 190
16 73 52 63 4 2 0 0.03 M M 5.4 16 190 M M 3 22 190
17 79 52 66 7 0 1 0.12 M M 5.0 14 60 M M 3 19 20
18 57 43 50 -10 15 0 1.62 M M 8.1 22 50 M M 8 1 27 60
19 60 39 50 -10 15 0 0.00 M M 7.2 17 290 M M 1 27 300
20 65 34 50 -10 15 0 0.00 M M 2.8 13 210 M M 0 17 190
21 71 52 62 2 3 0 0.00 M M 6.5 16 190 M M 3 21 190
22 82 51 67 6 0 2 0.00 M M 1.6 9 190 M M 0 14 290
23 81 55 68 7 0 3 0.00 M M 5.2 15 190 M M 1 22 210
24 79 60 70 9 0 5 0.00 M M 7.4 14 190 M M 0 21 230
25 82 54 68 6 0 3 0.00 M M 4.1 15 200 M M 0 21 200
26 80 52 66 4 0 1 0.03 M M 5.1 26 300 M M 2 1 39 290
27 72 43 58 -4 7 0 0.00 M M 6.2 18 10 M M 0 26 20
28 76 45 61 -1 4 0 0.00 M M 4.9 14 10 M M 0 20 360
29 74 52 63 0 2 0 0.00 M M 2.4 9 70 M M 6 13 150
30 78 58 68 5 0 3 0.00 M M 6.2 15 190 M M 7 22 200
================================================================================
SM 2136 1406 191 22 2.82 M 174.3 M 79
================================================================================
AV 71.2 46.9 5.8 FASTST M M 3 MAX(MPH)
MISC ----> 26 300 39 290
================================================================================
NOTES:
# LAST OF SEVERAL OCCURRENCES
COLUMN 17 PEAK WIND IN M.P.H.
PRELIMINARY LOCAL CLIMATOLOGICAL DATA (WS FORM: F-6) , PAGE 2
STATION: HICKORY NC
MONTH: APRIL
YEAR: 2022
LATITUDE: 35 45 N
LONGITUDE: 81 23 W
[TEMPERATURE DATA] [PRECIPITATION DATA] SYMBOLS USED IN COLUMN 16
AVERAGE MONTHLY: 59.0 TOTAL FOR MONTH: 2.82 1 = FOG OR MIST
DPTR FM NORMAL: 0.2 DPTR FM NORMAL: -1.26 2 = FOG REDUCING VISIBILITY
HIGHEST: 82 ON 25,22 GRTST 24HR 1.74 ON 17-18 TO 1/4 MILE OR LESS
LOWEST: 34 ON 20,10 3 = THUNDER
SNOW, ICE PELLETS, HAIL 4 = ICE PELLETS
TOTAL MONTH: M 5 = HAIL
GRTST 24HR M ON M 6 = FREEZING RAIN OR DRIZZLE
GRTST DEPTH: M ON M 7 = DUSTSTORM OR SANDSTORM:
VSBY 1/2 MILE OR LESS
8 = SMOKE OR HAZE
[NO. OF DAYS WITH] [WEATHER - DAYS WITH] 9 = BLOWING SNOW
X = TORNADO
MAX 32 OR BELOW: 0 0.01 INCH OR MORE: 7
MAX 90 OR ABOVE: 0 0.10 INCH OR MORE: 3
MIN 32 OR BELOW: 0 0.50 INCH OR MORE: 2
MIN 0 OR BELOW: 0 1.00 INCH OR MORE: 1
[HDD (BASE 65) ]
TOTAL THIS MO. 191 CLEAR (SCALE 0-3) 20
DPTR FM NORMAL -21 PTCLDY (SCALE 4-7) 9
TOTAL FM JUL 1 2937 CLOUDY (SCALE 8-10) 1
DPTR FM NORMAL -546
[CDD (BASE 65) ]
TOTAL THIS MO. 22
DPTR FM NORMAL -6 [PRESSURE DATA]
TOTAL FM JAN 1 30 HIGHEST SLP 30.43 ON 21
DPTR FM NORMAL -2 LOWEST SLP 29.51 ON 7
[REMARKS]
#FINAL-04-22#