000
CXUS53 KGLD 010800
CF6HLC
PRELIMINARY LOCAL CLIMATOLOGICAL DATA (WS FORM: F-6)
STATION: HILL CITY KS
MONTH: JULY
YEAR: 2022
LATITUDE: 39 22 N
LONGITUDE: 99 50 W
TEMPERATURE IN F: :PCPN: SNOW: WIND :SUNSHINE: SKY :PK WND
================================================================================
1 2 3 4 5 6A 6B 7 8 9 10 11 12 13 14 15 16 17 18
12Z AVG MX 2MIN
DY MAX MIN AVG DEP HDD CDD WTR SNW DPTH SPD SPD DIR MIN PSBL S-S WX SPD DR
================================================================================
1 88 69 79 1 0 14 0.05 M M 11.2 21 60 M M 2 13 27 70
2 90 67 79 1 0 14 0.01 M M 6.4 13 10 M M 5 1 19 30
3 101 72 87 8 0 22 0.00 M M 13.1 23 170 M M 5 13 35 150
4 106 77 92 13 0 27 0.00 M M 14.8 22 190 M M 0 31 230
5 110 72 91 12 0 26 0.08 M M 12.2 25 50 M M 1 13 37 40
6 86 68 77 -2 0 12 0.04 M M 12.4 26 50 M M 2 13 35 50
7 98 69 84 5 0 19 0.01 M M 8.1 17 40 M M 3 23 50
8 97 68 83 3 0 18 0.00 M M 8.5 16 90 M M 0 1 22 40
9 100 66 83 3 0 18 0.00 M M 7.9 18 130 M M 0 28 130
10 111 73 92 12 0 27 0.00 M M 12.4 24 190 M M 0 33 190
11 91 68 80 0 0 15 0.00 M M 12.6 29 20 M M 0 38 50
12 93 59 76 -4 0 11 0.00 M M 6.4 14 150 M M 1 26 120
13 102 67 85 5 0 20 0.00 M M 12.0 23 180 M M 0 35 180
14 110 77 94 14 0 29 0.02 M M 12.9 29 210 M M 0 3 41 200
15 104 80 92 12 0 27 0.00 M M 14.2 24 70 M M 0 33 190
16 97 71 84 4 0 19 0.10 M M 8.6 29 30 M M 1 13 42 40
17 95 69 82 2 0 17 0.00 M M 8.6 17 50 M M 0 27 80
18 101 61 81 1 0 16 0.00 M M 8.5 18 150 M M 0 18 26 150
19 105 70 88 8 0 23 0.09 M M 9.6 20 20 M M 0 3 30 240
20 99 62 81 1 0 16 0.00 M M 7.6 16 80 M M 0 24 150
21 103 66 85 5 0 20 0.00 M M 8.1 23 180 M M 0 34 170
22 104 68 86 6 0 21 1.01 M M 12.7 54 310 M M 1 138 82 310
23 106 71 89 9 0 24 T M M 11.9 29 340 M M 0 3 39 340
24 86 71 79 -1 0 14 0.09 M M 13.9 24 80 M M 2 1 35 80
25 81 63 72 -8 0 7 0.46 M M 9.2 28 270 M M 9 1 37 270
26 82 67 75 -5 0 10 0.02 M M 5.8 14 100 M M 8 1 18 90
27 88 67 78 -2 0 13 0.00 M M 5.7 14 110 M M 4 12 20 110
28 83 66 75 -5 0 10 0.03 M M 8.3 32 360 M M 4 1 41 360
29 76 60 68 -12 0 3 T M M 5.2 14 150 M M 3 20 180
30 80 56 68 -12 0 3 0.00 M M 6.4 14 180 M M 6 20 170
31 94 67 81 1 0 16 0.00 M M 4.3 13 220 M M 4 18 17 210
================================================================================
SM 2967 2107 0 531 2.01 M 299.5 M 61
================================================================================
AV 95.7 68.0 9.7 FASTST M M 2 MAX(MPH)
MISC ----> 54 310 82 310
================================================================================
NOTES:
# LAST OF SEVERAL OCCURRENCES
COLUMN 17 PEAK WIND IN M.P.H.
PRELIMINARY LOCAL CLIMATOLOGICAL DATA (WS FORM: F-6) , PAGE 2
STATION: HILL CITY KS
MONTH: JULY
YEAR: 2022
LATITUDE: 39 22 N
LONGITUDE: 99 50 W
[TEMPERATURE DATA] [PRECIPITATION DATA] SYMBOLS USED IN COLUMN 16
AVERAGE MONTHLY: 81.8 TOTAL FOR MONTH: 2.01 1 = FOG OR MIST
DPTR FM NORMAL: 2.1 DPTR FM NORMAL: -1.60 2 = FOG REDUCING VISIBILITY
HIGHEST: 111 ON 10 GRTST 24HR 1.01 ON 22-22 TO 1/4 MILE OR LESS
LOWEST: 56 ON 30 3 = THUNDER
SNOW, ICE PELLETS, HAIL 4 = ICE PELLETS
TOTAL MONTH: M 5 = HAIL
GRTST 24HR M ON M 6 = FREEZING RAIN OR DRIZZLE
GRTST DEPTH: M ON M 7 = DUSTSTORM OR SANDSTORM:
VSBY 1/2 MILE OR LESS
8 = SMOKE OR HAZE
[NO. OF DAYS WITH] [WEATHER - DAYS WITH] 9 = BLOWING SNOW
X = TORNADO
MAX 32 OR BELOW: 0 0.01 INCH OR MORE: 13
MAX 90 OR ABOVE: 22 0.10 INCH OR MORE: 3
MIN 32 OR BELOW: 0 0.50 INCH OR MORE: 1
MIN 0 OR BELOW: 0 1.00 INCH OR MORE: 1
[HDD (BASE 65) ]
TOTAL THIS MO. 0 CLEAR (SCALE 0-3) 22
DPTR FM NORMAL -1 PTCLDY (SCALE 4-7) 8
TOTAL FM JUL 1 0 CLOUDY (SCALE 8-10) 1
DPTR FM NORMAL 0
[CDD (BASE 65) ]
TOTAL THIS MO. 531
DPTR FM NORMAL 74 [PRESSURE DATA]
TOTAL FM JAN 1 1080 HIGHEST SLP M ON M
DPTR FM NORMAL 242 LOWEST SLP 29.63 ON 5
[REMARKS]
#FINAL-07-22#