879
CXUS53 KGLD 022021
CF6HLC
PRELIMINARY LOCAL CLIMATOLOGICAL DATA (WS FORM: F-6)
STATION: HILL CITY KS
MONTH: JANUARY
YEAR: 2021
LATITUDE: 39 22 N
LONGITUDE: 99 50 W
TEMPERATURE IN F: :PCPN: SNOW: WIND :SUNSHINE: SKY :PK WND
================================================================================
1 2 3 4 5 6A 6B 7 8 9 10 11 12 13 14 15 16 17 18
12Z AVG MX 2MIN
DY MAX MIN AVG DEP HDD CDD WTR SNW DPTH SPD SPD DIR MIN PSBL S-S WX SPD DR
================================================================================
1 43 21 32 3 33 0 0.00 M M 9.1 16 340 M M 0 20 350
2 50 19 35 6 30 0 0.00 M M 5.4 12 230 M M 0 15 250
3 52 26 39 10 26 0 0.00 M M 6.9 15 270 M M 0 21 270
4 55 25 40 11 25 0 0.00 M M 9.8 21 340 M M 1 27 320
5 58 20 39 10 26 0 0.00 M M 9.4 24 330 M M 0 8 33 350
6 46 25 36 7 29 0 0.00 M M 14.6 26 350 M M 8 35 340
7 37 33 35 6 30 0 0.00 M M 5.1 12 20 M M 10 1 15 20
8 39 31 35 6 30 0 0.01 M M 5.3 10 110 M M 9 1 13 110
9 38 32 35 6 30 0 0.00 M M 1.2 6 340 M M 10 1 7 340
10 40 17 29 0 36 0 0.00 M M 4.1 12 350 M M 7 14 340
11 53 15 34 5 31 0 0.00 M M 7.6 15 260 M M 0 21 270
12 61 19 40 11 25 0 0.00 M M 8.0 17 270 M M 0 8 26 280
13 68 26 47 18 18 0 0.00 M M 9.2 20 320 M M 0 27 320
14 58 34 46 17 19 0 T M M 24.4 52 350 M M 3 8 69 350
15 40 25 33 4 32 0 0.00 M M 23.3 41 330 M M 8 57 330
16 53 19 36 7 29 0 0.00 M M 9.9 25 340 M M 4 35 330
17 49 26 38 9 27 0 0.00 M M 9.7 23 330 M M 2 31 300
18 51 27 39 10 26 0 0.00 M M 13.7 32 350 M M 3 43 340
19 47 14 31 2 34 0 0.00 M M 8.3 20 330 M M 0 27 330
20 62 15 39 10 26 0 0.00 M M 8.3 21 240 M M 0 28 230
21 56 17 37 8 28 0 0.00 M M 8.8 18 40 M M 0 24 40
22 39 14 27 -3 38 0 0.00 M M 6.8 15 100 M M 1 21 100
23 38 18 28 -2 37 0 0.00 M M 10.3 21 350 M M 8 18 26 350
24 30 22 26 -4 39 0 T M M 7.7 17 40 M M 9 18 26 20
25 26 20 23 -7 42 0 0.29 M M 13.2 22 360 M M 10 128 27 10
26 20 7 14 -16 51 0 0.18 M M 8.2 16 350 M M 7 18 19 350
27 21 -1 10 -20 55 0 0.07 M M 4.2 10 350 M M 2 18 11 350
28 34 1 18 -12 47 0 0.00 M M 6.3 14 160 M M 0 128 17 160
29 30 13 22 -8 43 0 0.00 M M 2.8 9 240 M M 6 128 13 240
30 35 19 27 -3 38 0 0.00 M M 12.8 30 360 M M 7 18 39 340
31 42 23 33 3 32 0 0.00 M M 10.3 26 340 M M 3 18 34 350
================================================================================
SM 1371 622 1012 0 0.55 M 284.7 M 118
================================================================================
AV 44.2 20.1 9.2 FASTST M M 4 MAX(MPH)
MISC ----> 52 350 69 350
================================================================================
NOTES:
# LAST OF SEVERAL OCCURRENCES
COLUMN 17 PEAK WIND IN M.P.H.
PRELIMINARY LOCAL CLIMATOLOGICAL DATA (WS FORM: F-6) , PAGE 2
STATION: HILL CITY KS
MONTH: JANUARY
YEAR: 2021
LATITUDE: 39 22 N
LONGITUDE: 99 50 W
[TEMPERATURE DATA] [PRECIPITATION DATA] SYMBOLS USED IN COLUMN 16
AVERAGE MONTHLY: 32.1 TOTAL FOR MONTH: 0.55 1 = FOG OR MIST
DPTR FM NORMAL: 2.8 DPTR FM NORMAL: 0.10 2 = FOG REDUCING VISIBILITY
HIGHEST: 68 ON 13 GRTST 24HR 0.29 ON 25-25 TO 1/4 MILE OR LESS
LOWEST: -1 ON 27 3 = THUNDER
SNOW, ICE PELLETS, HAIL 4 = ICE PELLETS
TOTAL MONTH: M 5 = HAIL
GRTST 24HR M ON M 6 = FREEZING RAIN OR DRIZZLE
GRTST DEPTH: M ON M 7 = DUSTSTORM OR SANDSTORM:
VSBY 1/2 MILE OR LESS
8 = SMOKE OR HAZE
[NO. OF DAYS WITH] [WEATHER - DAYS WITH] 9 = BLOWING SNOW
X = TORNADO
MAX 32 OR BELOW: 5 0.01 INCH OR MORE: 4
MAX 90 OR ABOVE: 0 0.10 INCH OR MORE: 2
MIN 32 OR BELOW: 29 0.50 INCH OR MORE: 0
MIN 0 OR BELOW: 1 1.00 INCH OR MORE: 0
[HDD (BASE 65) ]
TOTAL THIS MO. 1012 CLEAR (SCALE 0-3) 18
DPTR FM NORMAL -95 PTCLDY (SCALE 4-7) 6
TOTAL FM JUL 1 2999 CLOUDY (SCALE 8-10) 7
DPTR FM NORMAL -352
[CDD (BASE 65) ]
TOTAL THIS MO. 0
DPTR FM NORMAL 0 [PRESSURE DATA]
TOTAL FM JAN 1 0 HIGHEST SLP 30.56 ON 27
DPTR FM NORMAL 0 LOWEST SLP 29.57 ON 30
[REMARKS]
#FINAL-01-21#