000
CXUS53 KGLD 052001
CLAHLC
CLIMATE REPORT
NATIONAL WEATHER SERVICE
101 PM MST TUE JAN 05 2021
...................................
...THE HILL CITY KS CLIMATE SUMMARY FOR THE YEAR OF 2020...
CLIMATE NORMAL PERIOD: 1981 TO 2010
CLIMATE RECORD PERIOD: 1896 TO 2021
WEATHER OBSERVED NORMAL DEPART LAST YEAR`S
VALUE DATE(S) VALUE FROM VALUE DATE(S)
NORMAL
................................................................
TEMPERATURE (F)
RECORD
HIGH 117 07/24/1936
LOW -26 12/22/1989
HIGHEST 104 07/18 106 -2 108 07/17
09/06
LOWEST 6 12/14 -9 15 -10 03/04
AVG. MAXIMUM 75.7 66.7 9.0 65.8
AVG. MINIMUM 45.8 40.0 5.8 39.9
MEAN 60.7 53.4 7.3 52.8
DAYS MAX >= 90 82 59.0 23.0 64
DAYS MAX <= 32 2 22.6 -20.6 32
DAYS MIN <= 32 73 141.5 -68.5 158
DAYS MIN <= 0 0 4.4 -4.4 4
PRECIPITATION (INCHES)
RECORD
MAXIMUM 36.31 2018
MINIMUM 10.53 2012
TOTALS 14.52 22.92 -8.40 29.34
DAYS >= .01 48 MM MM 76
DAYS >= .10 27 MM MM 40
DAYS >= .50 9 MM MM 20
DAYS >= 1.00 3 MM MM 11
GREATEST
24 HR. TOTAL 1.44 1.89
................................................................
- INDICATES NEGATIVE NUMBERS.
R INDICATES RECORD WAS SET OR TIED.
MM INDICATES DATA IS MISSING.
T INDICATES TRACE AMOUNT.
$$