000
CXUS51 KPBZ 141250
CF6HLG
PRELIMINARY LOCAL CLIMATOLOGICAL DATA (WS FORM: F-6)
STATION: WHEELING WV
MONTH: DECEMBER
YEAR: 2021
LATITUDE: 40 10 N
LONGITUDE: 80 39 W
TEMPERATURE IN F: :PCPN: SNOW: WIND :SUNSHINE: SKY :PK WND
================================================================================
1 2 3 4 5 6A 6B 7 8 9 10 11 12 13 14 15 16 17 18
12Z AVG MX 2MIN
DY MAX MIN AVG DEP HDD CDD WTR SNW DPTH SPD SPD DIR MIN PSBL S-S WX SPD DR
================================================================================
1 49 30 40 2 25 0 0.04 M M 7.9 20 210 M M 6 1 26 230
2 58 43 51 13 14 0 0.00 M M 14.2 25 240 M M 8 36 240
3 43 37 40 2 25 0 0.00 M M 4.8 13 300 M M 8 17 290
4 51 33 42 5 23 0 0.00 M M 5.7 14 270 M M 1 17 250
5 58 28 43 6 22 0 0.01 M M 9.3 29 180 M M 4 39 200
6 56 30 43 6 22 0 0.48 M M 13.9 26 190 M M 9 18 37 180
7 30 22 26 -11 39 0 0.00 M M 5.7 17 280 M M 4 23 290
8 31 26 29 -7 36 0 T M M 5.4 14 270 M M 9 18 20 250
9 48 24 36 0 29 0 0.00 M M 6.0 18 120 M M 4 1 22 120
10 60 48 54 18 11 0 0.05 M M 6.9 15 200 M M 9 1 20 220
11 63 36 50 14 15 0 0.97 M M 17.9 36 270 M M 10 13 51 260
12 46 30 38 3 27 0 0.00 M M 9.8 20 270 M M 1 25 270
13 50 32 41 6 24 0 0.00 M M 7.6 18 220 M M 0 24 220
14 54 30 42 7 23 0 0.00 M M 3.5 10 60 M M 0 14 60
15 61 41 51 17 14 0 0.00 M M 9.8 18 170 M M 8 24 180
16 65 49 57 23 8 0 0.04 M M 15.4 25 210 M M 6 1 36 220
17 49 34 42 8 23 0 0.03 M M 5.8 17 270 M M 2 24 270
18 57 36 47 13 18 0 0.18 M M 8.2 21 300 M M 10 12 28 310
19 36 30 33 -1 32 0 0.01 M M 7.5 17 350 M M 10 1 23 350
20 41 25 33 0 32 0 0.00 M M 4.8 10 200 M M 2 14 190
21 45 26 36 3 29 0 0.00 M M 6.1 14 210 M M 0 19 230
22 36 24 30 -3 35 0 0.00 M M 10.4 22 280 M M 5 27 270
23 49 20 35 2 30 0 0.00 M M 8.3 22 200 M M 5 32 210
24 58 48 53 21 12 0 0.00 M M 11.5 22 210 M M 9 30 210
25 59 45 52 20 13 0 0.52 M M 12.0 25 220 M M 10 1 37 220
26 51 35 43 11 22 0 0.00 M M 6.3 13 30 M M 5 16 300
27 59 35 47 15 18 0 0.40 M M 9.5 22 80 M M 8 1 30 280
28 53 38 46 14 19 0 0.29 M M 7.3 21 300 M M 8 1 29 300
29 50 43 47 16 18 0 0.05 M M 4.0 13 230 M M 10 1 16 220
30 56 44 50 19 15 0 0.04 M M 5.4 13 220 M M 9 1 17 210
31 56 48 52 21 13 0 0.03 M M 6.9 16 180 M M 10 1 23 190
================================================================================
SM 1578 1070 686 0 3.14 M 257.8 M 190
================================================================================
AV 50.9 34.5 8.3 FASTST M M 6 MAX(MPH)
MISC ----> 36 270 51 260
================================================================================
NOTES:
# LAST OF SEVERAL OCCURRENCES
COLUMN 17 PEAK WIND IN M.P.H.
PRELIMINARY LOCAL CLIMATOLOGICAL DATA (WS FORM: F-6) , PAGE 2
STATION: WHEELING WV
MONTH: DECEMBER
YEAR: 2021
LATITUDE: 40 10 N
LONGITUDE: 80 39 W
[TEMPERATURE DATA] [PRECIPITATION DATA] SYMBOLS USED IN COLUMN 16
AVERAGE MONTHLY: 42.7 TOTAL FOR MONTH: 3.14 1 = FOG OR MIST
DPTR FM NORMAL: 8.3 DPTR FM NORMAL: 0.52 2 = FOG REDUCING VISIBILITY
HIGHEST: 65 ON 16 GRTST 24HR 1.02 ON 10-11 TO 1/4 MILE OR LESS
LOWEST: 20 ON 23 3 = THUNDER
SNOW, ICE PELLETS, HAIL 4 = ICE PELLETS
TOTAL MONTH: M 5 = HAIL
GRTST 24HR M ON M 6 = FREEZING RAIN OR DRIZZLE
GRTST DEPTH: M ON M 7 = DUSTSTORM OR SANDSTORM:
VSBY 1/2 MILE OR LESS
8 = SMOKE OR HAZE
[NO. OF DAYS WITH] [WEATHER - DAYS WITH] 9 = BLOWING SNOW
X = TORNADO
MAX 32 OR BELOW: 2 0.01 INCH OR MORE: 15
MAX 90 OR ABOVE: 0 0.10 INCH OR MORE: 6
MIN 32 OR BELOW: 14 0.50 INCH OR MORE: 2
MIN 0 OR BELOW: 0 1.00 INCH OR MORE: 0
[HDD (BASE 65) ]
TOTAL THIS MO. 686 CLEAR (SCALE 0-3) 7
DPTR FM NORMAL -264 PTCLDY (SCALE 4-7) 13
TOTAL FM JUL 1 1589 CLOUDY (SCALE 8-10) 11
DPTR FM NORMAL -458
[CDD (BASE 65) ]
TOTAL THIS MO. 0
DPTR FM NORMAL 0 [PRESSURE DATA]
TOTAL FM JAN 1 1011 HIGHEST SLP 30.55 ON 14
DPTR FM NORMAL 230 LOWEST SLP 29.45 ON 11
[REMARKS]
#FINAL-12-21#