000
CXUS53 KFSD 011653
CF6HON
PRELIMINARY LOCAL CLIMATOLOGICAL DATA (WS FORM: F-6)
STATION: HURON
MONTH: MAY
YEAR: 2022
LATITUDE: 44 22 N
LONGITUDE: 98 13 W
TEMPERATURE IN F: :PCPN: SNOW: WIND :SUNSHINE: SKY :PK WND
================================================================================
1 2 3 4 5 6A 6B 7 8 9 10 11 12 13 14 15 16 17 18
12Z AVG MX 2MIN
DY MAX MIN AVG DEP HDD CDD WTR SNW DPTH SPD SPD DIR MIN PSBL S-S WX SPD DR
================================================================================
1 49 30 40 -12 25 0 0.00 0.0 0 16.5 30 350 M M 8 41 320
2 47 28 38 -14 27 0 0.00 0.0 0 8.3 16 10 M M 7 22 10
3 57 35 46 -7 19 0 0.00 0.0 0 6.9 13 100 M M 5 17 90
4 57 40 49 -4 16 0 0.00 0.0 0 7.9 17 150 M M 5 24 170
5 58 47 53 -1 12 0 0.06 0.0 0 4.4 12 120 M M 10 1 15 130
6 69 49 59 5 6 0 0.00 0.0 0 12.2 23 170 M M 6 18 33 170
7 77 52 65 11 0 0 0.75 0.0 0 19.0 36 160 M M 2 13 52 170
8 80 56 68 13 0 3 0.16 0.0 0 12.1 26 150 M M 4 1 40 160
9 72 48 60 5 5 0 1.28 0.0 0 12.1 36 290 M M 6 13 45 290
10 77 51 64 8 1 0 0.00 0.0 0 3.6 10 40 M M 4 14 50
11 82 54 68 12 0 3 0.00 0.0 0 11.9 24 120 M M 4 8 32 120
12 90 60 75 19 0 10 0.75 0.0 0 14.1 58 200 M M 3 13 89 220
13 75 51 63 6 2 0 0.00 0.0 0 11.9 26 230 M M 1 37 220
14 70 48 59 2 6 0 0.00 0.0 0 11.9 25 300 M M 0 34 290
15 76 48 62 4 3 0 0.00 0.0 0 8.8 23 290 M M 3 32 300
16 78 44 61 3 4 0 0.00 0.0 0 5.4 22 90 M M 1 32 90
17 71 52 62 4 3 0 0.09 0.0 0 13.1 28 140 M M 4 13 38 150
18 80 45 63 4 2 0 0.00 0.0 0 8.4 26 310 M M 2 12 36 270
19 80 48 64 5 1 0 0.04 0.0 0 11.6 38 330 M M 4 1 50 320
20 59 42 51 -9 14 0 0.06 0.0 0 15.1 29 290 M M 7 1 39 280
21 54 35 45 -15 20 0 0.00 0.0 0 8.5 17 320 M M 8 23 330
22 61 36 49 -11 16 0 0.00 0.0 0 4.5 13 220 M M 3 16 220
23 68 43 56 -5 9 0 0.15 0.0 0 10.9 30 190 M M 4 41 190
24 68 43 56 -5 9 0 0.00 0.0 0 8.0 21 110 M M 4 28 120
25 63 40 52 -10 13 0 0.01 0.0 0 8.1 21 60 M M 6 1 28 60
26 77 36 57 -5 8 0 0.00 0.0 0 3.6 10 260 M M 1 12 14 150
27 83 46 65 3 0 0 T 0.0 0 7.0 21 160 M M 0 29 150
28 86 56 71 8 0 6 0.20 0.0 0 10.8 38 280 M M 1 13 51 280
29 80 59 70 7 0 5 0.62 0.0 0 7.2 36 220 M M 4 13 52 230
30 67 56 62 -1 3 0 1.30 0.0 0 9.9 30 350 M M 7 13 43 350
31 63 50 57 -7 8 0 0.01 0.0 0 15.0 31 310 M M 8 1 39 300
================================================================================
SM 2174 1428 232 27 5.48 0.0 308.7 M 132
================================================================================
AV 70.1 46.1 10.0 FASTST M M 4 MAX(MPH)
MISC ----> 58 200 89 220
================================================================================
NOTES:
# LAST OF SEVERAL OCCURRENCES
-COLUMN 17 PEAK WIND IN M.P.H.
-PRECIPITATION AMOUNTS IN COLUMNS 7,8 AND 9 ARE THE OFFICIAL
PRECIPITATION AMOUNTS FOR HURON, SD.
-SNOW DEPTH IN COLUMN 9 IS RECORDED AT 6 AM CST (12Z).
PRELIMINARY LOCAL CLIMATOLOGICAL DATA (WS FORM: F-6) , PAGE 2
STATION: HURON
MONTH: MAY
YEAR: 2022
LATITUDE: 44 22 N
LONGITUDE: 98 13 W
[TEMPERATURE DATA] [PRECIPITATION DATA] SYMBOLS USED IN COLUMN 16
AVERAGE MONTHLY: 58.1 TOTAL FOR MONTH: 5.48 1 = FOG OR MIST
DPTR FM NORMAL: 0.2 DPTR FM NORMAL: 2.33 2 = FOG REDUCING VISIBILITY
HIGHEST: 90 ON 12 GRTST 24HR 1.80 ON 29-30 TO 1/4 MILE OR LESS
LOWEST: 28 ON 2 3 = THUNDER
SNOW, ICE PELLETS, HAIL 4 = ICE PELLETS
TOTAL MONTH: 0.0 INCH 5 = HAIL
GRTST 24HR 0.0 6 = FREEZING RAIN OR DRIZZLE
GRTST DEPTH: 0 7 = DUSTSTORM OR SANDSTORM:
VSBY 1/2 MILE OR LESS
8 = SMOKE OR HAZE
[NO. OF DAYS WITH] [WEATHER - DAYS WITH] 9 = BLOWING SNOW
X = TORNADO
MAX 32 OR BELOW: 0 0.01 INCH OR MORE: 14
MAX 90 OR ABOVE: 1 0.10 INCH OR MORE: 8
MIN 32 OR BELOW: 2 0.50 INCH OR MORE: 5
MIN 0 OR BELOW: 0 1.00 INCH OR MORE: 2
[HDD (BASE 65) ]
TOTAL THIS MO. 232 CLEAR (SCALE 0-3) 10
DPTR FM NORMAL -20 PTCLDY (SCALE 4-7) 20
TOTAL FM JUL 1 7248 CLOUDY (SCALE 8-10) 1
DPTR FM NORMAL -390
[CDD (BASE 65) ]
TOTAL THIS MO. 27
DPTR FM NORMAL -6 [PRESSURE DATA]
TOTAL FM JAN 1 29 HIGHEST SLP 30.41 ON 22
DPTR FM NORMAL -6 LOWEST SLP 29.14 ON 9
[REMARKS]
RECORD DAILY MAXIMUM TEMPERATURE WAS ESTABLISHED ON THE 12TH WITH 90
DEGREES. THE PREVIOUS RECORD WAS 88 IN 1915
#FINAL-05-22#