000
CXUS53 KFSD 011441
CF6HON
PRELIMINARY LOCAL CLIMATOLOGICAL DATA (WS FORM: F-6)
STATION: HURON
MONTH: JULY
YEAR: 2020
LATITUDE: 44 22 N
LONGITUDE: 98 13 W
TEMPERATURE IN F: :PCPN: SNOW: WIND :SUNSHINE: SKY :PK WND
================================================================================
1 2 3 4 5 6A 6B 7 8 9 10 11 12 13 14 15 16 17 18
12Z AVG MX 2MIN
DY MAX MIN AVG DEP HDD CDD WTR SNW DPTH SPD SPD DIR MIN PSBL S-S WX SPD DR
================================================================================
1 87 62 75 3 0 10 T 0.0 0 7.6 20 50 M M 1 3 24 50
2 89 67 78 6 0 13 0.03 0.0 0 12.2 49 290 M M 1 3 62 290
3 88 65 77 4 0 12 0.14 0.0 0 5.9 20 330 M M 1 13 27 330
4 89 71 80 7 0 15 0.00 0.0 0 11.6 20 170 M M 0 13 30 140
5 86 71 79 6 0 14 0.07 0.0 0 10.9 25 230 M M 2 13 36 220
6 84 67 76 3 0 11 T 0.0 0 4.6 29 280 M M 2 3 44 310
7 84 64 74 1 0 9 0.19 0.0 0 10.1 28 150 M M 2 13 40 150
8 91 68 80 7 0 15 0.04 0.0 0 11.8 29 240 M M 1 3 43 240
9 84 68 76 2 0 11 T 0.0 0 8.5 23 280 M M 1 3 32 270
10 87 63 75 1 0 10 0.00 0.0 0 4.5 10 140 M M 1 15 200
11 84 59 72 -2 0 7 0.00 0.0 0 10.8 25 330 M M 0 34 330
12 83 57 70 -4 0 5 0.00 0.0 0 6.1 15 160 M M 0 1 23 180
13 89 67 78 4 0 13 0.00 0.0 0 13.1 25 180 M M 0 38 210
14 75 59 67 -7 0 2 0.39 0.0 0 7.7 23 340 M M 4 13 31 340
15 82 56 69 -5 0 4 0.00 0.0 0 7.9 17 180 M M 0 1 24 180
16 88 64 76 2 0 11 0.00 0.0 0 8.2 20 210 M M 1 27 210
17 92 70 81 7 0 16 0.00 0.0 0 13.1 24 160 M M 1 34 160
18 84 62 73 -1 0 8 T 0.0 0 10.2 21 360 M M 3 30 110
19 85 58 72 -2 0 7 T 0.0 0 7.4 21 320 M M 0 26 340
20 83 63 73 -1 0 8 0.50 0.0 0 6.2 25 320 M M 3 13 36 320
21 80 63 72 -2 0 7 T 0.0 0 6.1 15 330 M M 4 1 20 340
22 83 58 71 -3 0 6 T 0.0 0 8.1 17 120 M M 1 13 23 110
23 89 67 78 4 0 13 0.00 0.0 0 16.6 28 150 M M 1 42 150
24 92 73 83 9 0 18 0.01 0.0 0 15.9 31 170 M M 1 3 49 170
25 91 72 82 8 0 17 T 0.0 0 9.2 23 200 M M 3 38 200
26 82 65 74 0 0 9 0.95 0.0 0 9.1 31 310 M M 3 1 40 310
27 86 60 73 -1 0 8 0.00 0.0 0 7.1 14 220 M M 1 20 180
28 86 64 75 1 0 10 0.00 0.0 0 6.1 14 190 M M 1 19 170
29 82 65 74 0 0 9 0.00 0.0 0 7.6 14 70 M M 2 3 19 130
30 83 58 71 -3 0 6 0.00 0.0 0 4.0 12 40 M M 0 15 50
31 87 59 73 -1 0 8 0.22 0.0 0 5.6 30 320 M M 2 13 39 320
================================================================================
SM 2655 1985 0 312 2.54 0.0 273.8 M 43
================================================================================
AV 85.6 64.0 8.8 FASTST M M 1 MAX(MPH)
MISC ----> 49 290 62 290
================================================================================
NOTES:
# LAST OF SEVERAL OCCURRENCES
-COLUMN 17 PEAK WIND IN M.P.H.
-PRECIPITATION AMOUNTS IN COLUMNS 7,8, AND 9 ARE THE OFFICIAL PRECIPITATION AMOUNTS
FOR HURON, SD.
-SNOW DEPTH IN COLUMN 9 IS RECORDED AT 6 AM CST (12Z).
PRELIMINARY LOCAL CLIMATOLOGICAL DATA (WS FORM: F-6) , PAGE 2
STATION: HURON
MONTH: JULY
YEAR: 2020
LATITUDE: 44 22 N
LONGITUDE: 98 13 W
[TEMPERATURE DATA] [PRECIPITATION DATA] SYMBOLS USED IN COLUMN 16
AVERAGE MONTHLY: 74.8 TOTAL FOR MONTH: 2.54 1 = FOG OR MIST
DPTR FM NORMAL: 1.1 DPTR FM NORMAL: -0.38 2 = FOG REDUCING VISIBILITY
HIGHEST: 92 ON 24,17 GRTST 24HR 0.95 ON 26-26 TO 1/4 MILE OR LESS
LOWEST: 56 ON 15 3 = THUNDER
SNOW, ICE PELLETS, HAIL 4 = ICE PELLETS
TOTAL MONTH: 0.0 INCH 5 = HAIL
GRTST 24HR 0.0 6 = FREEZING RAIN OR DRIZZLE
GRTST DEPTH: 0 7 = DUSTSTORM OR SANDSTORM:
VSBY 1/2 MILE OR LESS
8 = SMOKE OR HAZE
[NO. OF DAYS WITH] [WEATHER - DAYS WITH] 9 = BLOWING SNOW
X = TORNADO
MAX 32 OR BELOW: 0 0.01 INCH OR MORE: 10
MAX 90 OR ABOVE: 4 0.10 INCH OR MORE: 6
MIN 32 OR BELOW: 0 0.50 INCH OR MORE: 2
MIN 0 OR BELOW: 0 1.00 INCH OR MORE: 0
[HDD (BASE 65) ]
TOTAL THIS MO. 0 CLEAR (SCALE 0-3) 29
DPTR FM NORMAL -8 PTCLDY (SCALE 4-7) 2
TOTAL FM JUL 1 0 CLOUDY (SCALE 8-10) 0
DPTR FM NORMAL 0
[CDD (BASE 65) ]
TOTAL THIS MO. 312
DPTR FM NORMAL 35 [PRESSURE DATA]
TOTAL FM JAN 1 568 HIGHEST SLP 30.11 ON 3
DPTR FM NORMAL 125 LOWEST SLP 29.61 ON 8
[REMARKS]
#FINAL-07-20#