000
CXUS54 KLZK 011230
CF6HOT
PRELIMINARY LOCAL CLIMATOLOGICAL DATA (WS FORM: F-6)
STATION: HOT SPRINGS MEMORIAL FIELD
MONTH: SEPTEMBER
YEAR: 2022
LATITUDE: 34 28 N
LONGITUDE: 93 6 W
TEMPERATURE IN F: :PCPN: SNOW: WIND :SUNSHINE: SKY :PK WND
================================================================================
1 2 3 4 5 6A 6B 7 8 9 10 11 12 13 14 15 16 17 18
12Z AVG MX 2MIN
DY MAX MIN AVG DEP HDD CDD WTR SNW DPTH SPD SPD DIR MIN PSBL S-S WX SPD DR
================================================================================
1 91 73 82 2 0 17 0.09 M M 4.0 10 260 M M 5 13 16 270
2 86 71 79 0 0 14 0.82 M M 4.3 13 160 M M 4 123 18 150
3 89 70 80 1 0 15 0.00 M M 3.3 13 340 M M 1 17 350
4 91 69 80 1 0 15 0.03 M M 2.4 17 190 M M 1 3 23 190
5 90 70 80 2 0 15 T M M 2.6 14 90 M M 1 20 360
6 88 68 78 0 0 13 0.05 M M 2.3 14 80 M M 1 13 17 230
7 88 69 79 1 0 14 0.00 M M 4.5 16 70 M M 2 12 20 70
8 87 67 77 -1 0 12 0.00 M M 4.1 15 60 M M 1 1 19 40
9 87 63 75 -2 0 10 0.00 M M 3.1 13 50 M M 0 1 16 40
10 86 71 79 2 0 14 0.01 M M 4.1 10 80 M M 6 38 13 80
11 80 66 73 -4 0 8 0.00 M M 4.8 14 310 M M 4 1 21 320
12 83 55 69 -7 0 4 0.00 M M 2.8 10 50 M M 0 1 16 50
13 88 53 71 -5 0 6 0.00 M M 2.7 12 100 M M 0 16 110
14 88 57 73 -3 0 8 0.00 M M 2.6 13 80 M M 0 18 80
15 89 58 74 -2 0 9 0.00 M M 2.7 13 70 M M 0 1 21 90
16 90 60 75 0 0 10 0.00 M M 3.0 9 210 M M 0 14 180
17 92 65 79 4 0 14 0.00 M M 4.7 13 170 M M 1 18 250
18 95 69 82 8 0 17 0.00 M M 4.9 14 250 M M 1 18 230
19 97 69 83 9 0 18 0.00 M M 2.3 12 220 M M 0 16 230
20 98 68 83 9 0 18 0.00 M M 3.2 13 230 M M 0 18 230
21 101 69 85 12 0 20 0.00 M M 3.2 15 230 M M 0 20 230
22 91 66 79 6 0 14 0.00 M M 8.9 21 60 M M 1 26 50
23 90 65 78 5 0 13 0.00 M M 6.1 14 70 M M 3 17 80
24 99 67 83 11 0 18 0.07 M M 5.5 20 230 M M 2 13 26 230
25 95 72 84 12 0 19 0.00 M M 4.8 14 10 M M 1 1 20 350
26 87 56 72 0 0 7 0.00 M M 5.1 14 350 M M 0 8 22 310
27 86 51 69 -2 0 4 0.00 M M 3.6 13 50 M M 0 8 17 40
28 84 52 68 -3 0 3 0.00 M M 5.0 14 50 M M 0 19 60
29 77 54 66 -4 0 1 0.00 M M 9.2 17 60 M M 0 22 80
30 82 48 65 -5 0 0 0.00 M M 4.2 14 50 M M 0 18 70
================================================================================
SM 2675 1911 0 350 1.07 M 124.0 M 35
================================================================================
AV 89.2 63.7 4.1 FASTST M M 1 MAX(MPH)
MISC ----> 21 60 # 26 50
================================================================================
NOTES:
# LAST OF SEVERAL OCCURRENCES
COLUMN 17 PEAK WIND IN M.P.H.
PRELIMINARY LOCAL CLIMATOLOGICAL DATA (WS FORM: F-6) , PAGE 2
STATION: HOT SPRINGS MEMORIAL FIELD
MONTH: SEPTEMBER
YEAR: 2022
LATITUDE: 34 28 N
LONGITUDE: 93 6 W
[TEMPERATURE DATA] [PRECIPITATION DATA] SYMBOLS USED IN COLUMN 16
AVERAGE MONTHLY: 76.4 TOTAL FOR MONTH: 1.07 1 = FOG OR MIST
DPTR FM NORMAL: 1.2 DPTR FM NORMAL: -2.55 2 = FOG REDUCING VISIBILITY
HIGHEST: 101 ON 21 GRTST 24HR 0.91 ON 1- 2 TO 1/4 MILE OR LESS
LOWEST: 48 ON 30 3 = THUNDER
SNOW, ICE PELLETS, HAIL 4 = ICE PELLETS
TOTAL MONTH: M 5 = HAIL
GRTST 24HR M ON M 6 = FREEZING RAIN OR DRIZZLE
GRTST DEPTH: M ON M 7 = DUSTSTORM OR SANDSTORM:
VSBY 1/2 MILE OR LESS
8 = SMOKE OR HAZE
[NO. OF DAYS WITH] [WEATHER - DAYS WITH] 9 = BLOWING SNOW
X = TORNADO
MAX 32 OR BELOW: 0 0.01 INCH OR MORE: 6
MAX 90 OR ABOVE: 13 0.10 INCH OR MORE: 1
MIN 32 OR BELOW: 0 0.50 INCH OR MORE: 1
MIN 0 OR BELOW: 0 1.00 INCH OR MORE: 0
[HDD (BASE 65) ]
TOTAL THIS MO. 0 CLEAR (SCALE 0-3) 26
DPTR FM NORMAL -8 PTCLDY (SCALE 4-7) 4
TOTAL FM JUL 1 0 CLOUDY (SCALE 8-10) 0
DPTR FM NORMAL -5
[CDD (BASE 65) ]
TOTAL THIS MO. 350
DPTR FM NORMAL 37 [PRESSURE DATA]
TOTAL FM JAN 1 2382 HIGHEST SLP 30.35 ON 29
DPTR FM NORMAL 272 LOWEST SLP 29.78 ON 9
[REMARKS]
#FINAL-09-22#