000
CXUS56 KSEW 011139
CLMHQM
CLIMATE REPORT
NATIONAL WEATHER SERVICE SEATTLE
339 AM PST FRI MAR 01 2024
...................................
...THE HOQUIAM WA AIRPORT CLIMATE SUMMARY FOR THE MONTH OF FEBRUARY 2024...
CLIMATE NORMAL PERIOD 1991 TO 2020
CLIMATE RECORD PERIOD 1953 TO 2024
WEATHER OBSERVED NORMAL DEPART LAST YEAR`S
VALUE DATE(S) VALUE FROM VALUE DATE(S)
NORMAL
................................................................
TEMPERATURE (F)
RECORD
HIGH 72 02/26/1992
LOW 9 02/22/1974
HIGHEST 57 02/01 MM MM 55 02/09
LOWEST 33 02/15 MM MM 25 02/25
AVG. MAXIMUM 49.4 49.6 -0.2 48.0
AVG. MINIMUM 39.4 37.6 1.8 37.3
MEAN 44.4 43.6 0.8 42.6
DAYS MAX >= 90 0 0.0 0.0 0
DAYS MAX <= 32 0 0.0 0.0 0
DAYS MIN <= 32 0 5.8 -5.8 7
DAYS MIN <= 0 0 0.0 0.0 0
PRECIPITATION (INCHES)
RECORD
MAXIMUM 19.04 1961
MINIMUM 0.82 1993
TOTALS 7.74 6.65 1.09 3.65
DAILY AVG. 0.27 NAN NAN 0.14
DAYS >= .01 23 18.4 4.6 18
DAYS >= .10 15 13.0 2.0 11
DAYS >= .50 6 4.7 1.3 2
DAYS >= 1.00 1 1.5 -0.5 0
GREATEST
24 HR. TOTAL 1.98 02/28 TO 02/28
DEGREE DAYS
HEATING TOTAL 589 599 -10 618
SINCE 7/1 3021 3474 -453 MM
COOLING TOTAL 0 0 0 0
SINCE 1/1 0 0 0 MM
................................................................
WIND (MPH)
AVERAGE WIND SPEED 9.6
HIGHEST WIND SPEED/DIRECTION 37/200 DATE 02/28
HIGHEST GUST SPEED/DIRECTION 57/180 DATE 02/28
SKY COVER
POSSIBLE SUNSHINE (PERCENT) MM
AVERAGE SKY COVER 0.73
NUMBER OF DAYS FAIR 5
NUMBER OF DAYS PC 7
NUMBER OF DAYS CLOUDY 17
AVERAGE RH (PERCENT) 84
WEATHER CONDITIONS. NUMBER OF DAYS WITH
THUNDERSTORM 0 MIXED PRECIP 0
HEAVY RAIN 2 RAIN 5
LIGHT RAIN 24 FREEZING RAIN 0
LT FREEZING RAIN 0 HAIL 0
HEAVY SNOW 0 SNOW 0
LIGHT SNOW 3 SLEET 0
FOG 21 FOG W/VIS <= 1/4 MILE 0
HAZE 0
- INDICATES NEGATIVE NUMBERS.
R INDICATES RECORD WAS SET OR TIED.
MM INDICATES DATA IS MISSING.
T INDICATES TRACE AMOUNT.
$$