000
CXUS54 KBRO 010635
CLMHRL
CLIMATE REPORT
NATIONAL WEATHER SERVICE BROWNSVILLE, TX
135 AM CDT MON APR 01 2024
...................................
...THE HARLINGEN CLIMATE SUMMARY FOR THE MONTH OF MARCH 2024...
CLIMATE NORMAL PERIOD 1991 TO 2020
CLIMATE RECORD PERIOD 1912 TO 2024
WEATHER OBSERVED NORMAL DEPART LAST YEAR`S
VALUE DATE(S) VALUE FROM VALUE DATE(S)
NORMAL
................................................................
TEMPERATURE (F)
HIGHEST 91 03/05 93 -2 100 03/12
03/22
03/24
LOWEST 51 03/01 42 9 45 03/19
AVG. MAXIMUM 81.4 81.0 0.4 84.7
AVG. MINIMUM 61.5 59.4 2.1 63.9
MEAN 71.5 70.2 1.3 74.3
DAYS MAX >= 90 3 3.2 -0.2 14
DAYS MAX <= 32 0 0.0 0.0 0
DAYS MIN <= 32 0 0.0 0.0 0
DAYS MIN <= 0 0 0.0 0.0 0
PRECIPITATION (INCHES)
TOTALS 1.20 1.31 -0.11 2.06
DAILY AVG. 0.04 0.04 -0.00 0.07
DAYS >= .01 4 5.9 -1.9 8
DAYS >= .10 3 2.1 0.9
DAYS >= .50 1 0.8 0.2
DAYS >= 1.00 0 0.5 -0.5
GREATEST
24 HR. TOTAL 0.81 03/18 TO 03/18
STORM TOTAL 0.81
(MM/DD(HH))
SNOWFALL (INCHES)
TOTALS 0.0 MM MM 0.0
SINCE 7/1 0.0 MM MM MM
DEGREE DAYS
HEATING TOTAL 13 40 -27 28
SINCE 7/1 463 563 -100 MM
COOLING TOTAL 224 201 23 325
SINCE 1/1 364 361 3 MM
................................................................
WIND (MPH)
AVERAGE WIND SPEED 11.6
HIGHEST WIND SPEED/DIRECTION 36/170 DATE 03/24
HIGHEST GUST SPEED/DIRECTION 49/150 DATE 03/24
SKY COVER
POSSIBLE SUNSHINE (PERCENT) MM
AVERAGE SKY COVER 0.55
NUMBER OF DAYS FAIR 8
NUMBER OF DAYS PC 14
NUMBER OF DAYS CLOUDY 9
AVERAGE RH (PERCENT) 75
WEATHER CONDITIONS. NUMBER OF DAYS WITH
THUNDERSTORM 2 MIXED PRECIP 0
HEAVY RAIN 2 RAIN 2
LIGHT RAIN 4 FREEZING RAIN 0
LT FREEZING RAIN 0 HAIL 0
HEAVY SNOW 0 SNOW 0
LIGHT SNOW 0 SLEET 0
FOG 21 FOG W/VIS <= 1/4 MILE 6
HAZE 9
- INDICATES NEGATIVE NUMBERS.
R INDICATES RECORD WAS SET OR TIED.
MM INDICATES DATA IS MISSING.
T INDICATES TRACE AMOUNT.
$$