000
CXUS52 KMHX 010700
CF6HSE
PRELIMINARY LOCAL CLIMATOLOGICAL DATA (WS FORM: F-6)
STATION: CAPE HATTERAS NC
MONTH: JANUARY
YEAR: 2022
LATITUDE: 35 13 N
LONGITUDE: 75 37 W
TEMPERATURE IN F: :PCPN: SNOW: WIND :SUNSHINE: SKY :PK WND
================================================================================
1 2 3 4 5 6A 6B 7 8 9 10 11 12 13 14 15 16 17 18
12Z AVG MX 2MIN
DY MAX MIN AVG DEP HDD CDD WTR SNW DPTH SPD SPD DIR MIN PSBL S-S WX SPD DR
================================================================================
1 71 68 70 21 0 5 0.36 0.0 0 14.2 23 230 M M 5 128 35 230
2 73 65 69 20 0 4 0.01 0.0 0 15.9 28 230 M M 5 18 40 230
3 75 38 57 8 8 0 0.18 0.0 0 14.4 38 230 M M 8 138 57 210
4 50 38 44 -5 21 0 0.00 0.0 0 8.3 16 40 M M 5 27 30
5 67 50 59 10 6 0 0.80 0.0 0 9.6 25 190 M M 7 18 36 190
6 57 51 54 5 11 0 0.01 0.0 0 6.7 14 250 M M 4 21 240
7 62 36 49 1 16 0 0.00 0.0 0 13.7 26 300 M M 2 43 310
8 43 35 39 -9 26 0 0.00 0.0 0 7.1 14 30 M M 0 23 360
9 67 39 53 5 12 0 T 0.0 0 10.6 22 210 M M 4 30 210
10 67 31 49 1 16 0 0.43 0.0 0 9.4 17 10 M M 6 18 32 10
11 44 34 39 -9 26 0 0.00 0.0 0 10.2 16 320 M M 1 27 320
12 53 30 42 -6 23 0 0.00 0.0 0 M M M M M 1 M M
13 57 40 49 1 16 0 0.00 0.0 0 3.6 6 310 M M 2 9 30
14 52 43 48 0 17 0 0.00 0.0 0 9.8 16 330 M M 2 28 330
15 44 37 41 -7 24 0 0.00 0.0 0 8.7 14 30 M M 2 25 30
16 62 41 52 4 13 0 3.24 0.0 0 16.6 38 150 M M 9 123 53 140
17 50 42 46 -2 19 0 T 0.0 0 15.6 26 250 M M 6 18 44 240
18 45 37 41 -7 24 0 0.00 0.0 0 11.5 24 300 M M 0 36 300
19 60 28 44 -4 21 0 0.00 0.0 0 5.2 13 230 M M 0 19 240
20 66 43 55 7 10 0 0.05 0.0 0 8.2 17 10 M M 3 1 32 10
21 44 40 42 -6 23 0 0.97 0.0 0 14.9 21 10 M M 10 1 37 350
22 41 34 38 -10 27 0 0.47 0.0 0 10.7 20 10 M M 8 1 35 360
23 42 32 37 -11 28 0 0.00 0.0 0 6.2 10 300 M M 1 16 260
24 49 31 40 -8 25 0 0.00 0.0 0 3.6 9 270 M M 0 15 270
25 52 31 42 -6 23 0 0.00 0.0 0 3.0 7 310 M M 5 18 12 300
26 46 36 41 -7 24 0 0.00 0.0 0 12.9 20 20 M M 2 36 10
27 45 36 41 -7 24 0 0.00 0.0 0 9.7 15 10 M M 1 25 20
28 46 40 43 -5 22 0 0.56 0.0 0 7.8 14 330 M M 5 1 25 340
29 40 30 35 -13 30 0 0.02 0.0 0 14.6 25 320 M M 8 40 320
30 39 27 33 -15 32 0 0.00 0.0 0 7.2 16 320 M M 1 26 320
31 54 29 42 -6 23 0 0.00 0.0 0 5.7 12 90 M M 0 17 10
================================================================================
SM 1663 1192 590 9 7.10 0.0 295.6 M 113
================================================================================
AV 53.6 38.5 9.9 FASTST M M 4 MAX(MPH)
MISC ----> # 38 230 57 210
================================================================================
NOTES:
# LAST OF SEVERAL OCCURRENCES
COLUMN 17 PEAK WIND IN M.P.H.
PRELIMINARY LOCAL CLIMATOLOGICAL DATA (WS FORM: F-6) , PAGE 2
STATION: CAPE HATTERAS NC
MONTH: JANUARY
YEAR: 2022
LATITUDE: 35 13 N
LONGITUDE: 75 37 W
[TEMPERATURE DATA] [PRECIPITATION DATA] SYMBOLS USED IN COLUMN 16
AVERAGE MONTHLY: 46.0 TOTAL FOR MONTH: 7.10 1 = FOG OR MIST
DPTR FM NORMAL: -2.0 DPTR FM NORMAL: 2.19 2 = FOG REDUCING VISIBILITY
HIGHEST: 75 ON 3 GRTST 24HR 3.24 ON 16-16 TO 1/4 MILE OR LESS
LOWEST: 27 ON 30 3 = THUNDER
SNOW, ICE PELLETS, HAIL 4 = ICE PELLETS
TOTAL MONTH: 0.0 INCH 5 = HAIL
GRTST 24HR 0.0 6 = FREEZING RAIN OR DRIZZLE
GRTST DEPTH: 0 7 = DUSTSTORM OR SANDSTORM:
VSBY 1/2 MILE OR LESS
8 = SMOKE OR HAZE
[NO. OF DAYS WITH] [WEATHER - DAYS WITH] 9 = BLOWING SNOW
X = TORNADO
MAX 32 OR BELOW: 0 0.01 INCH OR MORE: 12
MAX 90 OR ABOVE: 0 0.10 INCH OR MORE: 8
MIN 32 OR BELOW: 9 0.50 INCH OR MORE: 4
MIN 0 OR BELOW: 0 1.00 INCH OR MORE: 1
[HDD (BASE 65) ]
TOTAL THIS MO. 590 CLEAR (SCALE 0-3) 15
DPTR FM NORMAL 62 PTCLDY (SCALE 4-7) 12
TOTAL FM JUL 1 1082 CLOUDY (SCALE 8-10) 4
DPTR FM NORMAL -117
[CDD (BASE 65) ]
TOTAL THIS MO. 9
DPTR FM NORMAL 8 [PRESSURE DATA]
TOTAL FM JAN 1 9 HIGHEST SLP M ON M
DPTR FM NORMAL 8 LOWEST SLP 29.38 ON 16
[REMARKS]
#FINAL-01-22#