000
CXUS53 KGID 020113
CF6HSI
PRELIMINARY LOCAL CLIMATOLOGICAL DATA (WS FORM: F-6)
STATION: HASTINGS NE
MONTH: OCTOBER
YEAR: 2022
LATITUDE: 40 35 N
LONGITUDE: 98 26 W
TEMPERATURE IN F: :PCPN: SNOW: WIND :SUNSHINE: SKY :PK WND
================================================================================
1 2 3 4 5 6A 6B 7 8 9 10 11 12 13 14 15 16 17 18
12Z AVG MX 2MIN
DY MAX MIN AVG DEP HDD CDD WTR SNW DPTH SPD SPD DIR MIN PSBL S-S WX SPD DR
================================================================================
1 83 53 68 8 0 3 0.00 0.0 0 11.6 20 160 M M 0 34 170
2 81 46 64 4 1 0 0.00 0.0 0 9.4 21 160 M M 0 30 170
3 83 52 68 9 0 3 0.00 0.0 0 11.0 21 150 M M 3 32 170
4 67 53 60 1 5 0 0.08 0.0 0 3.1 14 160 M M 0 18 170
5 76 46 61 3 4 0 0.00 0.0 0 M M M M M 0 M M
6 65 43 54 -4 11 0 0.00 0.0 0 M M M M M 1 M M
7 52 38 45 -12 20 0 0.15 0.0 0 M M M M M 8 1 M M
8 67 37 52 -5 13 0 0.00 0.0 0 M M M M M 2 M M
9 76 41 59 3 6 0 0.00 0.0 0 M M M M M 0 M M
10 78 39 59 3 6 0 0.00 0.0 0 M M M M M 0 M M
11 82 55 69 13 0 4 0.06 0.0 0 M M M M M 2 3 M M
12 65 37 51 -4 14 0 0.00 0.0 0 M M M M M 1 M M
13 63 39 51 -4 14 0 0.00 0.0 0 M M M M M 0 M M
14 71 39 55 1 10 0 0.00 0.0 0 9.3 26 340 M M 3 34 300
15 73 37 55 1 10 0 0.00 0.0 0 9.7 23 340 M M 0 31 310
16 60 34 47 -6 18 0 0.00 0.0 0 11.4 26 340 M M 3 35 350
17 52 26 39 -14 26 0 0.00 0.0 0 9.5 17 350 M M 3 25 360
18 48 20 34 -18 31 0 0.00 0.0 0 6.0 14 360 M M 0 8 22 360
19 66 26 46 -6 19 0 0.00 0.0 0 3.4 8 290 M M 0 8 11 290
20 77 41 59 8 6 0 0.00 0.0 0 8.5 16 280 M M 0 21 290
21 78 47 63 12 2 0 0.00 0.0 0 5.8 15 30 M M 0 8 21 200
22 84 41 63 13 2 0 0.00 0.0 0 6.7 15 160 M M 0 23 140
23 88 53 71 21 0 6 T 0.0 0 16.2 29 200 M M 3 8 47 180
24 56 32 44 -5 21 0 0.00 0.0 0 12.5 22 310 M M 0 8 30 310
25 64 29 47 -2 18 0 0.00 0.0 0 7.3 17 310 M M 0 8 23 330
26 56 29 43 -5 22 0 T 0.0 0 8.4 18 120 M M 3 25 110
27 61 46 54 6 11 0 0.24 0.0 0 9.6 18 150 M M 9 1 28 150
28 61 44 53 5 12 0 0.00 0.0 0 3.6 9 180 M M 5 12 13 170
29 69 38 54 7 11 0 0.00 0.0 0 5.1 14 210 M M 0 17 200
30 62 42 52 5 13 0 0.00 0.0 0 6.0 15 30 M M 0 20 10
31 72 36 54 8 11 0 0.00 0.0 0 6.9 16 210 M M 0 24 210
================================================================================
SM 2136 1239 337 16 0.53 0.0 181.0 M 46
================================================================================
AV 68.9 40.0 8.2 FASTST M M 2 MAX(MPH)
MISC ----> M M M M
================================================================================
NOTES:
# LAST OF SEVERAL OCCURRENCES
COLUMN 17 PEAK WIND IN M.P.H.
PRELIMINARY LOCAL CLIMATOLOGICAL DATA (WS FORM: F-6) , PAGE 2
STATION: HASTINGS NE
MONTH: OCTOBER
YEAR: 2022
LATITUDE: 40 35 N
LONGITUDE: 98 26 W
[TEMPERATURE DATA] [PRECIPITATION DATA] SYMBOLS USED IN COLUMN 16
AVERAGE MONTHLY: 54.4 TOTAL FOR MONTH: 0.53 1 = FOG OR MIST
DPTR FM NORMAL: 1.2 DPTR FM NORMAL: -1.43 2 = FOG REDUCING VISIBILITY
HIGHEST: 88 ON 23 GRTST 24HR 0.24 ON 27-27 TO 1/4 MILE OR LESS
LOWEST: 20 ON 18 3 = THUNDER
SNOW, ICE PELLETS, HAIL 4 = ICE PELLETS
TOTAL MONTH: 0.0 INCH 5 = HAIL
GRTST 24HR 0.0 6 = FREEZING RAIN OR DRIZZLE
GRTST DEPTH: 0 7 = DUSTSTORM OR SANDSTORM:
VSBY 1/2 MILE OR LESS
8 = SMOKE OR HAZE
[NO. OF DAYS WITH] [WEATHER - DAYS WITH] 9 = BLOWING SNOW
X = TORNADO
MAX 32 OR BELOW: 0 0.01 INCH OR MORE: 4
MAX 90 OR ABOVE: 0 0.10 INCH OR MORE: 2
MIN 32 OR BELOW: 6 0.50 INCH OR MORE: 0
MIN 0 OR BELOW: 0 1.00 INCH OR MORE: 0
[HDD (BASE 65) ]
TOTAL THIS MO. 337 CLEAR (SCALE 0-3) 25
DPTR FM NORMAL -45 PTCLDY (SCALE 4-7) 3
TOTAL FM JUL 1 378 CLOUDY (SCALE 8-10) 3
DPTR FM NORMAL -91
[CDD (BASE 65) ]
TOTAL THIS MO. 16
DPTR FM NORMAL 0 [PRESSURE DATA]
TOTAL FM JAN 1 1332 HIGHEST SLP 30.60 ON 7
DPTR FM NORMAL 197 LOWEST SLP 29.19 ON 23
[REMARKS]
WIND DATA FROM OCTOBER 5 - 13, 2022, IS MISSING DUE TO EQUIPMENT
FAILURE AND AWAITING PARTS FOR REPAIR.
#FINAL-10-22#