000
CXUS54 KHUN 081933
CF6HSV
PRELIMINARY LOCAL CLIMATOLOGICAL DATA (WS FORM: F-6)
STATION: HUNTSVILLE
MONTH: FEBRUARY
YEAR: 2023
LATITUDE: 34 39 N
LONGITUDE: 86 46 W
TEMPERATURE IN F: :PCPN: SNOW: WIND :SUNSHINE: SKY :PK WND
================================================================================
1 2 3 4 5 6A 6B 7 8 9 10 11 12 13 14 15 16 17 18
12Z AVG MX 2MIN
DY MAX MIN AVG DEP HDD CDD WTR SNW DPTH SPD SPD DIR MIN PSBL S-S WX SPD DR
================================================================================
1 39 34 37 -7 28 0 0.04 0.0 0 7.1 13 20 M M 10 1 18 340
2 40 36 38 -6 27 0 1.01 T 0 6.0 12 340 M M 10 1 16 340
3 43 28 36 -8 29 0 0.00 0.0 0 8.4 17 10 M M 1 1 25 330
4 52 24 38 -6 27 0 0.00 0.0 0 5.5 14 150 M M 5 19 170
5 61 36 49 5 16 0 0.00 0.0 0 6.2 15 250 M M 3 21 220
6 66 31 49 4 16 0 0.00 0.0 0 3.8 9 140 M M 3 12 11 120
7 71 41 56 11 9 0 0.00 0.0 0 6.7 15 170 M M 5 20 200
8 71 57 64 19 1 0 T 0.0 0 9.0 20 170 M M 9 32 160
9 70 46 58 13 7 0 0.06 0.0 0 13.7 37 160 M M 5 18 52 160
10 58 39 49 3 16 0 0.00 0.0 0 8.4 18 50 M M 6 25 20
11 49 38 44 -2 21 0 0.70 0.0 0 12.3 21 360 M M 8 18 29 10
12 59 36 48 2 17 0 0.85 0.0 0 7.7 16 330 M M 6 1 22 320
13 67 30 49 3 16 0 0.00 0.0 0 4.2 13 230 M M 1 20 230
14 71 40 56 10 9 0 0.06 0.0 0 12.0 29 160 M M 6 18 41 150
15 66 57 62 15 3 0 0.57 0.0 0 8.9 17 140 M M 10 13 22 140
16 73 50 62 15 3 0 1.04 0.0 0 12.7 25 320 M M 10 13 37 310
17 50 29 40 -7 25 0 0.16 0.0 0 12.4 20 340 M M 7 1 29 300
18 55 24 40 -8 25 0 0.00 0.0 0 4.4 12 150 M M 2 17 10
19 64 40 52 4 13 0 0.00 0.0 0 9.3 16 200 M M 5 22 190
20 69 51 60 12 5 0 0.00 0.0 0 10.8 20 220 M M 8 26 220
21 73 57 65 17 0 0 0.00 0.0 0 5.4 16 230 M M 8 1 25 220
22 81 66 74 26 0 9 0.00 0.0 0 16.4 25 200 M M 7 39 210
23 82 68 75 26 0 10 T 0.0 0 9.8 20 210 M M 6 30 210
24 68 50 59 10 6 0 0.28 0.0 0 9.1 22 30 M M 8 13 28 20
25 58 50 54 5 11 0 0.08 0.0 0 4.2 13 320 M M 9 1 18 330
26 65 52 59 9 6 0 0.00 0.0 0 4.2 10 210 M M 9 1 13 210
27 77 52 65 15 0 0 0.04 0.0 0 13.2 37 250 M M 5 1 57 270
28 77 46 62 12 3 0 0.00 0.0 0 3.7 13 220 M M 1 17 220
================================================================================
SM 1775 1208 339 19 4.89 T 235.5 M 173
================================================================================
AV 63.4 43.1 8.4 FASTST M M 6 MAX(MPH)
MISC ----> # 37 160 57 270
================================================================================
NOTES:
# LAST OF SEVERAL OCCURRENCES
COLUMN 17 PEAK WIND IN M.P.H.
PRELIMINARY LOCAL CLIMATOLOGICAL DATA (WS FORM: F-6) , PAGE 2
STATION: HUNTSVILLE
MONTH: FEBRUARY
YEAR: 2023
LATITUDE: 34 39 N
LONGITUDE: 86 46 W
[TEMPERATURE DATA] [PRECIPITATION DATA] SYMBOLS USED IN COLUMN 16
AVERAGE MONTHLY: 53.3 TOTAL FOR MONTH: 4.89 1 = FOG OR MIST
DPTR FM NORMAL: 6.6 DPTR FM NORMAL: -0.22 2 = FOG REDUCING VISIBILITY
HIGHEST: 82 ON 23 GRTST 24HR 1.55 ON 11-12 TO 1/4 MILE OR LESS
LOWEST: 24 ON 18, 4 3 = THUNDER
SNOW, ICE PELLETS, HAIL 4 = ICE PELLETS
TOTAL MONTH: T 5 = HAIL
GRTST 24HR T ON 2- 2 6 = FREEZING RAIN OR DRIZZLE
GRTST DEPTH: 0 7 = DUSTSTORM OR SANDSTORM:
VSBY 1/2 MILE OR LESS
8 = SMOKE OR HAZE
[NO. OF DAYS WITH] [WEATHER - DAYS WITH] 9 = BLOWING SNOW
X = TORNADO
MAX 32 OR BELOW: 0 0.01 INCH OR MORE: 12
MAX 90 OR ABOVE: 0 0.10 INCH OR MORE: 7
MIN 32 OR BELOW: 6 0.50 INCH OR MORE: 5
MIN 0 OR BELOW: 0 1.00 INCH OR MORE: 2
[HDD (BASE 65) ]
TOTAL THIS MO. 339 CLEAR (SCALE 0-3) 6
DPTR FM NORMAL -174 PTCLDY (SCALE 4-7) 14
TOTAL FM JUL 1 1960 CLOUDY (SCALE 8-10) 8
DPTR FM NORMAL -366
[CDD (BASE 65) ]
TOTAL THIS MO. 19
DPTR FM NORMAL 17 [PRESSURE DATA]
TOTAL FM JAN 1 19 HIGHEST SLP 30.55 ON 18
DPTR FM NORMAL 18 LOWEST SLP 29.57 ON 27
[REMARKS]
#FINAL-02-23#