000
CXUS54 KHUN 012019
CF6HSV
PRELIMINARY LOCAL CLIMATOLOGICAL DATA (WS FORM: F-6)
STATION: HUNTSVILLE
MONTH: JANUARY
YEAR: 2023
LATITUDE: 34 39 N
LONGITUDE: 86 46 W
TEMPERATURE IN F: :PCPN: SNOW: WIND :SUNSHINE: SKY :PK WND
================================================================================
1 2 3 4 5 6A 6B 7 8 9 10 11 12 13 14 15 16 17 18
12Z AVG MX 2MIN
DY MAX MIN AVG DEP HDD CDD WTR SNW DPTH SPD SPD DIR MIN PSBL S-S WX SPD DR
================================================================================
1 72 54 63 20 2 0 0.00 0.0 0 5.8 13 180 M M 5 128 17 180
2 71 59 65 22 0 0 T 0.0 0 9.4 18 180 M M 9 27 190
3 72 58 65 22 0 0 0.88 0.0 0 13.0 25 300 M M 9 13 44 320
4 67 49 58 15 7 0 0.26 0.0 0 9.2 26 130 M M 5 3 33 250
5 59 37 48 5 17 0 0.00 0.0 0 7.4 25 260 M M 0 38 240
6 55 33 44 1 21 0 0.00 0.0 0 2.3 9 260 M M 1 13 220
7 63 36 50 7 15 0 T 0.0 0 5.8 12 90 M M 8 15 100
8 57 43 50 8 15 0 0.06 0.0 0 5.8 15 320 M M 8 1 23 300
9 54 34 44 2 21 0 0.00 0.0 0 3.6 13 20 M M 3 18 18 20
10 61 30 46 4 19 0 0.00 0.0 0 6.0 14 230 M M 3 18 230
11 63 45 54 12 11 0 T 0.0 0 7.7 14 180 M M 10 1 19 180
12 67 43 55 13 10 0 1.13 0.0 0 14.7 30 250 M M 9 13 50 290
13 43 34 39 -3 26 0 T T 0 14.2 21 310 M M 10 14 30 330
14 43 30 37 -5 28 0 0.00 0.0 0 9.2 20 350 M M 6 28 360
15 56 25 41 -1 24 0 0.00 0.0 0 3.2 9 110 M M 3 10 100
16 62 35 49 7 16 0 T 0.0 0 10.6 23 190 M M 7 31 190
17 71 52 62 20 3 0 0.19 0.0 0 6.4 18 200 M M 8 1 27 210
18 70 52 61 19 4 0 0.00 0.0 0 11.8 25 180 M M 9 12 40 180
19 68 44 56 14 9 0 0.40 0.0 0 13.0 29 240 M M 4 1 47 250
20 52 36 44 2 21 0 0.00 0.0 0 6.6 13 310 M M 3 18 310
21 54 33 44 2 21 0 0.14 0.0 0 6.0 20 170 M M 6 1 26 160
22 48 43 46 3 19 0 0.37 0.0 0 5.3 18 120 M M 10 1 24 140
23 49 32 41 -2 24 0 0.00 0.0 0 5.9 16 310 M M 4 23 310
24 53 27 40 -3 25 0 0.25 0.0 0 7.5 23 110 M M 5 13 32 110
25 54 39 47 4 18 0 0.55 0.0 0 12.9 26 160 M M 9 1 38 240
26 45 31 38 -5 27 0 T T 0 8.7 17 290 M M 7 25 280
27 54 25 40 -3 25 0 0.00 0.0 0 6.8 18 220 M M 1 25 240
28 60 31 46 3 19 0 0.00 0.0 0 8.2 15 150 M M 6 22 150
29 53 45 49 6 16 0 0.52 0.0 0 7.1 15 150 M M 10 1 20 160
30 60 51 56 12 9 0 0.02 0.0 0 4.2 15 130 M M 10 1 20 130
31 52 36 44 0 21 0 0.44 0.0 0 7.7 17 350 M M 10 1 22 340
================================================================================
SM 1808 1222 493 0 5.21 T 246.0 M 198
================================================================================
AV 58.3 39.4 7.9 FASTST M M 6 MAX(MPH)
MISC ----> 30 250 50 290
================================================================================
NOTES:
# LAST OF SEVERAL OCCURRENCES
COLUMN 17 PEAK WIND IN M.P.H.
PRELIMINARY LOCAL CLIMATOLOGICAL DATA (WS FORM: F-6) , PAGE 2
STATION: HUNTSVILLE
MONTH: JANUARY
YEAR: 2023
LATITUDE: 34 39 N
LONGITUDE: 86 46 W
[TEMPERATURE DATA] [PRECIPITATION DATA] SYMBOLS USED IN COLUMN 16
AVERAGE MONTHLY: 48.9 TOTAL FOR MONTH: 5.21 1 = FOG OR MIST
DPTR FM NORMAL: 6.2 DPTR FM NORMAL: 0.22 2 = FOG REDUCING VISIBILITY
HIGHEST: 72 ON 3, 1 GRTST 24HR 1.13 ON 3- 4 TO 1/4 MILE OR LESS
LOWEST: 25 ON 27,15 3 = THUNDER
SNOW, ICE PELLETS, HAIL 4 = ICE PELLETS
TOTAL MONTH: T 5 = HAIL
GRTST 24HR T ON 13-13 6 = FREEZING RAIN OR DRIZZLE
GRTST DEPTH: 0 7 = DUSTSTORM OR SANDSTORM:
VSBY 1/2 MILE OR LESS
8 = SMOKE OR HAZE
[NO. OF DAYS WITH] [WEATHER - DAYS WITH] 9 = BLOWING SNOW
X = TORNADO
MAX 32 OR BELOW: 0 0.01 INCH OR MORE: 13
MAX 90 OR ABOVE: 0 0.10 INCH OR MORE: 11
MIN 32 OR BELOW: 8 0.50 INCH OR MORE: 4
MIN 0 OR BELOW: 0 1.00 INCH OR MORE: 1
[HDD (BASE 65) ]
TOTAL THIS MO. 493 CLEAR (SCALE 0-3) 5
DPTR FM NORMAL -199 PTCLDY (SCALE 4-7) 15
TOTAL FM JUL 1 1621 CLOUDY (SCALE 8-10) 11
DPTR FM NORMAL -193
[CDD (BASE 65) ]
TOTAL THIS MO. 0
DPTR FM NORMAL -1 [PRESSURE DATA]
TOTAL FM JAN 1 0 HIGHEST SLP 30.38 ON 28
DPTR FM NORMAL -1 LOWEST SLP 29.57 ON 25
[REMARKS]
#FINAL-01-23#