000
CXUS56 KTFX 011110
CF6HVR
PRELIMINARY LOCAL CLIMATOLOGICAL DATA (WS FORM: F-6)
STATION: HAVRE MT
MONTH: APRIL
YEAR: 2022
LATITUDE: 48 32 N
LONGITUDE: 109 46 W
TEMPERATURE IN F: :PCPN: SNOW: WIND :SUNSHINE: SKY :PK WND
================================================================================
1 2 3 4 5 6A 6B 7 8 9 10 11 12 13 14 15 16 17 18
12Z AVG MX 2MIN
DY MAX MIN AVG DEP HDD CDD WTR SNW DPTH SPD SPD DIR MIN PSBL S-S WX SPD DR
================================================================================
1 49 28 39 0 26 0 T T 0 7.3 23 350 M M 5 30 340
2 56 19 38 -2 27 0 0.00 0.0 0 7.3 32 290 M M 5 45 280
3 56 31 44 4 21 0 0.00 0.0 0 11.5 21 230 M M 3 27 210
4 62 28 45 5 20 0 T 0.0 0 16.8 40 270 M M 2 54 260
5 51 38 45 4 20 0 T T 0 26.5 47 310 M M 10 59 300
6 55 29 42 1 23 0 T 0.0 0 14.4 31 350 M M 7 45 330
7 58 16 37 -4 28 0 0.00 0.0 0 6.4 14 100 M M 0 19 90
8 79 22 51 9 14 0 0.00 0.0 0 10.4 30 280 M M 2 41 280
9 50 31 41 -1 24 0 0.02 T 0 17.8 35 270 M M 8 52 280
10 45 20 33 -9 32 0 T T 0 11.5 25 230 M M 6 1 31 240
11 41 10 26 -17 39 0 0.00 0.0 0 9.3 22 50 M M 4 30 60
12 26 16 21 -22 44 0 0.06 0.3 0 12.6 24 60 M M 10 18 32 60
13 24 14 19 -24 46 0 0.07 M 1 11.2 18 320 M M 10 18 25 320
14 26 15 21 -23 44 0 T T 1 11.4 20 310 M M 10 1 25 290
15 35 16 26 -18 39 0 T T 1 7.9 16 290 M M 9 1 23 290
16 38 9 24 -20 41 0 0.08 1.1 T 15.6 28 100 M M 4 12 38 90
17 43 21 32 -12 33 0 0.06 1.0 2 9.7 20 260 M M 5 1 27 240
18 55 19 37 -8 28 0 0.00 0.0 0 12.1 25 160 M M 1 39 130
19 59 35 47 2 18 0 0.00 0.0 0 22.1 40 250 M M 2 8 55 270
20 44 27 36 -9 29 0 0.00 0.0 0 16.9 31 310 M M 5 41 300
21 57 25 41 -5 24 0 0.00 0.0 0 15.8 28 80 M M 3 36 80
22 49 26 38 -8 27 0 0.00 0.0 0 8.4 17 60 M M 5 23 90
23 47 32 40 -6 25 0 0.00 0.0 0 10.8 22 350 M M 8 29 340
24 60 24 42 -4 23 0 0.00 0.0 0 7.0 17 240 M M 2 24 270
25 69 27 48 1 17 0 0.00 0.0 0 6.1 17 220 M M 0 28 240
26 76 32 54 7 11 0 T 0.0 0 11.3 39 260 M M 4 44 170
27 62 34 48 1 17 0 0.00 0.0 0 11.8 21 230 M M 0 32 240
28 60 38 49 1 16 0 0.00 0.0 0 7.7 18 220 M M 5 25 220
29 56 30 43 -5 22 0 T 0.0 0 8.0 20 330 M M 7 27 330
30 63 21 42 -6 23 0 0.00 0.0 0 7.6 21 120 M M 1 28 130
================================================================================
SM 1551 733 801 0 0.29 2.4 353.2 M 143
================================================================================
AV 51.7 24.4 11.8 FASTST M M 5 MAX(MPH)
MISC ----> 47 310 59 300
================================================================================
NOTES:
# LAST OF SEVERAL OCCURRENCES
COLUMN 17 PEAK WIND IN M.P.H.
PRELIMINARY LOCAL CLIMATOLOGICAL DATA (WS FORM: F-6) , PAGE 2
STATION: HAVRE MT
MONTH: APRIL
YEAR: 2022
LATITUDE: 48 32 N
LONGITUDE: 109 46 W
[TEMPERATURE DATA] [PRECIPITATION DATA] SYMBOLS USED IN COLUMN 16
AVERAGE MONTHLY: 38.1 TOTAL FOR MONTH: 0.29 1 = FOG OR MIST
DPTR FM NORMAL: -5.9 DPTR FM NORMAL: -0.72 2 = FOG REDUCING VISIBILITY
HIGHEST: 79 ON 8 GRTST 24HR 0.14 ON 16-17 TO 1/4 MILE OR LESS
LOWEST: 9 ON 16 3 = THUNDER
SNOW, ICE PELLETS, HAIL 4 = ICE PELLETS
TOTAL MONTH: 2.4 INCHES 5 = HAIL
GRTST 24HR 1.1 ON 16-16 6 = FREEZING RAIN OR DRIZZLE
GRTST DEPTH: 2 ON 17 7 = DUSTSTORM OR SANDSTORM:
VSBY 1/2 MILE OR LESS
8 = SMOKE OR HAZE
[NO. OF DAYS WITH] [WEATHER - DAYS WITH] 9 = BLOWING SNOW
X = TORNADO
MAX 32 OR BELOW: 3 0.01 INCH OR MORE: 5
MAX 90 OR ABOVE: 0 0.10 INCH OR MORE: 0
MIN 32 OR BELOW: 26 0.50 INCH OR MORE: 0
MIN 0 OR BELOW: 0 1.00 INCH OR MORE: 0
[HDD (BASE 65) ]
TOTAL THIS MO. 801 CLEAR (SCALE 0-3) 9
DPTR FM NORMAL 169 PTCLDY (SCALE 4-7) 16
TOTAL FM JUL 1 7394 CLOUDY (SCALE 8-10) 5
DPTR FM NORMAL -298
[CDD (BASE 65) ]
TOTAL THIS MO. 0
DPTR FM NORMAL 0 [PRESSURE DATA]
TOTAL FM JAN 1 0 HIGHEST SLP 30.59 ON 7
DPTR FM NORMAL 0 LOWEST SLP 29.17 ON 4
[REMARKS]
#FINAL-04-22#