000
CXUS54 KHGX 011410
CF6IAH
PRELIMINARY LOCAL CLIMATOLOGICAL DATA (WS FORM: F-6)
STATION: HOUSTON INTERCONTINENTAL
MONTH: MAY
YEAR: 2023
LATITUDE: 29 58 N
LONGITUDE: 95 21 W
TEMPERATURE IN F: :PCPN: SNOW: WIND :SUNSHINE: SKY :PK WND
================================================================================
1 2 3 4 5 6A 6B 7 8 9 10 11 12 13 14 15 16 17 18
12Z AVG MX 2MIN
DY MAX MIN AVG DEP HDD CDD WTR SNW DPTH SPD SPD DIR MIN PSBL S-S WX SPD DR
================================================================================
1 83 55 69 -5 0 4 0.00 0.0 0 5.3 15 70 M M 5 20 60
2 81 63 72 -2 0 7 0.00 0.0 0 5.2 14 120 M M 8 12 19 110
3 85 63 74 0 0 9 0.00 0.0 0 5.9 15 150 M M 7 23 110
4 82 63 73 -1 0 8 0.00 0.0 0 8.1 20 150 M M 9 1 25 150
5 92 74 83 9 0 18 T 0.0 0 8.1 20 140 M M 6 18 24 150
6 90 67 79 4 0 14 0.04 0.0 0 12.7 25 130 M M 7 13 38 320
7 79 74 77 2 0 12 0.17 0.0 0 9.4 20 140 M M 10 13 25 140
8 84 63 74 -1 0 9 1.19 0.0 0 9.8 45 340 M M 9 138 60 350
9 78 67 73 -3 0 8 1.13 0.0 0 7.3 22 230 M M M 3 37 230
10 74 66 70 -6 0 5 2.32 0.0 0 5.9 20 40 M M 9 13 23 40
11 86 71 79 3 0 14 0.00 0.0 0 11.7 20 140 M M 9 1 26 150
12 88 77 83 7 0 18 T 0.0 0 13.6 22 140 M M 8 31 140
13 79 68 74 -3 0 9 0.95 0.0 0 8.6 20 150 M M 9 138 28 140
14 83 69 76 -1 0 11 1.29 0.0 0 7.9 23 170 M M 9 13 34 150
15 86 69 78 1 0 13 0.25 0.0 0 5.1 20 300 M M 9 123 27 310
16 88 67 78 1 0 13 1.28 0.0 0 5.9 38 130 M M 6 13 58 140
17 86 67 77 -1 0 12 0.00 0.0 0 4.5 12 330 M M 4 22 350
18 90 65 78 0 0 13 0.00 0.0 0 4.0 10 40 M M 2 14 30
19 92 70 81 3 0 16 0.00 0.0 0 5.7 20 150 M M 4 23 140
20 90 72 81 3 0 16 0.00 0.0 0 8.1 20 350 M M 7 25 10
21 80 68 74 -5 0 9 T 0.0 0 5.5 10 20 M M 8 15 30
22 86 69 78 -1 0 13 0.00 0.0 0 4.8 10 70 M M 7 18 20
23 88 68 78 -1 0 13 T 0.0 0 4.0 29 20 M M 6 138 34 20
24 87 67 77 -2 0 12 0.00 0.0 0 5.9 14 60 M M 7 18 19 70
25 86 68 77 -3 0 12 0.00 0.0 0 6.1 14 50 M M 4 19 10
26 90 69 80 0 0 15 0.00 0.0 0 5.9 15 40 M M 3 24 30
27 89 68 79 -1 0 14 0.00 0.0 0 4.5 13 50 M M 6 18 18 50
28 88 68 78 -2 0 13 0.00 0.0 0 4.5 17 120 M M 6 23 110
29 86 69 78 -2 0 13 0.00 0.0 0 5.9 22 40 M M 8 26 30
30 90 67 79 -2 0 14 0.04 0.0 0 4.9 16 340 M M 5 3 21 340
31 89 69 79 -2 0 14 0.00 0.0 0 5.6 16 140 M M 4 20 150
================================================================================
SM 2655 2100 0 371 8.66 0.0 210.4 M 201
================================================================================
AV 85.6 67.7 6.8 FASTST M M 7 MAX(MPH)
MISC ----> 45 340 60 350
================================================================================
NOTES:
# LAST OF SEVERAL OCCURRENCES
COLUMN 17 PEAK WIND IN M.P.H.
PRELIMINARY LOCAL CLIMATOLOGICAL DATA (WS FORM: F-6) , PAGE 2
STATION: HOUSTON INTERCONTINENTAL
MONTH: MAY
YEAR: 2023
LATITUDE: 29 58 N
LONGITUDE: 95 21 W
[TEMPERATURE DATA] [PRECIPITATION DATA] SYMBOLS USED IN COLUMN 16
AVERAGE MONTHLY: 76.7 TOTAL FOR MONTH: 8.66 1 = FOG OR MIST
DPTR FM NORMAL: -0.7 DPTR FM NORMAL: 3.65 2 = FOG REDUCING VISIBILITY
HIGHEST: 92 ON 19, 5 GRTST 24HR 2.84 ON 9-10 TO 1/4 MILE OR LESS
LOWEST: 55 ON 1 3 = THUNDER
SNOW, ICE PELLETS, HAIL 4 = ICE PELLETS
TOTAL MONTH: 0.0 INCH 5 = HAIL
GRTST 24HR 0.0 6 = FREEZING RAIN OR DRIZZLE
GRTST DEPTH: 0 7 = DUSTSTORM OR SANDSTORM:
VSBY 1/2 MILE OR LESS
8 = SMOKE OR HAZE
[NO. OF DAYS WITH] [WEATHER - DAYS WITH] 9 = BLOWING SNOW
X = TORNADO
MAX 32 OR BELOW: 0 0.01 INCH OR MORE: 10
MAX 90 OR ABOVE: 7 0.10 INCH OR MORE: 8
MIN 32 OR BELOW: 0 0.50 INCH OR MORE: 6
MIN 0 OR BELOW: 0 1.00 INCH OR MORE: 5
[HDD (BASE 65) ]
TOTAL THIS MO. 0 CLEAR (SCALE 0-3) 2
DPTR FM NORMAL -1 PTCLDY (SCALE 4-7) 19
TOTAL FM JUL 1 1120 CLOUDY (SCALE 8-10) 10
DPTR FM NORMAL -144
[CDD (BASE 65) ]
TOTAL THIS MO. 371
DPTR FM NORMAL -13 [PRESSURE DATA]
TOTAL FM JAN 1 785 HIGHEST SLP 30.18 ON 15
DPTR FM NORMAL 88 LOWEST SLP 29.80 ON 17
[REMARKS]
#FINAL-05-23#