000
CXUS53 KUNR 301917
CF6IEN
PRELIMINARY LOCAL CLIMATOLOGICAL DATA (WS FORM: F-6)
STATION: PINE RIDGE SD
MONTH: APRIL
YEAR: 2023
LATITUDE: 43 1 N
LONGITUDE: 102 31 W
TEMPERATURE IN F: :PCPN: SNOW: WIND :SUNSHINE: SKY :PK WND
================================================================================
1 2 3 4 5 6A 6B 7 8 9 10 11 12 13 14 15 16 17 18
12Z AVG MX 2MIN
DY MAX MIN AVG DEP HDD CDD WTR SNW DPTH SPD SPD DIR MIN PSBL S-S WX SPD DR
================================================================================
1 51 2 27 -16 38 0 0.00 M M 4.3 24 250 M M 0 1 32 240
2 55 33 44 1 21 0 0.00 M M 7.6 20 250 M M 3 26 240
3 38 27 33 -10 32 0 0.18 M M 10.1 25 60 M M 10 18 39 60
4 27 18 23 -20 42 0 0.73 M M 15.3 23 350 M M 10 12 34 40
5 29 12 21 -23 44 0 0.01 M M 10.3 21 270 M M 4 1 32 340
6 39 11 25 -19 40 0 0.00 M M 6.9 16 250 M M 0 22 250
7 55 17 36 -8 29 0 0.00 M M 4.0 14 200 M M 0 16 200
8 61 25 43 -1 22 0 0.00 M M 5.7 20 280 M M 1 29 290
9 66 34 50 6 15 0 0.00 M M 6.5 14 260 M M 0 23 300
10 74 29 52 8 13 0 0.00 M M 5.4 16 230 M M 0 23 240
11 86 41 64 19 1 0 0.00 M M 12.7 26 240 M M 0 37 250
12 81 37 59 14 6 0 0.00 M M 8.6 22 310 M M 0 29 310
13 66 40 53 8 12 0 0.00 M M 6.2 18 10 M M 3 26 10
14 47 35 41 -4 24 0 0.07 M M 13.4 24 20 M M 9 33 10
15 50 26 38 -8 27 0 0.00 M M 10.6 25 350 M M 8 36 330
16 57 20 39 -7 26 0 0.00 M M 4.9 14 120 M M 0 19 120
17 74 37 56 10 9 0 0.00 M M 12.1 30 130 M M 0 45 130
18 76 38 57 11 8 0 T M M 14.9 39 290 M M 1 65 290
19 57 36 47 1 18 0 0.00 M M 11.9 28 290 M M 4 43 290
20 49 23 36 -11 29 0 0.00 M M 13.6 37 300 M M 7 8 50 290
21 43 25 34 -13 31 0 T M M 15.0 25 10 M M 9 37 10
22 43 19 31 -16 34 0 0.00 M M 5.7 17 340 M M 6 25 340
23 56 15 36 -12 29 0 0.00 M M 5.1 17 80 M M 3 1 25 220
24 67 25 46 -2 19 0 0.00 M M 11.5 24 90 M M 0 37 110
25 58 31 45 -3 20 0 0.00 M M 11.3 21 80 M M 5 28 60
26 70 32 51 3 14 0 0.00 M M 7.8 18 250 M M 3 27 230
27 67 38 53 4 12 0 0.20 M M 11.9 35 280 M M 6 138 52 280
28 56 36 46 -3 19 0 0.00 M M 7.0 18 340 M M 8 26 360
29 65 41 53 4 12 0 0.00 M M 13.5 29 350 M M 5 43 360
30 58 27 43 -7 22 0 0.00 M M 7.5 16 20 M M 0 25 10
================================================================================
SM 1721 830 668 0 1.19 M 281.3 M 105
================================================================================
AV 57.4 27.7 9.4 FASTST M M 4 MAX(MPH)
MISC ----> 39 290 65 290
================================================================================
NOTES:
# LAST OF SEVERAL OCCURRENCES
COLUMN 17 PEAK WIND IN M.P.H.
PRELIMINARY LOCAL CLIMATOLOGICAL DATA (WS FORM: F-6) , PAGE 2
STATION: PINE RIDGE SD
MONTH: APRIL
YEAR: 2023
LATITUDE: 43 1 N
LONGITUDE: 102 31 W
[TEMPERATURE DATA] [PRECIPITATION DATA] SYMBOLS USED IN COLUMN 16
AVERAGE MONTHLY: 42.5 TOTAL FOR MONTH: 1.19 1 = FOG OR MIST
DPTR FM NORMAL: -3.4 DPTR FM NORMAL: -0.89 2 = FOG REDUCING VISIBILITY
HIGHEST: 86 ON 11 GRTST 24HR 0.73 ON 4- 4 TO 1/4 MILE OR LESS
LOWEST: 2 ON 1 3 = THUNDER
SNOW, ICE PELLETS, HAIL 4 = ICE PELLETS
TOTAL MONTH: M 5 = HAIL
GRTST 24HR M ON M 6 = FREEZING RAIN OR DRIZZLE
GRTST DEPTH: M ON M 7 = DUSTSTORM OR SANDSTORM:
VSBY 1/2 MILE OR LESS
8 = SMOKE OR HAZE
[NO. OF DAYS WITH] [WEATHER - DAYS WITH] 9 = BLOWING SNOW
X = TORNADO
MAX 32 OR BELOW: 2 0.01 INCH OR MORE: 5
MAX 90 OR ABOVE: 0 0.10 INCH OR MORE: 3
MIN 32 OR BELOW: 18 0.50 INCH OR MORE: 1
MIN 0 OR BELOW: 0 1.00 INCH OR MORE: 0
[HDD (BASE 65) ]
TOTAL THIS MO. 668 CLEAR (SCALE 0-3) 16
DPTR FM NORMAL 93 PTCLDY (SCALE 4-7) 10
TOTAL FM JUL 1 7367 CLOUDY (SCALE 8-10) 4
DPTR FM NORMAL 741
[CDD (BASE 65) ]
TOTAL THIS MO. 0
DPTR FM NORMAL -1 [PRESSURE DATA]
TOTAL FM JAN 1 0 HIGHEST SLP 30.39 ON 6
DPTR FM NORMAL -1 LOWEST SLP 29.34 ON 18
[REMARKS]
#FINAL-04-23#