000
CXUS53 KUNR 010930
CF6IEN
PRELIMINARY LOCAL CLIMATOLOGICAL DATA (WS FORM: F-6)
STATION: PINE RIDGE SD
MONTH: MAY
YEAR: 2022
LATITUDE: 43 1 N
LONGITUDE: 102 31 W
TEMPERATURE IN F: :PCPN: SNOW: WIND :SUNSHINE: SKY :PK WND
================================================================================
1 2 3 4 5 6A 6B 7 8 9 10 11 12 13 14 15 16 17 18
12Z AVG MX 2MIN
DY MAX MIN AVG DEP HDD CDD WTR SNW DPTH SPD SPD DIR MIN PSBL S-S WX SPD DR
================================================================================
1 60 25 43 -7 22 0 0.00 M M 6.1 16 60 M M 1 23 60
2 54 34 44 -6 21 0 0.00 M M 6.9 14 90 M M 4 20 70
3 57 24 41 -10 24 0 0.00 M M 9.6 21 140 M M 0 29 150
4 48 37 43 -8 22 0 T M M 5.3 17 140 M M 9 1 24 140
5 66 37 52 1 13 0 0.00 M M 3.8 16 160 M M 4 28 150
6 81 47 64 12 1 0 0.00 M M 10.8 24 280 M M 1 32 290
7 87 48 68 16 0 3 0.01 M M 13.3 33 300 M M 3 8 47 300
8 72 36 54 1 11 0 0.92 M M 8.1 26 310 M M 4 13 35 300
9 67 42 55 2 10 0 T M M 13.6 32 270 M M 6 46 270
10 70 42 56 3 9 0 0.00 M M 8.2 20 100 M M 4 28 120
11 79 51 65 11 0 0 0.00 M M 10.0 23 100 M M 0 31 100
12 58 45 52 -2 13 0 0.04 M M 15.0 36 260 M M 6 1 51 260
13 70 34 52 -2 13 0 T M M 10.6 26 270 M M 1 40 260
14 68 35 52 -3 13 0 T M M 4.5 15 340 M M 2 22 340
15 71 39 55 0 10 0 0.01 M M 7.1 26 310 M M 3 3 39 310
16 85 35 60 4 5 0 0.00 M M 5.8 22 330 M M 1 35 340
17 77 48 63 7 2 0 T M M 7.1 18 350 M M 2 28 20
18 77 40 59 3 6 0 0.00 M M 5.7 16 350 M M 0 1 23 320
19 76 41 59 2 6 0 0.06 M M 12.8 31 360 M M 4 1 44 340
20 48 34 41 -16 24 0 T M M 11.6 26 360 M M 8 37 10
21 52 25 39 -19 26 0 T M M 5.5 20 340 M M 5 31 320
22 67 19 43 -15 22 0 0.00 M M 8.6 24 190 M M 1 34 200
23 51 36 44 -14 21 0 0.19 M M 12.5 26 170 M M 6 1 39 180
24 61 33 47 -12 18 0 0.00 M M 6.0 13 130 M M 3 12 22 80
25 69 31 50 -9 15 0 0.00 M M 4.1 15 30 M M 0 21 30
26 81 36 59 -1 6 0 0.00 M M 5.1 12 320 M M 0 18 320
27 93 40 67 7 0 2 0.01 M M 9.6 29 210 M M 0 3 40 210
28 87 42 65 5 0 0 T M M 7.1 25 130 M M 0 3 37 130
29 75 42 59 -2 6 0 0.66 M M 6.2 23 250 M M 3 13 36 240
30 58 49 54 -7 11 0 0.72 M M 10.6 26 270 M M 9 1 36 280
31 58 44 51 -10 14 0 0.06 M M 9.5 22 10 M M 8 1 34 360
================================================================================
SM 2123 1171 364 5 2.68 M 260.7 M 98
================================================================================
AV 68.5 37.8 8.4 FASTST M M 3 MAX(MPH)
MISC ----> 36 260 51 260
================================================================================
NOTES:
# LAST OF SEVERAL OCCURRENCES
COLUMN 17 PEAK WIND IN M.P.H.
PRELIMINARY LOCAL CLIMATOLOGICAL DATA (WS FORM: F-6) , PAGE 2
STATION: PINE RIDGE SD
MONTH: MAY
YEAR: 2022
LATITUDE: 43 1 N
LONGITUDE: 102 31 W
[TEMPERATURE DATA] [PRECIPITATION DATA] SYMBOLS USED IN COLUMN 16
AVERAGE MONTHLY: 53.1 TOTAL FOR MONTH: 2.68 1 = FOG OR MIST
DPTR FM NORMAL: -2.6 DPTR FM NORMAL: 0.06 2 = FOG REDUCING VISIBILITY
HIGHEST: 93 ON 27 GRTST 24HR 1.03 ON 29-30 TO 1/4 MILE OR LESS
LOWEST: 19 ON 22 3 = THUNDER
SNOW, ICE PELLETS, HAIL 4 = ICE PELLETS
TOTAL MONTH: M 5 = HAIL
GRTST 24HR M ON M 6 = FREEZING RAIN OR DRIZZLE
GRTST DEPTH: M ON M 7 = DUSTSTORM OR SANDSTORM:
VSBY 1/2 MILE OR LESS
8 = SMOKE OR HAZE
[NO. OF DAYS WITH] [WEATHER - DAYS WITH] 9 = BLOWING SNOW
X = TORNADO
MAX 32 OR BELOW: 0 0.01 INCH OR MORE: 10
MAX 90 OR ABOVE: 1 0.10 INCH OR MORE: 4
MIN 32 OR BELOW: 5 0.50 INCH OR MORE: 3
MIN 0 OR BELOW: 0 1.00 INCH OR MORE: 0
[HDD (BASE 65) ]
TOTAL THIS MO. 364 CLEAR (SCALE 0-3) 18
DPTR FM NORMAL 55 PTCLDY (SCALE 4-7) 11
TOTAL FM JUL 1 6513 CLOUDY (SCALE 8-10) 2
DPTR FM NORMAL -422
[CDD (BASE 65) ]
TOTAL THIS MO. 5
DPTR FM NORMAL -16 [PRESSURE DATA]
TOTAL FM JAN 1 5 HIGHEST SLP 30.44 ON 22
DPTR FM NORMAL -17 LOWEST SLP 29.31 ON 9
[REMARKS]
#FINAL-05-22#