000
CXUS53 KUNR 010930
CF6IEN
PRELIMINARY LOCAL CLIMATOLOGICAL DATA (WS FORM: F-6)
STATION: PINE RIDGE SD
MONTH: MARCH
YEAR: 2021
LATITUDE: 43 1 N
LONGITUDE: 102 31 W
TEMPERATURE IN F: :PCPN: SNOW: WIND :SUNSHINE: SKY :PK WND
================================================================================
1 2 3 4 5 6A 6B 7 8 9 10 11 12 13 14 15 16 17 18
12Z AVG MX 2MIN
DY MAX MIN AVG DEP HDD CDD WTR SNW DPTH SPD SPD DIR MIN PSBL S-S WX SPD DR
================================================================================
1 49 21 35 4 30 0 0.00 M M 8.3 17 240 M M 0 22 240
2 59 28 44 13 21 0 0.00 M M 6.7 17 280 M M 0 25 270
3 62 26 44 12 21 0 0.00 M M 5.1 14 250 M M 0 18 240
4 67 28 48 16 17 0 0.00 M M 3.8 15 120 M M 0 20 130
5 67 25 46 14 19 0 0.00 M M 3.3 13 230 M M 0 19 180
6 71 22 47 14 18 0 0.00 M M 11.6 28 190 M M 0 43 180
7 65 28 47 14 18 0 0.00 M M 3.8 16 190 M M 0 23 180
8 73 30 52 18 13 0 0.00 M M 8.4 21 190 M M 0 29 180
9 65 29 47 13 18 0 T M M 9.3 24 30 M M 2 34 30
10 37 21 29 -5 36 0 0.35 M M 7.9 21 20 M M 10 128 29 10
11 38 3 21 -14 44 0 0.00 M M 2.0 9 220 M M 5 128 11 230
12 53 25 39 4 26 0 0.02 M M 4.6 14 180 M M 9 22 180
13 42 36 39 4 26 0 0.05 M M 9.0 20 70 M M 10 18 29 80
14 38 29 34 -2 31 0 0.36 M M 19.8 26 40 M M 10 126 42 50
15 32 27 30 -6 35 0 0.43 M M 4.2 10 70 M M 10 12 16 70
16 33 27 30 -7 35 0 0.00 M M 3.8 10 300 M M 10 1 14 270
17 37 21 29 -8 36 0 0.00 M M 5.6 15 350 M M 6 25 340
18 38 24 31 -6 34 0 0.00 M M 7.6 28 180 M M 5 18 37 190
19 50 34 42 4 23 0 0.00 M M 21.5 35 180 M M 0 47 180
20 66 40 53 15 12 0 0.00 M M 14.6 29 190 M M 0 40 190
21 55 27 41 3 24 0 0.00 M M 9.8 21 350 M M 6 32 330
22 57 22 40 1 25 0 0.00 M M 4.5 15 200 M M 3 21 200
23 53 25 39 0 26 0 0.02 M M 11.1 26 10 M M 5 37 350
24 51 32 42 3 23 0 T M M 9.4 23 340 M M 5 33 330
25 59 31 45 5 20 0 0.00 M M 11.6 24 180 M M 0 35 180
26 45 32 39 -1 26 0 0.15 M M 4.6 15 20 M M 9 12 20 30
27 48 30 39 -1 26 0 0.10 M M 5.3 22 360 M M 5 1 32 360
28 71 25 48 8 17 0 0.00 M M 10.4 26 240 M M 0 37 240
29 74 30 52 11 13 0 0.00 M M 17.1 44 270 M M 1 8 70 260
30 44 17 31 -10 34 0 0.00 M M 11.8 32 290 M M 2 47 280
31 49 14 32 -9 33 0 0.00 M M 6.4 20 300 M M 4 28 300
================================================================================
SM 1648 809 780 0 1.48 M 262.9 M 117
================================================================================
AV 53.2 26.1 8.5 FASTST M M 4 MAX(MPH)
MISC ----> 44 270 70 260
================================================================================
NOTES:
# LAST OF SEVERAL OCCURRENCES
COLUMN 17 PEAK WIND IN M.P.H.
PRELIMINARY LOCAL CLIMATOLOGICAL DATA (WS FORM: F-6) , PAGE 2
STATION: PINE RIDGE SD
MONTH: MARCH
YEAR: 2021
LATITUDE: 43 1 N
LONGITUDE: 102 31 W
[TEMPERATURE DATA] [PRECIPITATION DATA] SYMBOLS USED IN COLUMN 16
AVERAGE MONTHLY: 39.6 TOTAL FOR MONTH: 1.48 1 = FOG OR MIST
DPTR FM NORMAL: 3.2 DPTR FM NORMAL: 0.61 2 = FOG REDUCING VISIBILITY
HIGHEST: 74 ON 29 GRTST 24HR 0.43 ON 14-15 TO 1/4 MILE OR LESS
LOWEST: 3 ON 11 3 = THUNDER
SNOW, ICE PELLETS, HAIL 4 = ICE PELLETS
TOTAL MONTH: M 5 = HAIL
GRTST 24HR M ON M 6 = FREEZING RAIN OR DRIZZLE
GRTST DEPTH: M ON M 7 = DUSTSTORM OR SANDSTORM:
VSBY 1/2 MILE OR LESS
8 = SMOKE OR HAZE
[NO. OF DAYS WITH] [WEATHER - DAYS WITH] 9 = BLOWING SNOW
X = TORNADO
MAX 32 OR BELOW: 1 0.01 INCH OR MORE: 8
MAX 90 OR ABOVE: 0 0.10 INCH OR MORE: 5
MIN 32 OR BELOW: 28 0.50 INCH OR MORE: 0
MIN 0 OR BELOW: 0 1.00 INCH OR MORE: 0
[HDD (BASE 65) ]
TOTAL THIS MO. 780 CLEAR (SCALE 0-3) 16
DPTR FM NORMAL -108 PTCLDY (SCALE 4-7) 8
TOTAL FM JUL 1 5894 CLOUDY (SCALE 8-10) 7
DPTR FM NORMAL -343
[CDD (BASE 65) ]
TOTAL THIS MO. 0
DPTR FM NORMAL 0 [PRESSURE DATA]
TOTAL FM JAN 1 0 HIGHEST SLP 30.52 ON 31
DPTR FM NORMAL 0 LOWEST SLP 29.32 ON 29
[REMARKS]
#FINAL-03-21#