000
CXUS54 KFWD 220503
CF6ILE
PRELIMINARY LOCAL CLIMATOLOGICAL DATA (WS FORM: F-6)
STATION: KILLEEN SKYLARK
MONTH: JULY
YEAR: 2022
LATITUDE: 31 4 N
LONGITUDE: 97 41 W
TEMPERATURE IN F: :PCPN: SNOW: WIND :SUNSHINE: SKY :PK WND
================================================================================
1 2 3 4 5 6A 6B 7 8 9 10 11 12 13 14 15 16 17 18
12Z AVG MX 2MIN
DY MAX MIN AVG DEP HDD CDD WTR SNW DPTH SPD SPD DIR MIN PSBL S-S WX SPD DR
================================================================================
1 95 72 84 2 0 19 0.00 M M 7.0 10 110 M M 1 M M
2 99 76 88 6 0 23 0.00 M M 8.5 15 160 M M 0 17 140
3 100 78 89 7 0 24 0.00 M M 11.9 15 170 M M 0 8 21 170
4 99 74 87 5 0 22 0.00 M M 11.6 17 190 M M 1 32 170
5 101 75 88 6 0 23 0.00 M M 10.8 15 200 M M 0 21 190
6 102 74 88 6 0 23 0.00 M M 11.5 16 150 M M 0 23 170
7 101 77 89 7 0 24 0.00 M M 11.3 15 170 M M 0 20 150
8 104 78 91 9 0 26 0.00 M M 9.4 15 140 M M 0 20 190
9 106 79 93 11 0 28 0.00 M M 6.2 10 230 M M 0 8 M M
10 107 79 93 11 0 28 0.00 M M 4.3 9 50 M M 0 M M
11 106 78 92 9 0 27 0.00 M M 4.8 15 180 M M 2 M M
12 105 79 92 9 0 27 0.00 M M 6.7 15 40 M M 0 M M
13 107 78 93 10 0 28 0.00 M M 7.4 12 160 M M 0 18 120
14 101 77 89 6 0 24 T M M 7.9 22 80 M M 0 3 39 90
15 98 70 84 1 0 19 0.00 M M 5.9 16 140 M M 1 23 140
16 101 74 88 5 0 23 0.00 M M 9.3 16 170 M M 1 17 190
17 104 76 90 7 0 25 0.00 M M 9.6 15 160 M M 0 18 220
18 106 77 92 9 0 27 0.00 M M 10.2 15 180 M M 0 21 180
19 105 78 92 9 0 27 0.00 M M 13.0 18 170 M M 0 28 170
20 104 78 91 8 0 26 0.00 M M 11.9 18 170 M M 0 26 160
21 102 76 89 6 0 24 0.00 M M 9.9 17 190 M M 0 22 160
22 102 78 90 7 0 25 0.00 M M 11.1 15 190 M M 0 21 140
23 101 77 89 5 0 24 0.00 M M 11.8 17 160 M M 0 25 170
24 101 77 89 5 0 24 0.00 M M 12.4 18 180 M M 0 25 170
25 103 76 90 6 0 25 0.00 M M 11.5 17 160 M M 0 23 160
26 102 75 89 5 0 24 0.00 M M 12.1 20 160 M M 0 25 160
27 102 76 89 5 0 24 0.00 M M 12.6 18 160 M M 0 24 150
28 101 78 90 6 0 25 0.00 M M 11.2 15 160 M M 0 18 190
29 102 77 90 6 0 25 0.00 M M 11.5 22 160 M M 0 29 160
30 103 77 90 6 0 25 0.00 M M 11.3 21 170 M M 0 24 170
31 102 77 90 6 0 25 0.00 M M 10.6 17 200 M M 0 25 160
================================================================================
SM 3172 2371 0 763 T M 305.2 M 6
================================================================================
AV102.3 76.5 9.8 FASTST M M 0 MAX(MPH)
MISC ----> # 22 80 39 90
================================================================================
NOTES:
# LAST OF SEVERAL OCCURRENCES
COLUMN 17 PEAK WIND IN M.P.H.
PRELIMINARY LOCAL CLIMATOLOGICAL DATA (WS FORM: F-6) , PAGE 2
STATION: KILLEEN SKYLARK
MONTH: JULY
YEAR: 2022
LATITUDE: 31 4 N
LONGITUDE: 97 41 W
[TEMPERATURE DATA] [PRECIPITATION DATA] SYMBOLS USED IN COLUMN 16
AVERAGE MONTHLY: 89.4 TOTAL FOR MONTH: T 1 = FOG OR MIST
DPTR FM NORMAL: 6.4 DPTR FM NORMAL: -1.82 2 = FOG REDUCING VISIBILITY
HIGHEST: 107 ON 13,10 GRTST 24HR T ON 14-14 TO 1/4 MILE OR LESS
LOWEST: 70 ON 15 3 = THUNDER
SNOW, ICE PELLETS, HAIL 4 = ICE PELLETS
TOTAL MONTH: M 5 = HAIL
GRTST 24HR M ON M 6 = FREEZING RAIN OR DRIZZLE
GRTST DEPTH: M ON M 7 = DUSTSTORM OR SANDSTORM:
VSBY 1/2 MILE OR LESS
8 = SMOKE OR HAZE
[NO. OF DAYS WITH] [WEATHER - DAYS WITH] 9 = BLOWING SNOW
X = TORNADO
MAX 32 OR BELOW: 0 0.01 INCH OR MORE: 0
MAX 90 OR ABOVE: 31 0.10 INCH OR MORE: 0
MIN 32 OR BELOW: 0 0.50 INCH OR MORE: 0
MIN 0 OR BELOW: 0 1.00 INCH OR MORE: 0
[HDD (BASE 65) ]
TOTAL THIS MO. 0 CLEAR (SCALE 0-3) 31
DPTR FM NORMAL 0 PTCLDY (SCALE 4-7) 0
TOTAL FM JUL 1 0 CLOUDY (SCALE 8-10) 0
DPTR FM NORMAL 0
[CDD (BASE 65) ]
TOTAL THIS MO. 763
DPTR FM NORMAL 205 [PRESSURE DATA]
TOTAL FM JAN 1 2099 HIGHEST SLP 30.08 ON 15
DPTR FM NORMAL 699 LOWEST SLP 29.72 ON 11
[REMARKS]
#FINAL-07-22#