000
CXUS54 KFWD 010730
CF6ILE
PRELIMINARY LOCAL CLIMATOLOGICAL DATA (WS FORM: F-6)
STATION: KILLEEN SKYLARK
MONTH: JUNE
YEAR: 2021
LATITUDE: 31 4 N
LONGITUDE: 97 41 W
TEMPERATURE IN F: :PCPN: SNOW: WIND :SUNSHINE: SKY :PK WND
================================================================================
1 2 3 4 5 6A 6B 7 8 9 10 11 12 13 14 15 16 17 18
12Z AVG MX 2MIN
DY MAX MIN AVG DEP HDD CDD WTR SNW DPTH SPD SPD DIR MIN PSBL S-S WX SPD DR
================================================================================
1 81 65 73 -4 0 8 0.00 M M 6.0 12 10 M M 9 M M
2 84 61 73 -5 0 8 0.01 M M 3.8 17 150 M M 3 138 25 150
3 70 62 66 -12 0 1 T M M 2.9 7 300 M M 4 M M
4 81 66 74 -4 0 9 0.01 M M 4.2 16 80 M M 7 13 17 90
5 85 68 77 -1 0 12 0.00 M M 5.2 12 140 M M 6 M M
6 89 66 78 -1 0 13 0.00 M M 8.8 13 150 M M 4 22 150
7 83 69 76 -3 0 11 0.00 M M 9.3 17 150 M M 7 1 24 150
8 90 70 80 1 0 15 0.01 M M 11.8 25 340 M M 4 1 33 340
9 93 74 84 5 0 19 0.00 M M 10.6 16 180 M M 4 22 180
10 92 74 83 4 0 18 0.00 M M 10.9 17 180 M M 2 23 180
11 92 77 85 5 0 20 0.00 M M 12.2 17 180 M M 5 23 180
12 91 73 82 2 0 17 0.00 M M 7.0 10 160 M M 2 M M
13 96 70 83 3 0 18 0.00 M M 3.2 9 290 M M 1 18 M M
14 97 73 85 5 0 20 0.00 M M 5.2 14 360 M M 0 M M
15 95 72 84 4 0 19 0.00 M M 5.3 13 60 M M 1 22 10
16 95 72 84 4 0 19 0.00 M M 5.4 12 100 M M 0 17 100
17 96 71 84 4 0 19 0.00 M M 4.4 12 120 M M 1 M M
18 93 73 83 2 0 18 0.00 M M 5.9 10 110 M M 1 8 16 70
19 94 66 80 -1 0 15 0.00 M M 6.3 14 120 M M 0 18 160
20 93 72 83 2 0 18 0.00 M M 11.7 17 150 M M 1 25 160
21 96 75 86 5 0 21 0.02 M M 9.8 21 90 M M 6 3 30 20
22 85 70 78 -3 0 13 0.00 M M 7.7 15 40 M M 8 M M
23 95 75 85 4 0 20 0.00 M M 10.1 16 180 M M 4 22 180
24 96 74 85 4 0 20 0.00 M M 11.5 16 160 M M 2 23 200
25 94 76 85 4 0 20 0.00 M M 12.4 20 160 M M 3 30 150
26 95 77 86 4 0 21 0.00 M M 15.1 21 150 M M 4 28 150
27 89 72 81 -1 0 16 0.50 M M 6.1 27 100 M M 5 13 32 100
28 85 72 79 -3 0 14 0.06 M M 5.4 10 150 M M 5 M M
29 87 72 80 -2 0 15 T M M 8.0 13 170 M M 5 M M
30 91 73 82 0 0 17 0.00 M M 4.8 10 120 M M 4 M M
================================================================================
SM 2703 2130 0 474 0.61 M 231.2 M 108
================================================================================
AV 90.1 71.0 7.7 FASTST M M 4 MAX(MPH)
MISC ----> 27 100 33 340
================================================================================
NOTES:
# LAST OF SEVERAL OCCURRENCES
COLUMN 17 PEAK WIND IN M.P.H.
PRELIMINARY LOCAL CLIMATOLOGICAL DATA (WS FORM: F-6) , PAGE 2
STATION: KILLEEN SKYLARK
MONTH: JUNE
YEAR: 2021
LATITUDE: 31 4 N
LONGITUDE: 97 41 W
[TEMPERATURE DATA] [PRECIPITATION DATA] SYMBOLS USED IN COLUMN 16
AVERAGE MONTHLY: 80.6 TOTAL FOR MONTH: 0.61 1 = FOG OR MIST
DPTR FM NORMAL: 0.5 DPTR FM NORMAL: -3.55 2 = FOG REDUCING VISIBILITY
HIGHEST: 97 ON 14 GRTST 24HR 0.50 ON 27-27 TO 1/4 MILE OR LESS
LOWEST: 61 ON 2 3 = THUNDER
SNOW, ICE PELLETS, HAIL 4 = ICE PELLETS
TOTAL MONTH: M 5 = HAIL
GRTST 24HR M ON M 6 = FREEZING RAIN OR DRIZZLE
GRTST DEPTH: M ON M 7 = DUSTSTORM OR SANDSTORM:
VSBY 1/2 MILE OR LESS
8 = SMOKE OR HAZE
[NO. OF DAYS WITH] [WEATHER - DAYS WITH] 9 = BLOWING SNOW
X = TORNADO
MAX 32 OR BELOW: 0 0.01 INCH OR MORE: 6
MAX 90 OR ABOVE: 19 0.10 INCH OR MORE: 1
MIN 32 OR BELOW: 0 0.50 INCH OR MORE: 1
MIN 0 OR BELOW: 0 1.00 INCH OR MORE: 0
[HDD (BASE 65) ]
TOTAL THIS MO. 0 CLEAR (SCALE 0-3) 12
DPTR FM NORMAL 0 PTCLDY (SCALE 4-7) 17
TOTAL FM JUL 1 1446 CLOUDY (SCALE 8-10) 1
DPTR FM NORMAL -720
[CDD (BASE 65) ]
TOTAL THIS MO. 474
DPTR FM NORMAL 22 [PRESSURE DATA]
TOTAL FM JAN 1 822 HIGHEST SLP M ON M
DPTR FM NORMAL -20 LOWEST SLP M ON M
[REMARKS]
#FINAL-06-21#