000
CXUS53 KILX 010900
CF6ILX
PRELIMINARY LOCAL CLIMATOLOGICAL DATA (WS FORM: F-6)
STATION: LINCOLN IL
MONTH: JULY
YEAR: 2022
LATITUDE: 40 9 N
LONGITUDE: 89 20 W
TEMPERATURE IN F: :PCPN: SNOW: WIND :SUNSHINE: SKY :PK WND
================================================================================
1 2 3 4 5 6A 6B 7 8 9 10 11 12 13 14 15 16 17 18
12Z AVG MX 2MIN
DY MAX MIN AVG DEP HDD CDD WTR SNW DPTH SPD SPD DIR MIN PSBL S-S WX SPD DR
================================================================================
1 82 66 74 -1 0 9 T 0.0 0 M M M M M M 3 M M
2 81 60 71 -4 0 6 T 0.0 0 M M M M M M M M
3 87 55 71 -4 0 6 0.00 0.0 0 M M M M M M M M
4 90 62 76 1 0 11 0.00 0.0 0 M M M M M M M M
5 96 77 87 12 0 22 0.00 0.0 0 M M M M M M M M
6 87 73 80 5 0 15 T 0.0 0 M M M M M M M M
7 79 70 75 0 0 10 0.66 0.0 0 M M M M M M 13 M M
8 82 71 77 2 0 12 1.60 0.0 0 M M M M M M 13 M M
9 82 61 72 -3 0 7 0.00 0.0 0 M M M M M M M M
10 81 58 70 -5 0 5 0.00 0.0 0 M M M M M M M M
11 87 62 75 0 0 10 0.00 0.0 0 M M M M M M M M
12 82 67 75 0 0 10 0.00 0.0 0 M M M M M M M M
13 86 60 73 -2 0 8 0.00 0.0 0 M M M M M M M M
14 83 62 73 -2 0 8 0.09 0.0 0 M M M M M M M M
15 76 66 71 -4 0 6 0.32 0.0 0 M M M M M M 3 M M
16 88 68 78 3 0 13 0.00 0.0 0 M M M M M M M M
17 81 68 75 0 0 10 0.06 0.0 0 M M M M M M M M
18 86 63 75 0 0 10 0.00 0.0 0 M M M M M M M M
19 87 61 74 -1 0 9 0.00 0.0 0 M M M M M M M M
20 87 69 78 3 0 13 0.00 0.0 0 M M M M M M M M
21 89 64 77 3 0 12 0.00 0.0 0 M M M M M M M M
22 87 61 74 0 0 9 0.00 0.0 0 M M M M M M 1 M M
23 93 74 84 10 0 19 0.00 0.0 0 M M M M M M M M
24 86 67 77 3 0 12 0.58 0.0 0 M M M M M M 3 M M
25 77 62 70 -4 0 5 T 0.0 0 M M M M M M M M
26 71 64 68 -6 0 3 0.03 0.0 0 M M M M M M 1 M M
27 84 64 74 0 0 9 0.10 0.0 0 M M M M M M 12 M M
28 83 59 71 -3 0 6 0.00 0.0 0 M M M M M M 12 M M
29 79 53 66 -8 0 1 0.00 0.0 0 M M M M M M M M
30 82 54 68 -6 0 3 0.00 0.0 0 M M M M M M 1 M M
31 82 56 69 -5 0 4 0.00 0.0 0 M M M M M M M M
================================================================================
SM 2603 1977 0 283 3.44 0.0 M M M
================================================================================
AV 84.0 63.8 M FASTST M M M MAX(MPH)
MISC ----> M M M M
================================================================================
NOTES:
# LAST OF SEVERAL OCCURRENCES
COLUMN 17 PEAK WIND IN M.P.H.
PRELIMINARY LOCAL CLIMATOLOGICAL DATA (WS FORM: F-6) , PAGE 2
STATION: LINCOLN IL
MONTH: JULY
YEAR: 2022
LATITUDE: 40 9 N
LONGITUDE: 89 20 W
[TEMPERATURE DATA] [PRECIPITATION DATA] SYMBOLS USED IN COLUMN 16
AVERAGE MONTHLY: 73.9 TOTAL FOR MONTH: 3.44 1 = FOG OR MIST
DPTR FM NORMAL: -0.7 DPTR FM NORMAL: -1.47 2 = FOG REDUCING VISIBILITY
HIGHEST: 96 ON 5 GRTST 24HR 1.60 ON 8- 8 TO 1/4 MILE OR LESS
LOWEST: 53 ON 29 3 = THUNDER
SNOW, ICE PELLETS, HAIL 4 = ICE PELLETS
TOTAL MONTH: 0.0 INCH 5 = HAIL
GRTST 24HR 0.0 6 = FREEZING RAIN OR DRIZZLE
GRTST DEPTH: 0 7 = DUSTSTORM OR SANDSTORM:
VSBY 1/2 MILE OR LESS
8 = SMOKE OR HAZE
[NO. OF DAYS WITH] [WEATHER - DAYS WITH] 9 = BLOWING SNOW
X = TORNADO
MAX 32 OR BELOW: 0 0.01 INCH OR MORE: 8
MAX 90 OR ABOVE: 3 0.10 INCH OR MORE: 5
MIN 32 OR BELOW: 0 0.50 INCH OR MORE: 3
MIN 0 OR BELOW: 0 1.00 INCH OR MORE: 1
[HDD (BASE 65) ]
TOTAL THIS MO. 0 CLEAR (SCALE 0-3) 0
DPTR FM NORMAL -2 PTCLDY (SCALE 4-7) 0
TOTAL FM JUL 1 0 CLOUDY (SCALE 8-10) 31
DPTR FM NORMAL 0
[CDD (BASE 65) ]
TOTAL THIS MO. 283
DPTR FM NORMAL -18 [PRESSURE DATA]
TOTAL FM JAN 1 670 HIGHEST SLP M ON M
DPTR FM NORMAL 34 LOWEST SLP M ON M
[REMARKS]
#FINAL-07-22#