000
CXUS53 KIND 010700
CF6IND
PRELIMINARY LOCAL CLIMATOLOGICAL DATA (WS FORM: F-6)
STATION: INDIANAPOLIS IN
MONTH: JANUARY
YEAR: 2023
LATITUDE: 39 43 N
LONGITUDE: 86 17 W
TEMPERATURE IN F: :PCPN: SNOW: WIND :SUNSHINE: SKY :PK WND
================================================================================
1 2 3 4 5 6A 6B 7 8 9 10 11 12 13 14 15 16 17 18
12Z AVG MX 2MIN
DY MAX MIN AVG DEP HDD CDD WTR SNW DPTH SPD SPD DIR MIN PSBL S-S WX SPD DR
================================================================================
1 52 40 46 16 19 0 T 0.0 0 7.8 15 200 M M 10 1 20 210
2 57 48 53 23 12 0 0.01 0.0 0 5.4 10 120 M M 10 123 13 110
3 63 56 60 31 5 0 0.85 0.0 0 11.6 21 210 M M 10 13 27 210
4 59 37 48 19 17 0 0.00 0.0 0 12.3 22 250 M M 9 28 230
5 40 33 37 8 28 0 0.01 0.0 0 12.3 23 260 M M 9 1 28 270
6 39 28 34 5 31 0 T T 0 9.4 18 280 M M 9 23 280
7 39 24 32 3 33 0 0.00 0.0 0 7.4 14 40 M M 4 1 17 40
8 39 30 35 6 30 0 0.00 0.0 0 7.1 14 60 M M 10 19 60
9 44 29 37 9 28 0 0.00 0.0 0 8.2 14 290 M M 8 17 280
10 52 33 43 15 22 0 0.00 0.0 0 7.0 13 160 M M 6 8 18 240
11 49 39 44 16 21 0 0.01 0.0 0 7.2 16 140 M M 9 12 M M
12 49 36 43 15 22 0 0.87 0.0 0 15.6 29 340 M M 10 123 38 340
13 36 31 34 6 31 0 0.02 T 0 14.9 21 360 M M 10 1 31 350
14 32 24 28 0 37 0 0.00 0.0 0 8.5 18 340 M M 9 8 28 330
15 42 22 32 4 33 0 0.00 0.0 0 9.7 18 140 M M 5 25 140
16 52 33 43 15 22 0 0.14 0.0 0 10.7 18 140 M M 9 1 24 140
17 54 39 47 19 18 0 0.05 0.0 0 15.9 26 250 M M 6 1 34 240
18 45 34 40 12 25 0 1.00 0.0 0 10.0 23 110 M M 10 1 29 110
19 56 35 46 18 19 0 0.09 T 0 19.1 36 260 M M 9 13 48 270
20 35 30 33 5 32 0 T T 0 16.1 29 270 M M 10 39 270
21 33 30 32 4 33 0 0.00 0.0 0 6.5 12 130 M M 10 15 130
22 34 28 31 3 34 0 0.04 0.7 T 5.8 12 320 M M 10 1 14 320
23 33 27 30 2 35 0 T T 0 11.5 20 250 M M 9 1 24 250
24 44 26 35 7 30 0 0.00 0.0 0 6.9 14 250 M M 8 18 240
25 38 32 35 7 30 0 0.69 2.8 1 12.6 22 50 M M 10 12 30 50
26 33 24 29 1 36 0 T 0.3 1 16.6 25 270 M M 10 1 34 270
27 41 19 30 2 35 0 T T 1 13.8 24 200 M M 7 31 220
28 53 29 41 13 24 0 0.04 0.0 0 9.2 32 220 M M 7 43 210
29 43 30 37 8 28 0 0.09 0.0 0 9.8 18 340 M M 10 16 22 340
30 30 19 25 -4 40 0 0.06 0.3 T 10.6 18 330 M M 10 156 22 360
31 24 13 19 -10 46 0 0.00 0.0 T 8.3 14 10 M M 8 19 340
================================================================================
SM 1340 958 856 0 3.97 4.1 327.8 M 271
================================================================================
AV 43.2 30.9 10.6 FASTST M M 9 MAX(MPH)
MISC ----> 36 260 48 270
================================================================================
NOTES:
# LAST OF SEVERAL OCCURRENCES
COLUMN 17 PEAK WIND IN M.P.H.
PRELIMINARY LOCAL CLIMATOLOGICAL DATA (WS FORM: F-6) , PAGE 2
STATION: INDIANAPOLIS IN
MONTH: JANUARY
YEAR: 2023
LATITUDE: 39 43 N
LONGITUDE: 86 17 W
[TEMPERATURE DATA] [PRECIPITATION DATA] SYMBOLS USED IN COLUMN 16
AVERAGE MONTHLY: 37.1 TOTAL FOR MONTH: 3.97 1 = FOG OR MIST
DPTR FM NORMAL: 8.6 DPTR FM NORMAL: 0.85 2 = FOG REDUCING VISIBILITY
HIGHEST: 63 ON 3 GRTST 24HR 1.08 ON 18-19 TO 1/4 MILE OR LESS
LOWEST: 13 ON 31 3 = THUNDER
SNOW, ICE PELLETS, HAIL 4 = ICE PELLETS
TOTAL MONTH: 4.1 INCHES 5 = HAIL
GRTST 24HR 2.8 ON 25-25 6 = FREEZING RAIN OR DRIZZLE
GRTST DEPTH: 1 ON 27,26 7 = DUSTSTORM OR SANDSTORM:
VSBY 1/2 MILE OR LESS
8 = SMOKE OR HAZE
[NO. OF DAYS WITH] [WEATHER - DAYS WITH] 9 = BLOWING SNOW
X = TORNADO
MAX 32 OR BELOW: 3 0.01 INCH OR MORE: 15
MAX 90 OR ABOVE: 0 0.10 INCH OR MORE: 5
MIN 32 OR BELOW: 19 0.50 INCH OR MORE: 4
MIN 0 OR BELOW: 0 1.00 INCH OR MORE: 1
[HDD (BASE 65) ]
TOTAL THIS MO. 856 CLEAR (SCALE 0-3) 0
DPTR FM NORMAL -275 PTCLDY (SCALE 4-7) 8
TOTAL FM JUL 1 2826 CLOUDY (SCALE 8-10) 23
DPTR FM NORMAL -315
[CDD (BASE 65) ]
TOTAL THIS MO. 0
DPTR FM NORMAL 0 [PRESSURE DATA]
TOTAL FM JAN 1 0 HIGHEST SLP M ON M
DPTR FM NORMAL 0 LOWEST SLP 29.47 ON 19
[REMARKS]
#FINAL-01-23#