000
CXUS53 KIND 010600
CF6IND
PRELIMINARY LOCAL CLIMATOLOGICAL DATA (WS FORM: F-6)
STATION: INDIANAPOLIS IN
MONTH: SEPTEMBER
YEAR: 2021
LATITUDE: 39 43 N
LONGITUDE: 86 17 W
TEMPERATURE IN F: :PCPN: SNOW: WIND :SUNSHINE: SKY :PK WND
================================================================================
1 2 3 4 5 6A 6B 7 8 9 10 11 12 13 14 15 16 17 18
12Z AVG MX 2MIN
DY MAX MIN AVG DEP HDD CDD WTR SNW DPTH SPD SPD DIR MIN PSBL S-S WX SPD DR
================================================================================
1 81 65 73 0 0 8 0.00 0.0 0 11.9 20 10 M M 4 31 30
2 80 59 70 -2 0 5 0.00 0.0 0 7.3 12 120 M M 3 16 50
3 78 61 70 -2 0 5 T 0.0 0 6.9 13 100 M M 8 17 100
4 70 63 67 -5 0 2 0.91 0.0 0 8.3 17 200 M M 10 1 23 210
5 81 62 72 0 0 7 0.01 0.0 0 7.6 15 320 M M 6 1 21 320
6 86 57 72 1 0 7 T 0.0 0 10.1 20 330 M M 3 26 250
7 86 64 75 4 0 10 0.01 0.0 0 13.2 24 200 M M 5 3 33 230
8 81 62 72 1 0 7 0.00 0.0 0 11.0 20 290 M M 5 27 300
9 78 57 68 -2 0 3 0.00 0.0 0 6.8 16 280 M M 4 24 300
10 78 56 67 -3 0 2 0.00 0.0 0 4.9 13 180 M M 3 17 150
11 83 61 72 2 0 7 0.00 0.0 0 13.0 23 210 M M 6 31 220
12 88 69 79 10 0 14 0.00 0.0 0 15.4 26 210 M M 5 32 210
13 87 66 77 8 0 12 0.00 0.0 0 9.9 22 220 M M 3 31 190
14 89 68 79 10 0 14 1.04 0.0 0 11.4 31 260 M M 5 13 38 260
15 77 65 71 3 0 6 0.00 0.0 0 7.3 14 340 M M 6 18 20
16 80 58 69 1 0 4 0.00 0.0 0 6.9 12 140 M M 3 16 170
17 88 65 77 9 0 12 0.00 0.0 0 4.0 10 150 M M 2 1 14 150
18 89 67 78 11 0 13 0.00 0.0 0 2.5 12 260 M M 3 14 260
19 89 67 78 11 0 13 T 0.0 0 6.8 15 150 M M 7 20 160
20 75 69 72 6 0 7 0.48 0.0 M 11.7 20 140 M M 9 1 27 140
21 78 60 69 3 0 4 0.55 0.0 0 10.5 23 350 M M 9 1 31 330
22 61 53 57 -9 8 0 2.07 0.0 0 14.8 28 320 M M 10 1 40 320
23 67 48 58 -7 7 0 0.00 0.0 0 11.8 20 280 M M 5 27 280
24 73 46 60 -5 5 0 0.00 0.0 0 10.0 18 200 M M 2 30 210
25 70 51 61 -3 4 0 0.18 0.0 0 9.6 18 270 M M 6 1 27 280
26 76 46 61 -3 4 0 0.00 0.0 0 10.1 20 200 M M 4 25 240
27 84 59 72 9 0 7 T 0.0 0 13.4 22 220 M M 3 3 30 230
28 85 62 74 11 0 9 0.00 0.0 0 7.0 16 230 M M 2 22 230
29 85 61 73 10 0 8 0.00 0.0 0 5.3 9 80 M M 2 8 14 60
30 80 60 70 8 0 5 0.00 0.0 0 5.2 9 80 M M 7 14 120
================================================================================
SM 2403 1807 28 191 5.25 0.0 274.6 M 150
================================================================================
AV 80.1 60.2 9.2 FASTST M M 5 MAX(MPH)
MISC ----> 31 260 40 320
================================================================================
NOTES:
# LAST OF SEVERAL OCCURRENCES
COLUMN 17 PEAK WIND IN M.P.H.
PRELIMINARY LOCAL CLIMATOLOGICAL DATA (WS FORM: F-6) , PAGE 2
STATION: INDIANAPOLIS IN
MONTH: SEPTEMBER
YEAR: 2021
LATITUDE: 39 43 N
LONGITUDE: 86 17 W
[TEMPERATURE DATA] [PRECIPITATION DATA] SYMBOLS USED IN COLUMN 16
AVERAGE MONTHLY: 70.2 TOTAL FOR MONTH: 5.25 1 = FOG OR MIST
DPTR FM NORMAL: 2.4 DPTR FM NORMAL: 2.11 2 = FOG REDUCING VISIBILITY
HIGHEST: 89 ON 19,18 GRTST 24HR 2.62 ON 21-22 TO 1/4 MILE OR LESS
LOWEST: 46 ON 26,24 3 = THUNDER
SNOW, ICE PELLETS, HAIL 4 = ICE PELLETS
TOTAL MONTH: 0.0 INCH 5 = HAIL
GRTST 24HR 0.0 6 = FREEZING RAIN OR DRIZZLE
GRTST DEPTH: 0 7 = DUSTSTORM OR SANDSTORM:
VSBY 1/2 MILE OR LESS
8 = SMOKE OR HAZE
[NO. OF DAYS WITH] [WEATHER - DAYS WITH] 9 = BLOWING SNOW
X = TORNADO
MAX 32 OR BELOW: 0 0.01 INCH OR MORE: 8
MAX 90 OR ABOVE: 0 0.10 INCH OR MORE: 6
MIN 32 OR BELOW: 0 0.50 INCH OR MORE: 4
MIN 0 OR BELOW: 0 1.00 INCH OR MORE: 2
[HDD (BASE 65) ]
TOTAL THIS MO. 28 CLEAR (SCALE 0-3) 8
DPTR FM NORMAL -30 PTCLDY (SCALE 4-7) 18
TOTAL FM JUL 1 28 CLOUDY (SCALE 8-10) 4
DPTR FM NORMAL -33
[CDD (BASE 65) ]
TOTAL THIS MO. 191
DPTR FM NORMAL 49 [PRESSURE DATA]
TOTAL FM JAN 1 1282 HIGHEST SLP M ON M
DPTR FM NORMAL 164 LOWEST SLP 29.71 ON 1
[REMARKS]
#FINAL-09-21#