000
CXUS53 KIND 010600
CF6IND
PRELIMINARY LOCAL CLIMATOLOGICAL DATA (WS FORM: F-6)
STATION: INDIANAPOLIS IN
MONTH: JULY
YEAR: 2020
LATITUDE: 39 43 N
LONGITUDE: 86 17 W
TEMPERATURE IN F: :PCPN: SNOW: WIND :SUNSHINE: SKY :PK WND
================================================================================
1 2 3 4 5 6A 6B 7 8 9 10 11 12 13 14 15 16 17 18
12Z AVG MX 2MIN
DY MAX MIN AVG DEP HDD CDD WTR SNW DPTH SPD SPD DIR MIN PSBL S-S WX SPD DR
================================================================================
1 90 70 80 5 0 15 0.00 0.0 0 4.9 12 80 M M 6 17 200
2 89 70 80 5 0 15 0.00 0.0 0 7.4 15 100 M M 3 23 120
3 91 69 80 5 0 15 0.00 0.0 0 5.4 13 40 M M 4 18 40
4 92 73 83 7 0 18 0.09 0.0 0 6.1 16 340 M M 6 138 21 360
5 94 72 83 7 0 18 0.00 0.0 0 3.5 18 20 M M 5 138 25 20
6 92 73 83 7 0 18 1.01 0.0 0 5.5 28 360 M M 4 138 36 350
7 91 72 82 6 0 17 0.92 0.0 0 4.3 25 100 M M 5 38 52 90
8 94 72 83 7 0 18 T 0.0 0 3.5 29 110 M M 4 38 37 100
9 91 71 81 5 0 16 0.00 0.0 0 6.6 15 180 M M 3 18 20 170
10 86 73 80 4 0 15 T 0.0 0 13.6 25 290 M M 5 35 290
11 88 66 77 1 0 12 0.01 0.0 0 8.8 33 10 M M 5 13 45 10
12 84 64 74 -2 0 9 0.48 0.0 0 7.8 36 270 M M 6 13 44 270
13 83 61 72 -4 0 7 0.00 0.0 0 7.6 14 330 M M 3 22 360
14 86 65 76 0 0 11 0.00 0.0 0 5.1 12 200 M M 4 14 200
15 88 67 78 2 0 13 0.02 0.0 0 8.7 22 180 M M 7 31 170
16 82 70 76 0 0 11 T 0.0 0 10.4 18 240 M M 8 28 240
17 89 67 78 2 0 13 0.00 0.0 0 4.7 12 210 M M 4 128 15 170
18 90 71 81 5 0 16 0.00 0.0 0 9.2 18 210 M M 5 24 210
19 88 70 79 4 0 14 0.19 0.0 0 11.5 28 340 M M 8 13 38 350
20 84 69 77 2 0 12 0.10 0.0 0 7.1 26 290 M M 9 3 36 290
21 88 69 79 4 0 14 0.50 0.0 0 6.5 28 290 M M 8 13 35 290
22 86 69 78 3 0 13 0.48 0.0 0 9.3 21 250 M M 8 13 28 250
23 86 71 79 4 0 14 0.00 0.0 0 7.7 17 280 M M 6 13 24 260
24 85 66 76 1 0 11 0.00 0.0 0 3.8 13 280 M M 4 16 310
25 89 65 77 2 0 12 0.00 0.0 0 3.7 13 260 M M 3 16 250
26 92 69 81 6 0 16 0.00 0.0 0 7.4 15 210 M M 3 20 230
27 91 73 82 7 0 17 T 0.0 0 12.4 40 280 M M 5 3 52 270
28 86 68 77 2 0 12 0.00 0.0 0 4.8 14 300 M M 4 12 20 290
29 88 66 77 2 0 12 0.00 0.0 0 4.7 12 220 M M 3 16 240
30 78 68 73 -2 0 8 1.00 0.0 0 6.8 17 120 M M 9 1 22 120
31 83 67 75 0 0 10 0.10 0.0 0 10.7 18 60 M M 8 1 23 60
================================================================================
SM 2724 2136 0 422 4.90 0.0 219.5 M 165
================================================================================
AV 87.9 68.9 7.1 FASTST M M 5 MAX(MPH)
MISC ----> 40 280 # 52 90
================================================================================
NOTES:
# LAST OF SEVERAL OCCURRENCES
COLUMN 17 PEAK WIND IN M.P.H.
PRELIMINARY LOCAL CLIMATOLOGICAL DATA (WS FORM: F-6) , PAGE 2
STATION: INDIANAPOLIS IN
MONTH: JULY
YEAR: 2020
LATITUDE: 39 43 N
LONGITUDE: 86 17 W
[TEMPERATURE DATA] [PRECIPITATION DATA] SYMBOLS USED IN COLUMN 16
AVERAGE MONTHLY: 78.4 TOTAL FOR MONTH: 4.90 1 = FOG OR MIST
DPTR FM NORMAL: 3.0 DPTR FM NORMAL: 0.35 2 = FOG REDUCING VISIBILITY
HIGHEST: 94 ON 8, 5 GRTST 24HR 1.93 ON 6- 7 TO 1/4 MILE OR LESS
LOWEST: 61 ON 13 3 = THUNDER
SNOW, ICE PELLETS, HAIL 4 = ICE PELLETS
TOTAL MONTH: 0.0 INCH 5 = HAIL
GRTST 24HR 0.0 6 = FREEZING RAIN OR DRIZZLE
GRTST DEPTH: 0 7 = DUSTSTORM OR SANDSTORM:
VSBY 1/2 MILE OR LESS
8 = SMOKE OR HAZE
[NO. OF DAYS WITH] [WEATHER - DAYS WITH] 9 = BLOWING SNOW
X = TORNADO
MAX 32 OR BELOW: 0 0.01 INCH OR MORE: 12
MAX 90 OR ABOVE: 11 0.10 INCH OR MORE: 9
MIN 32 OR BELOW: 0 0.50 INCH OR MORE: 4
MIN 0 OR BELOW: 0 1.00 INCH OR MORE: 2
[HDD (BASE 65) ]
TOTAL THIS MO. 0 CLEAR (SCALE 0-3) 4
DPTR FM NORMAL -1 PTCLDY (SCALE 4-7) 22
TOTAL FM JUL 1 0 CLOUDY (SCALE 8-10) 5
DPTR FM NORMAL 0
[CDD (BASE 65) ]
TOTAL THIS MO. 422
DPTR FM NORMAL 99 [PRESSURE DATA]
TOTAL FM JAN 1 774 HIGHEST SLP M ON M
DPTR FM NORMAL 141 LOWEST SLP 29.72 ON 12
[REMARKS]
#FINAL-07-20#